000
CXUS53 KDVN 012154
CLMBRL


CLIMATE REPORT
NATIONAL WEATHER SERVICE QUAD CITIES IA IL
349 PM CST TUE DEC 1 2015

...................................

...THE BURLINGTON IA CLIMATE SUMMARY FOR THE MONTH OF NOVEMBER 2015...

CLIMATE NORMAL PERIOD 1981 TO 2010
CLIMATE RECORD PERIOD 1897 TO 2015

WEATHER         OBSERVED          NORMAL  DEPART
                 VALUE   DATE(S)  VALUE   FROM
                                          NORMAL
................................................
TEMPERATURE (F)
RECORD
 HIGH              86   11/17/1899
 LOW               -2   11/08/1991
                        11/26/1977
                        11/29/1976
HIGHEST            73   11/02        59      14
LOWEST             12   11/22        26     -14
                        11/21
AVG. MAXIMUM     54.6              51.5     3.1
AVG. MINIMUM     36.3              33.3     3.0
MEAN             45.4              42.4     3.0
DAYS MAX >= 90      0
DAYS MAX <= 32      0
DAYS MIN <= 32     11
DAYS MIN <= 0       0

PRECIPITATION (INCHES)
TOTALS           5.98              2.50    3.48
DAILY AVG.       0.20              0.08    0.12
DAYS >= .01        13
DAYS >= .10        10
DAYS >= .50         3
DAYS >= 1.00        1
GREATEST
 24 HR. TOTAL    2.70   11/17 TO 11/17

DEGREE_DAYS
HEATING TOTAL     577               679    -102
 SINCE 7/1        917              1073    -156
COOLING TOTAL       0                 1      -1
 SINCE 1/1       1093              1207    -114
.................................................

WIND (MPH)
AVERAGE WIND SPEED              10.6
HIGHEST WIND SPEED/DIRECTION    52/250    DATE  11/11
HIGHEST GUST SPEED/DIRECTION    65/250    DATE  11/11

SKY COVER
POSSIBLE SUNSHINE (PERCENT)   MM
AVERAGE SKY COVER           0.50
NUMBER OF DAYS FAIR           13
NUMBER OF DAYS PC              7
NUMBER OF DAYS CLOUDY         10

AVERAGE RH (PERCENT)     73

WEATHER CONDITIONS. NUMBER OF DAYS WITH
THUNDERSTORM              1     HAIL                       0
SLEET                     0     FOG                       16
FOG W/VIS <= 1/4 MILE     4     HAZE                       3

-  INDICATES NEGATIVE NUMBERS.
R  INDICATES RECORD WAS SET OR TIED.
MM INDICATES DATA IS MISSING.
T  INDICATES TRACE AMOUNT.

$$
