000
CXUS53 KDVN 011559
CLMBRL


CLIMATE REPORT
NATIONAL WEATHER SERVICE QUAD CITIES IA IL
955 AM CST SUN JAN 1 2017

...................................

...THE BURLINGTON IA CLIMATE SUMMARY FOR THE MONTH OF DECEMBER 2016...

CLIMATE NORMAL PERIOD 1981 TO 2010
CLIMATE RECORD PERIOD 1897 TO 2016

WEATHER         OBSERVED          NORMAL  DEPART
                 VALUE   DATE(S)  VALUE   FROM
                                          NORMAL
................................................
TEMPERATURE (F)
RECORD
 HIGH              73   12/04/1998
 LOW              -22   12/23/1989
HIGHEST            57   12/25        43      14
LOWEST             -9   12/18        18     -27
AVG. MAXIMUM     33.8              37.2    -3.4
AVG. MINIMUM     20.9              21.0    -0.1
MEAN             27.4              29.1    -1.7
DAYS MAX >= 90      0
DAYS MAX <= 32     13
DAYS MIN <= 32     26
DAYS MIN <= 0       2

PRECIPITATION (INCHES)
TOTALS           0.98              2.09   -1.11
DAILY AVG.       0.03              0.07   -0.04
DAYS >= .01         6
DAYS >= .10         3
DAYS >= .50         1
DAYS >= 1.00        0
GREATEST
 24 HR. TOTAL    0.51   12/04

DEGREE_DAYS
HEATING TOTAL    1159              1113      46
 SINCE 7/1       1915              2186    -271
COOLING TOTAL       0                 0       0
 SINCE 1/1       1276              1207      69
.................................................

WIND (MPH)
AVERAGE WIND SPEED              9.2
HIGHEST WIND SPEED/DIRECTION    31/260    DATE  12/25
HIGHEST GUST SPEED/DIRECTION    45/310    DATE  12/29

SKY COVER
POSSIBLE SUNSHINE (PERCENT)   MM
AVERAGE SKY COVER           0.50
NUMBER OF DAYS FAIR           15
NUMBER OF DAYS PC              4
NUMBER OF DAYS CLOUDY         12

AVERAGE RH (PERCENT)     75

WEATHER CONDITIONS. NUMBER OF DAYS WITH
THUNDERSTORM              0     HAIL                       0
SLEET                     0     FOG                       11
FOG W/VIS <= 1/4 MILE     3     HAZE                       5

-  INDICATES NEGATIVE NUMBERS.
R  INDICATES RECORD WAS SET OR TIED.
MM INDICATES DATA IS MISSING.
T  INDICATES TRACE AMOUNT.

$$
