000
CXUS53 KDVN 011151
CLMBRL


CLIMATE REPORT
NATIONAL WEATHER SERVICE QUAD CITIES IA IL
549 AM CST WED JAN 1 2014

...................................

...THE BURLINGTON IA CLIMATE SUMMARY FOR THE MONTH OF DECEMBER 2013...

CLIMATE NORMAL PERIOD 1981 TO 2010
CLIMATE RECORD PERIOD 1897 TO 2013

WEATHER         OBSERVED          NORMAL  DEPART
                 VALUE   DATE(S)  VALUE   FROM
                                          NORMAL
................................................
TEMPERATURE (F)
RECORD
 HIGH              73   12/04/1998
 LOW              -22   12/23/1989
HIGHEST            55   12/04        41      14
LOWEST            -13   12/24        16     -29
AVG. MAXIMUM     32.5              37.2    -4.7
AVG. MINIMUM     14.4              21.0    -6.6
MEAN             23.4              29.1    -5.7
DAYS MAX >= 90      0
DAYS MAX <= 32     18
DAYS MIN <= 32     27
DAYS MIN <= 0       3

PRECIPITATION (INCHES)
TOTALS           1.08              2.09   -1.01
DAILY AVG.       0.03              0.07   -0.04
DAYS >= .01         6
DAYS >= .10         3
DAYS >= .50         0
DAYS >= 1.00        0
GREATEST
 24 HR. TOTAL    0.53   12/13 TO 12/14

DEGREE_DAYS
HEATING TOTAL    1280              1113     167
 SINCE 7/1       2517              2186     331
COOLING TOTAL       0                 0       0
 SINCE 1/1       1115              1207     -92
.................................................

WIND (MPH)
AVERAGE WIND SPEED              8.4
HIGHEST WIND SPEED/DIRECTION    26/200    DATE  12/18
HIGHEST GUST SPEED/DIRECTION    37/250    DATE  12/04

SKY COVER
POSSIBLE SUNSHINE (PERCENT)   MM
AVERAGE SKY COVER           0.50
NUMBER OF DAYS FAIR           11
NUMBER OF DAYS PC             11
NUMBER OF DAYS CLOUDY          9

AVERAGE RH (PERCENT)     77

WEATHER CONDITIONS. NUMBER OF DAYS WITH
THUNDERSTORM              0     HAIL                       0
SLEET                     1     FOG                       18
FOG W/VIS <= 1/4 MILE     2     HAZE                      13

-  INDICATES NEGATIVE NUMBERS.
R  INDICATES RECORD WAS SET OR TIED.
MM INDICATES DATA IS MISSING.
T  INDICATES TRACE AMOUNT.

$$
