000
CXUS53 KDVN 011625 CCA
CLMBRL

CLIMATE REPORT...RETRANSMISSION
NATIONAL WEATHER SERVICE QUAD CITIES IA IL
1025 AM CST SAT MAR 1 2014

...................................

...THE BURLINGTON IA CLIMATE SUMMARY FOR THE MONTH OF FEBRUARY 2014...

CLIMATE NORMAL PERIOD 1981 TO 2010
CLIMATE RECORD PERIOD 1897 TO 2014

WEATHER         OBSERVED          NORMAL  DEPART
                 VALUE   DATE(S)  VALUE   FROM
                                          NORMAL
................................................
TEMPERATURE (F)
RECORD
 HIGH              76   02/24/1930
 LOW              -27   02/13/1905
HIGHEST            50   02/18        41       9
LOWEST            -13   02/03        17     -30
AVG. MAXIMUM     25.8              38.9   -13.1
AVG. MINIMUM      7.4              21.3   -13.9
MEAN             16.6              30.1   -13.5
DAYS MAX >= 90      0
DAYS MAX <= 32     20
DAYS MIN <= 32     27
DAYS MIN <= 0      10

PRECIPITATION (INCHES)
TOTALS           3.29              1.62    1.67
DAILY AVG.       0.12              0.06    0.06
DAYS >= .01        11
DAYS >= .10         5
DAYS >= .50         1
DAYS >= 1.00        1
GREATEST
 24 HR. TOTAL    1.84   02/19 TO 02/20

DEGREE_DAYS
HEATING TOTAL    1348               977     371
 SINCE 7/1       5323              4378     945
COOLING TOTAL       0                 0       0
 SINCE 1/1          0                 0       0
.................................................

WIND (MPH)
AVERAGE WIND SPEED              9.0
HIGHEST WIND SPEED/DIRECTION    36/240    DATE  02/20
HIGHEST GUST SPEED/DIRECTION    47/240    DATE  02/20

SKY COVER
POSSIBLE SUNSHINE (PERCENT)   MM
AVERAGE SKY COVER           0.40
NUMBER OF DAYS FAIR           14
NUMBER OF DAYS PC              9
NUMBER OF DAYS CLOUDY          5

AVERAGE RH (PERCENT)     71

WEATHER CONDITIONS. NUMBER OF DAYS WITH
THUNDERSTORM              1     HAIL                       0
SLEET                     0     FOG                       16
FOG W/VIS <= 1/4 MILE     4     HAZE                      10

-  INDICATES NEGATIVE NUMBERS.
R  INDICATES RECORD WAS SET OR TIED.
MM INDICATES DATA IS MISSING.
T  INDICATES TRACE AMOUNT.

$$
