000
CXUS53 KDVN 010942
CLMBRL


CLIMATE REPORT
NATIONAL WEATHER SERVICE QUAD CITIES IA IL
439 AM CDT TUE NOV 1 2016

...................................

...THE BURLINGTON IA CLIMATE SUMMARY FOR THE MONTH OF OCTOBER 2016...

CLIMATE NORMAL PERIOD 1981 TO 2010
CLIMATE RECORD PERIOD 1897 TO 2016

WEATHER         OBSERVED          NORMAL  DEPART
                 VALUE   DATE(S)  VALUE   FROM
                                          NORMAL
................................................
TEMPERATURE (F)
RECORD
 HIGH              95   10/03/2006
                        10/13/1899
                        09/06/1922
 LOW               10   10/30/1925
HIGHEST            89   10/17        72      17
LOWEST             34   10/13        40      -6
AVG. MAXIMUM     69.4              66.1     3.3
AVG. MINIMUM     49.5              44.6     4.9
MEAN             59.5              55.4     4.1
DAYS MAX >= 90      0
DAYS MAX <= 32      0
DAYS MIN <= 32      0
DAYS MIN <= 0       0

PRECIPITATION (INCHES)
TOTALS           2.39              3.12   -0.73
DAILY AVG.       0.08              0.10   -0.02
DAYS >= .01         7
DAYS >= .10         5
DAYS >= .50         2
DAYS >= 1.00        0
GREATEST
 24 HR. TOTAL    1.33   10/05 TO 10/06

DEGREE_DAYS
HEATING TOTAL     207               323    -116
 SINCE 7/1        237               394    -157
COOLING TOTAL      43                24      19
 SINCE 1/1       1272              1206      66
.................................................

WIND (MPH)
AVERAGE WIND SPEED              8.1
HIGHEST WIND SPEED/DIRECTION    31/200    DATE  10/17
HIGHEST GUST SPEED/DIRECTION    43/200    DATE  10/17

SKY COVER
POSSIBLE SUNSHINE (PERCENT)   MM
AVERAGE SKY COVER           0.40
NUMBER OF DAYS FAIR           19
NUMBER OF DAYS PC              6
NUMBER OF DAYS CLOUDY          6

AVERAGE RH (PERCENT)     76

WEATHER CONDITIONS. NUMBER OF DAYS WITH
THUNDERSTORM              0     HAIL                       0
SLEET                     0     FOG                       14
FOG W/VIS <= 1/4 MILE     0     HAZE                       6

-  INDICATES NEGATIVE NUMBERS.
R  INDICATES RECORD WAS SET OR TIED.
MM INDICATES DATA IS MISSING.
T  INDICATES TRACE AMOUNT.

$$
