000
CXUS53 KDVN 011722
CLMBRL


CLIMATE REPORT
NATIONAL WEATHER SERVICE QUAD CITIES IA IL
1122 AM CST MON FEB 1 2016

...................................

...THE BURLINGTON IA CLIMATE SUMMARY FOR THE MONTH OF JANUARY 2016...

CLIMATE NORMAL PERIOD 1981 TO 2010
CLIMATE RECORD PERIOD 1897 TO 2016

WEATHER         OBSERVED          NORMAL  DEPART
                 VALUE   DATE(S)  VALUE   FROM
                                          NORMAL
................................................
TEMPERATURE (F)
RECORD
 HIGH              70   01/31/1989
 LOW              -24   01/14/1957
HIGHEST            49   01/30        36      13
                        01/14
LOWEST             -4   01/18        17     -21
AVG. MAXIMUM     32.9              34.4    -1.5
AVG. MINIMUM     17.5              17.2     0.3
MEAN             25.2              25.8    -0.6
DAYS MAX >= 90      0
DAYS MAX <= 32     13
DAYS MIN <= 32     28
DAYS MIN <= 0       3

PRECIPITATION (INCHES)
TOTALS           0.54              1.24   -0.70
DAILY AVG.       0.02              0.04   -0.02
DAYS >= .01         6
DAYS >= .10         3
DAYS >= .50         0
DAYS >= 1.00        0
GREATEST
 24 HR. TOTAL    0.30   01/07 TO 01/08

DEGREE_DAYS
HEATING TOTAL    1225              1215      10
 SINCE 7/1       2936              3401    -465
COOLING TOTAL       0                 0       0
 SINCE 1/1          0                 0       0
.................................................

WIND (MPH)
AVERAGE WIND SPEED              9.2
HIGHEST WIND SPEED/DIRECTION    30/320    DATE  01/12
HIGHEST GUST SPEED/DIRECTION    46/300    DATE  01/12

SKY COVER
POSSIBLE SUNSHINE (PERCENT)   MM
AVERAGE SKY COVER           0.40
NUMBER OF DAYS FAIR           16
NUMBER OF DAYS PC              9
NUMBER OF DAYS CLOUDY          6

AVERAGE RH (PERCENT)     79

WEATHER CONDITIONS. NUMBER OF DAYS WITH
THUNDERSTORM              0     HAIL                       0
SLEET                     0     FOG                       15
FOG W/VIS <= 1/4 MILE     2     HAZE                       9

-  INDICATES NEGATIVE NUMBERS.
R  INDICATES RECORD WAS SET OR TIED.
MM INDICATES DATA IS MISSING.
T  INDICATES TRACE AMOUNT.

$$
