000
CXUS53 KDVN 012025
CLMBRL


CLIMATE REPORT
NATIONAL WEATHER SERVICE QUAD CITIES IA IL
322 PM CDT FRI NOV 1 2013

...................................

...THE BURLINGTON IA CLIMATE SUMMARY FOR THE MONTH OF OCTOBER 2013...

CLIMATE NORMAL PERIOD 1981 TO 2010
CLIMATE RECORD PERIOD 1897 TO 2013

WEATHER         OBSERVED          NORMAL  DEPART
                 VALUE   DATE(S)  VALUE   FROM
                                          NORMAL
................................................
TEMPERATURE (F)
RECORD
 HIGH              95   10/03/2006
                        10/13/1899
                        09/06/1922
 LOW               10   10/30/1925
HIGHEST            86   10/04        71      15
LOWEST             23   10/25        39     -16
AVG. MAXIMUM     64.9              66.1    -1.2
AVG. MINIMUM     42.8              44.6    -1.8
MEAN             53.8              55.4    -1.6
DAYS MAX >= 90      0
DAYS MAX <= 32      0
DAYS MIN <= 32      7
DAYS MIN <= 0       0

PRECIPITATION (INCHES)
TOTALS           2.99              3.12   -0.13
DAILY AVG.       0.10              0.10    0.00
DAYS >= .01        10
DAYS >= .10         5
DAYS >= .50         1
DAYS >= 1.00        1
GREATEST
 24 HR. TOTAL    2.30   10/30 TO 10/31

DEGREE_DAYS
HEATING TOTAL     372               323      49
 SINCE 7/1        424               394      30
COOLING TOTAL      33                24       9
 SINCE 1/1       1115              1206     -91
.................................................

WIND (MPH)
AVERAGE WIND SPEED              7.5
HIGHEST WIND SPEED/DIRECTION    24/150    DATE  10/30
HIGHEST GUST SPEED/DIRECTION    36/180    DATE  10/30

SKY COVER
POSSIBLE SUNSHINE (PERCENT)   MM
AVERAGE SKY COVER           0.40
NUMBER OF DAYS FAIR           14
NUMBER OF DAYS PC             11
NUMBER OF DAYS CLOUDY          6

AVERAGE RH (PERCENT)     69

WEATHER CONDITIONS. NUMBER OF DAYS WITH
THUNDERSTORM              2     HAIL                       0
SLEET                     0     FOG                       13
FOG W/VIS <= 1/4 MILE     2     HAZE                       9

-  INDICATES NEGATIVE NUMBERS.
R  INDICATES RECORD WAS SET OR TIED.
MM INDICATES DATA IS MISSING.
T  INDICATES TRACE AMOUNT.

$$
