000
CXUS53 KDVN 011250
CLMBRL


CLIMATE REPORT
NATIONAL WEATHER SERVICE QUAD CITIES IA IL
648 AM CST TUE MAR 1 2016

...................................

...THE BURLINGTON IA CLIMATE SUMMARY FOR THE MONTH OF FEBRUARY 2016...

CLIMATE NORMAL PERIOD 1981 TO 2010
CLIMATE RECORD PERIOD 1897 TO 2016

WEATHER         OBSERVED          NORMAL  DEPART
                 VALUE   DATE(S)  VALUE   FROM
                                          NORMAL
................................................
TEMPERATURE (F)
RECORD
 HIGH              76   02/24/1930
 LOW              -27   02/13/1905
HIGHEST            65   02/29        44      21
LOWEST              4   02/13        18     -14
AVG. MAXIMUM     40.4              38.9     1.5
AVG. MINIMUM     23.8              21.3     2.5
MEAN             32.1              30.1     2.0
DAYS MAX >= 90      0
DAYS MAX <= 32      8
DAYS MIN <= 32     24
DAYS MIN <= 0       0

PRECIPITATION (INCHES)
TOTALS           0.84              1.62   -0.78
DAILY AVG.       0.03                MM      MM
DAYS >= .01         4
DAYS >= .10         2
DAYS >= .50         1
DAYS >= 1.00        0
GREATEST
 24 HR. TOTAL    0.69   02/02 TO 02/02
                        02/01 TO 02/02
                        02/02 TO 02/02

DEGREE_DAYS
HEATING TOTAL     946               977     -31
 SINCE 7/1       3882              4408    -526
COOLING TOTAL       0                 0       0
 SINCE 1/1          0                 0       0
.................................................

WIND (MPH)
AVERAGE WIND SPEED              9.9
HIGHEST WIND SPEED/DIRECTION    33/360    DATE  02/24
HIGHEST GUST SPEED/DIRECTION    46/250    DATE  02/19

SKY COVER
POSSIBLE SUNSHINE (PERCENT)   MM
AVERAGE SKY COVER           0.50
NUMBER OF DAYS FAIR           13
NUMBER OF DAYS PC              7
NUMBER OF DAYS CLOUDY          9

AVERAGE RH (PERCENT)     74

WEATHER CONDITIONS. NUMBER OF DAYS WITH
THUNDERSTORM              1     HAIL                       0
SLEET                     0     FOG                       18
FOG W/VIS <= 1/4 MILE     6     HAZE                       9

-  INDICATES NEGATIVE NUMBERS.
R  INDICATES RECORD WAS SET OR TIED.
MM INDICATES DATA IS MISSING.
T  INDICATES TRACE AMOUNT.

$$
