000
CXUS53 KDVN 011129
CLMBRL


CLIMATE REPORT
NATIONAL WEATHER SERVICE QUAD CITIES IA IL
524 AM CST SUN NOV 1 2015

...................................

...THE BURLINGTON IA CLIMATE SUMMARY FOR THE MONTH OF OCTOBER 2015...

CLIMATE NORMAL PERIOD 1981 TO 2010
CLIMATE RECORD PERIOD 1897 TO 2015

WEATHER         OBSERVED          NORMAL  DEPART
                 VALUE   DATE(S)  VALUE   FROM
                                          NORMAL
................................................
TEMPERATURE (F)
RECORD
 HIGH              95   10/03/2006
                        10/13/1899
                        09/06/1922
 LOW               10   10/30/1925
HIGHEST            83   10/08        72      11
LOWEST             30   10/30        40     -10
                        10/17
AVG. MAXIMUM     66.3              66.1     0.2
AVG. MINIMUM     45.3              44.6     0.7
MEAN             55.8              55.4     0.4
DAYS MAX >= 90      0
DAYS MAX <= 32      0
DAYS MIN <= 32      3
DAYS MIN <= 0       0

PRECIPITATION (INCHES)
TOTALS           2.07              3.12   -1.05
DAILY AVG.       0.07              0.10   -0.03
DAYS >= .01         7
DAYS >= .10         4
DAYS >= .50         2
DAYS >= 1.00        0
GREATEST
 24 HR. TOTAL    1.11   10/27 TO 10/28

DEGREE_DAYS
HEATING TOTAL     294               323     -29
 SINCE 7/1        340               394     -54
COOLING TOTAL      14                24     -10
 SINCE 1/1       1093              1206    -113
.................................................

WIND (MPH)
AVERAGE WIND SPEED              8.8
HIGHEST WIND SPEED/DIRECTION    26/200    DATE  10/19
HIGHEST GUST SPEED/DIRECTION    35/290    DATE  10/28

SKY COVER
POSSIBLE SUNSHINE (PERCENT)   MM
AVERAGE SKY COVER           0.30
NUMBER OF DAYS FAIR           19
NUMBER OF DAYS PC              7
NUMBER OF DAYS CLOUDY          5

AVERAGE RH (PERCENT)     67

WEATHER CONDITIONS. NUMBER OF DAYS WITH
THUNDERSTORM              0     HAIL                       0
SLEET                     0     FOG                       15
FOG W/VIS <= 1/4 MILE     2     HAZE                      14

-  INDICATES NEGATIVE NUMBERS.
R  INDICATES RECORD WAS SET OR TIED.
MM INDICATES DATA IS MISSING.
T  INDICATES TRACE AMOUNT.

$$
