000
CXUS53 KDVN 011713
CLMBRL


CLIMATE REPORT
NATIONAL WEATHER SERVICE QUAD CITIES IA IL
1056 AM CST SUN JAN 1 2017

...................................

...THE BURLINGTON IA CLIMATE SUMMARY FOR THE YEAR OF 2016...

CLIMATE NORMAL PERIOD 1981 TO 2010
CLIMATE RECORD PERIOD 1897 TO 2016

WEATHER         OBSERVED          NORMAL  DEPART
                 VALUE   DATE(S)  VALUE   FROM
                                          NORMAL
................................................
TEMPERATURE (F)
RECORD
 HIGH             111   07/15/1936
                        07/14/1936
 LOW              -27   02/13/1905
HIGHEST            95   06/15        87       8
LOWEST             -9   12/18        17     -26
AVG. MAXIMUM     63.1              62.8     0.3
AVG. MINIMUM     44.8              43.1     1.7
MEAN             54.0              53.0     1.0
DAYS MAX >= 90     20
DAYS MAX <= 32     34
DAYS MIN <= 32    104
DAYS MIN <= 0       5

PRECIPITATION (INCHES)
TOTALS          32.60             38.48   -5.88
DAILY AVG.       0.09              0.11   -0.02
DAYS >= .01       101
DAYS >= .10        64
DAYS >= .50        23
DAYS >= 1.00        6
GREATEST
 24 HR. TOTAL    2.95   09/07 TO 09/08

DEGREE_DAYS
HEATING TOTAL    5200              5599    -399
 SINCE 7/1       1915              2186    -271
COOLING TOTAL    1276              1209      67
 SINCE 1/1       1276              1207      69
.................................................

WIND (MPH)
AVERAGE WIND SPEED              8.3
HIGHEST WIND SPEED/DIRECTION    37/040    DATE  08/04
HIGHEST GUST SPEED/DIRECTION    50/320    DATE  04/02

SKY COVER
POSSIBLE SUNSHINE (PERCENT)   MM
AVERAGE SKY COVER           0.40
NUMBER OF DAYS FAIR          211
NUMBER OF DAYS PC             94
NUMBER OF DAYS CLOUDY         61

AVERAGE RH (PERCENT)     75

WEATHER CONDITIONS. NUMBER OF DAYS WITH
THUNDERSTORM             59     HAIL                       0
SLEET                     0     FOG                      198
FOG W/VIS <= 1/4 MILE    28     HAZE                      92

-  INDICATES NEGATIVE NUMBERS.
R  INDICATES RECORD WAS SET OR TIED.
MM INDICATES DATA IS MISSING.
T  INDICATES TRACE AMOUNT.

$$

NOTE: SUPPLEMENTAL CLIMATE DATA WAS USED FROM A NEARBY
CLIMATOLOGICALLY REPRESENTATIVE STATION.
