000
CXUS53 KDVN 011624
CLSBRL
CLIMATE REPORT
NATIONAL WEATHER SERVICE QUAD CITIES IA IL
1035 AM CST FRI DEC 01 2023
...................................
...THE BURLINGTON IA CLIMATE SUMMARY FOR THE SEASON, FROM
9/1/2023 TO 11/30/2023...
CLIMATE NORMAL PERIOD 1991 TO 2020
CLIMATE RECORD PERIOD 1897 TO 2023
WEATHER OBSERVED NORMAL DEPART LAST YEAR`S
VALUE DATE(S) VALUE FROM VALUE
NORMAL
..............................................................
TEMPERATURE (F)
RECORD
HIGH 103 09/01/1913
09/05/1899
LOW -2 11/08/1991
11/26/1977
11/29/1976
HIGHEST 92 09/04 83 9
LOWEST 5 11/28 26 -21
AVG. MAXIMUM 65.7 63.9 1.8
AVG. MINIMUM 44.6 44.0 0.6
MEAN 55.2 54.0 1.2
DAYS MAX >= 90 3
DAYS MAX <= 32 3
DAYS MIN <= 32 21
DAYS MIN <= 0 0
PRECIPITATION (INCHES)
TOTALS 4.82 8.91 -4.09
DAILY AVG. 0.05 0.10 -0.05
DAYS >= .01 19
DAYS >= .10 12
DAYS >= .50 4
DAYS >= 1.00 0
GREATEST
24 HR. TOTAL 0.80 10/13 TO 10/13
DEGREE DAYS
HEATING TOTAL 1035 1149 -114
SINCE 7/1 1036 1155 -119
COOLING TOTAL 164 147 17
SINCE 1/1 1035 1083 -48
..............................................................
WIND (MPH)
AVERAGE WIND SPEED 7.1
HIGHEST WIND SPEED/DIRECTION 25/320 DATE 10/31
25/200 11/16
HIGHEST GUST SPEED/DIRECTION 46/290 DATE 10/06
SKY COVER
POSSIBLE SUNSHINE (PERCENT) MM
AVERAGE SKY COVER 0.30
NUMBER OF DAYS FAIR 61
NUMBER OF DAYS PC 17
NUMBER OF DAYS CLOUDY 13
AVERAGE RH (PERCENT) 71
WEATHER CONDITIONS. NUMBER OF DAYS WITH
THUNDERSTORM 6 HAIL 0
SLEET 0 FOG 42
FOG W/VIS <= 1/4 MILE 5 HAZE 35
- INDICATES NEGATIVE NUMBERS.
R INDICATES RECORD WAS SET OR TIED.
MM INDICATES DATA IS MISSING.
T INDICATES TRACE AMOUNT.
$$
NOTE: SUPPLEMENTAL CLIMATE DATA WAS USED FROM A NEARBY
CLIMATOLOGICALLY REPRESENTATIVE STATION.