000
CXUS53 KDVN 011131
CLSBRL
CLIMATE REPORT
NATIONAL WEATHER SERVICE QUAD CITIES IA IL
531 AM CST WED MAR 01 2023
...................................
...THE BURLINGTON IA CLIMATE SUMMARY FOR THE SEASON, FROM
12/1/2022 TO 2/28/2023...
CLIMATE NORMAL PERIOD 1991 TO 2020
CLIMATE RECORD PERIOD 1897 TO 2023
WEATHER OBSERVED NORMAL DEPART
VALUE DATE(S) VALUE FROM
NORMAL
..............................................................
TEMPERATURE (F)
RECORD
HIGH 76 02/24/1930
LOW -27 02/13/1905
HIGHEST 66 12/29 44 22
LOWEST -10 12/22 17 -27
12/23
AVG. MAXIMUM 39.1 35.6 3.5
AVG. MINIMUM 22.3 19.7 2.6
MEAN 30.7 27.7 3.0
DAYS MAX >= 90 0
DAYS MAX <= 32 28
DAYS MIN <= 32 75
DAYS MIN <= 0 6
PRECIPITATION (INCHES)
TOTALS 4.91 5.01 -0.10
DAILY AVG. 0.06 0.06 0.00
DAYS >= .01 20
DAYS >= .10 10
DAYS >= .50 4
DAYS >= 1.00 1
GREATEST
24 HR. TOTAL 1.18 02/08 TO 02/09
DEGREE DAYS
HEATING TOTAL 3076 3361 -285
SINCE 7/1 4261 4517 -256
COOLING TOTAL 0 0 0
SINCE 1/1 0 0 0
..............................................................
WIND (MPH)
AVERAGE WIND SPEED 9.6
HIGHEST WIND SPEED/DIRECTION 31/210 DATE 12/02
31/240 02/15
HIGHEST GUST SPEED/DIRECTION 52/330 DATE 12/03
SKY COVER
AVERAGE SKY COVER 0.54
NUMBER OF DAYS FAIR 32
NUMBER OF DAYS PC 20
NUMBER OF DAYS CLOUDY 38
AVERAGE RH (PERCENT) 74
WEATHER CONDITIONS. NUMBER OF DAYS WITH
THUNDERSTORM 1 HAIL 0
SLEET 0 FOG 43
FOG W/VIS <= 1/4 MILE 10 HAZE 26
- INDICATES NEGATIVE NUMBERS.
R INDICATES RECORD WAS SET OR TIED.
MM INDICATES DATA IS MISSING.
T INDICATES TRACE AMOUNT.
$$