000
CXAK56 PAFG 040958
CF6BRW
PRELIMINARY LOCAL CLIMATOLOGICAL DATA (WS FORM: F-6)
STATION: UTQIAGVIK (BARROW) AK
MONTH: JULY
YEAR: 2022
LATITUDE: 71 17 N
LONGITUDE: 156 47 W
TEMPERATURE IN F: :PCPN: SNOW: WIND :SUNSHINE: SKY :PK WND
================================================================================
1 2 3 4 5 6A 6B 7 8 9 10 11 12 13 14 15 16 17 18
12Z AVG MX 2MIN
DY MAX MIN AVG DEP HDD CDD WTR SNW DPTH SPD SPD DIR MIN PSBL S-S WX SPD DR
================================================================================
1 55 39 47 5 18 0 0.00 M M 10.0 17 50 M M 0 19 50
2 51 39 45 3 20 0 0.00 M M 12.6 17 80 M M 1 20 80
3 51 38 45 3 20 0 0.00 M M 10.4 15 100 M M 4 128 17 100
4 44 37 41 -1 24 0 0.00 M M 8.2 16 20 M M 9 128 17 30
5 55 36 46 4 19 0 0.03 M M 4.9 12 230 M M 8 12 12 240
6 60 41 51 9 14 0 T M M 8.6 17 110 M M 7 12 20 110
7 49 40 45 3 20 0 0.04 M M 8.1 16 110 M M 9 18 20 110
8 47 38 43 1 22 0 0.00 M M 10.9 17 80 M M 6 12 19 90
9 60 37 49 7 16 0 0.00 M M 12.0 17 120 M M 3 1 20 130
10 63 41 52 10 13 0 0.00 M M 6.8 16 250 M M 1 12 19 250
11 44 35 40 -3 25 0 0.00 M M 14.4 22 270 M M 10 12 26 250
12 40 36 38 -5 27 0 0.03 M M 10.0 13 10 M M 10 17 20
13 44 34 39 -4 26 0 0.01 M M 11.6 18 300 M M 7 1 25 330
14 37 31 34 -9 31 0 T M M 9.3 14 290 M M 9 18 17 290
15 41 33 37 -6 28 0 T M M 9.8 16 280 M M 10 18 20 280
16 45 33 39 -3 26 0 0.00 M M 9.6 21 80 M M 9 1 24 70
17 44 35 40 -2 25 0 0.01 M M 15.9 22 90 M M 6 12 26 80
18 46 35 41 -1 24 0 0.01 M M 16.0 26 280 M M 10 12 32 280
19 47 34 41 -1 24 0 0.00 M M 10.5 20 60 M M 2 22 70
20 57 35 46 4 19 0 0.00 M M 11.0 20 80 M M 1 24 80
21 46 37 42 0 23 0 0.00 M M 22.5 31 70 M M 4 128 36 70
22 43 36 40 -2 25 0 0.00 M M 12.7 18 50 M M 10 128 23 50
23 40 34 37 -5 28 0 0.00 M M 11.1 15 20 M M 10 128 18 40
24 45 36 41 -1 24 0 0.00 M M 7.6 16 70 M M 10 12 19 70
25 40 35 38 -4 27 0 0.01 M M 24.8 36 70 M M 10 12 42 70
26 36 35 36 -6 29 0 1.42 M M 17.1 33 70 M M 10 1 38 70
27 34 33 34 -8 31 0 0.07 M M 14.7 20 280 M M 10 18 24 280
28 36 33 35 -7 30 0 0.01 M M 14.2 18 310 M M 10 18 22 310
29 38 31 35 -7 30 0 T M M 6.9 14 300 M M 10 128 16 310
30 36 31 34 -8 31 0 0.00 M M 6.2 10 10 M M 10 128 13 10
31 38 31 35 -7 30 0 T M M 7.8 13 50 M M 10 18 15 70
================================================================================
SM 1412 1099 749 0 1.64 M 356.2 M 226
================================================================================
AV 45.5 35.5 11.5 FASTST M M 7 MAX(MPH)
MISC ----> 36 70 42 70
================================================================================
NOTES:
# LAST OF SEVERAL OCCURRENCES
COLUMN 17 PEAK WIND IN M.P.H.
PRELIMINARY LOCAL CLIMATOLOGICAL DATA (WS FORM: F-6) , PAGE 2
STATION: UTQIAGVIK (BARROW) AK
MONTH: JULY
YEAR: 2022
LATITUDE: 71 17 N
LONGITUDE: 156 47 W
[TEMPERATURE DATA] [PRECIPITATION DATA] SYMBOLS USED IN COLUMN 16
AVERAGE MONTHLY: 40.5 TOTAL FOR MONTH: 1.64 1 = FOG OR MIST
DPTR FM NORMAL: -1.7 DPTR FM NORMAL: 0.66 2 = FOG REDUCING VISIBILITY
HIGHEST: 63 ON 10 GRTST 24HR 1.42 ON 26-26 TO 1/4 MILE OR LESS
LOWEST: 31 ON 31,30 3 = THUNDER
SNOW, ICE PELLETS, HAIL 4 = ICE PELLETS
TOTAL MONTH: M 5 = HAIL
GRTST 24HR M ON M 6 = FREEZING RAIN OR DRIZZLE
GRTST DEPTH: M ON M 7 = DUSTSTORM OR SANDSTORM:
VSBY 1/2 MILE OR LESS
8 = SMOKE OR HAZE
[NO. OF DAYS WITH] [WEATHER - DAYS WITH] 9 = BLOWING SNOW
X = TORNADO
MAX 32 OR BELOW: 0 0.01 INCH OR MORE: 10
MAX 90 OR ABOVE: 0 0.10 INCH OR MORE: 1
MIN 32 OR BELOW: 4 0.50 INCH OR MORE: 1
MIN 0 OR BELOW: 0 1.00 INCH OR MORE: 1
[HDD (BASE 65) ]
TOTAL THIS MO. 749 CLEAR (SCALE 0-3) 5
DPTR FM NORMAL 42 PTCLDY (SCALE 4-7) 8
TOTAL FM JUL 1 749 CLOUDY (SCALE 8-10) 18
DPTR FM NORMAL 45
[CDD (BASE 65) ]
TOTAL THIS MO. 0
DPTR FM NORMAL 0 [PRESSURE DATA]
TOTAL FM JAN 1 0 HIGHEST SLP 30.19 ON 29
DPTR FM NORMAL 0 LOWEST SLP 29.30 ON 18
[REMARKS]
#FINAL-07-22#