000
CXUS53 KGRR 011305
CLMBTL
CLIMATE REPORT
NATIONAL WEATHER SERVICE GRAND RAPIDS, MICHIGAN
905 AM EDT FRI SEP 01 2023
...................................
...THE BATTLE CREEK CLIMATE SUMMARY FOR THE MONTH OF AUGUST 2023...
CLIMATE NORMAL PERIOD: 1991 TO 2020
CLIMATE RECORD PERIOD: 1895 TO 2023
WEATHER OBSERVED NORMAL DEPART LAST YEAR`S
VALUE DATE(S) VALUE FROM VALUE DATE(S)
NORMAL
................................................................
TEMPERATURE (F)
RECORD
HIGH 103 08/06/1918
LOW 37 08/28/1986
HIGHEST 92 08/23 MM MM 94 08/03
08/24
LOWEST 47 08/31 MM MM 53 08/12
AVG. MAXIMUM 80.1 80.9 -0.8 81.9
AVG. MINIMUM 60.0 60.8 -0.8 62.1
MEAN 70.0 70.8 -0.8 72.0
DAYS MAX >= 90 2 1.7 0.3 2
DAYS MAX <= 32 0 0.0 0.0 0
DAYS MIN <= 32 0 0.0 0.0 0
DAYS MIN <= 0 0 0.0 0.0 0
PRECIPITATION (INCHES)
RECORD
MAXIMUM 11.02 1975
MINIMUM 0.20 1976
TOTALS 2.77 3.36 -0.59 5.02
DAILY AVG. 0.09 0.11 -0.02 0.16
DAYS >= .01 10 11.0 -1.0 10
DAYS >= .10 5 6.0 -1.0 8
DAYS >= .50 3 2.3 0.7 4
DAYS >= 1.00 1 0.8 0.2 1
GREATEST
24 HR. TOTAL 1.25 08/14 TO 08/15
DEGREE DAYS
HEATING TOTAL 8 12 -4 7
SINCE 7/1 8 12 -4 MM
COOLING TOTAL 170 193 -23 233
SINCE 1/1 613 635 -22 MM
................................................................
WIND (MPH)
AVERAGE WIND SPEED 6.9
RESULTANT WIND SPEED/DIRECTION 1/270
HIGHEST WIND SPEED/DIRECTION 31/250 DATE 08/24
HIGHEST GUST SPEED/DIRECTION 40/250 DATE 08/24
SKY COVER
POSSIBLE SUNSHINE (PERCENT) MM
AVERAGE SKY COVER 0.30
NUMBER OF DAYS FAIR 20
NUMBER OF DAYS PC 8
NUMBER OF DAYS CLOUDY 3
AVERAGE RH (PERCENT) 72
WEATHER CONDITIONS. NUMBER OF DAYS WITH
THUNDERSTORM 5 MIXED PRECIP 0
HEAVY RAIN 3 RAIN 5
LIGHT RAIN 10 FREEZING RAIN 0
LT FREEZING RAIN 0 HAIL 0
HEAVY SNOW 0 SNOW 0
LIGHT SNOW 0 SLEET 0
FOG 12 FOG W/VIS <= 1/4 MILE 1
HAZE 5
- INDICATES NEGATIVE NUMBERS.
R INDICATES RECORD WAS SET OR TIED.
MM INDICATES DATA IS MISSING.
T INDICATES TRACE AMOUNT.
$$