000
CXUS55 KMSO 011000
CF6BTM
PRELIMINARY LOCAL CLIMATOLOGICAL DATA (WS FORM: F-6)
STATION: BUTTE MT
MONTH: NOVEMBER
YEAR: 2022
LATITUDE: 45 57 N
LONGITUDE: 112 30 W
TEMPERATURE IN F: :PCPN: SNOW: WIND :SUNSHINE: SKY :PK WND
================================================================================
1 2 3 4 5 6A 6B 7 8 9 10 11 12 13 14 15 16 17 18
12Z AVG MX 2MIN
DY MAX MIN AVG DEP HDD CDD WTR SNW DPTH SPD SPD DIR MIN PSBL S-S WX SPD DR
================================================================================
1 59 33 46 12 19 0 0.00 M M 11.6 29 170 M M 2 40 170
2 48 24 36 2 29 0 0.08 M M 9.7 35 150 M M 7 1 46 240
3 33 17 25 -8 40 0 0.00 M M 4.2 15 280 M M 5 8 20 250
4 42 27 35 2 30 0 0.00 M M 6.8 17 250 M M 10 27 240
5 45 24 35 3 30 0 0.16 M M 13.1 36 290 M M 6 18 56 310
6 36 13 25 -7 40 0 T M M 8.8 24 160 M M 5 1 41 150
7 28 16 22 -9 43 0 0.02 M M 8.9 25 170 M M 9 1 39 140
8 22 11 17 -14 48 0 0.05 M M 6.3 22 170 M M 8 1 26 160
9 16 7 12 -19 53 0 0.05 M M 6.6 24 150 M M 10 18 29 150
10 23 -7 8 -22 57 0 0.01 M M 2.4 10 340 M M 6 1 13 320
11 23 -12 6 -24 59 0 0.00 M M 1.9 8 150 M M 3 128 9 150
12 30 -6 12 -17 53 0 0.00 M M 2.3 8 150 M M 0 9 150
13 27 -1 13 -16 52 0 T M M 1.7 8 300 M M 9 1 11 300
14 26 12 19 -9 46 0 0.01 M M 2.6 12 300 M M 8 18 14 310
15 26 2 14 -14 51 0 T M M 2.7 9 320 M M 6 18 11 310
16 32 2 17 -11 48 0 0.01 M M 3.5 16 350 M M 6 1 26 330
17 21 -16 3 -24 62 0 T M M 7.5 18 340 M M 5 29 340
18 13 -22 -4 -31 69 0 0.00 M M 3.2 8 160 M M 0 9 150
19 26 -15 6 -20 59 0 0.00 M M 2.7 8 150 M M 0 8 9 140
20 28 -9 10 -16 55 0 0.00 M M 2.3 7 150 M M 0 8 140
21 30 -3 14 -12 51 0 0.00 M M 1.1 8 130 M M 4 9 130
22 38 5 22 -3 43 0 T M M 2.3 12 260 M M 3 20 250
23 36 6 21 -4 44 0 0.01 M M 8.1 23 310 M M 8 1 32 320
24 32 2 17 -7 48 0 0.00 M M 1.5 8 110 M M 0 9 100
25 44 6 25 1 40 0 0.00 M M 3.4 14 10 M M 0 19 10
26 42 8 25 1 40 0 T M M 5.1 15 310 M M 5 1 20 300
27 37 7 22 -1 43 0 0.01 M M 10.1 25 330 M M 7 128 40 260
28 19 -7 6 -17 59 0 T M M 4.3 21 160 M M 1 18 25 170
29 11 -11 0 -22 65 0 0.02 M M 3.0 14 130 M M 6 128 19 160
30 31 -11 10 -12 55 0 0.00 M M 5.2 18 200 M M 5 18 28 200
================================================================================
SM 924 102 1431 0 0.43 M 152.9 M 144
================================================================================
AV 30.8 3.4 5.1 FASTST M M 5 MAX(MPH)
MISC ----> 36 290 56 310
================================================================================
NOTES:
# LAST OF SEVERAL OCCURRENCES
COLUMN 17 PEAK WIND IN M.P.H.
PRELIMINARY LOCAL CLIMATOLOGICAL DATA (WS FORM: F-6) , PAGE 2
STATION: BUTTE MT
MONTH: NOVEMBER
YEAR: 2022
LATITUDE: 45 57 N
LONGITUDE: 112 30 W
[TEMPERATURE DATA] [PRECIPITATION DATA] SYMBOLS USED IN COLUMN 16
AVERAGE MONTHLY: 17.1 TOTAL FOR MONTH: 0.43 1 = FOG OR MIST
DPTR FM NORMAL: -10.7 DPTR FM NORMAL: -0.17 2 = FOG REDUCING VISIBILITY
HIGHEST: 59 ON 1 GRTST 24HR 0.16 ON 5- 5 TO 1/4 MILE OR LESS
LOWEST: -22 ON 18 3 = THUNDER
SNOW, ICE PELLETS, HAIL 4 = ICE PELLETS
TOTAL MONTH: M 5 = HAIL
GRTST 24HR M ON M 6 = FREEZING RAIN OR DRIZZLE
GRTST DEPTH: M ON M 7 = DUSTSTORM OR SANDSTORM:
VSBY 1/2 MILE OR LESS
8 = SMOKE OR HAZE
[NO. OF DAYS WITH] [WEATHER - DAYS WITH] 9 = BLOWING SNOW
X = TORNADO
MAX 32 OR BELOW: 19 0.01 INCH OR MORE: 11
MAX 90 OR ABOVE: 0 0.10 INCH OR MORE: 1
MIN 32 OR BELOW: 29 0.50 INCH OR MORE: 0
MIN 0 OR BELOW: 12 1.00 INCH OR MORE: 0
[HDD (BASE 65) ]
TOTAL THIS MO. 1431 CLEAR (SCALE 0-3) 9
DPTR FM NORMAL 317 PTCLDY (SCALE 4-7) 17
TOTAL FM JUL 1 2350 CLOUDY (SCALE 8-10) 4
DPTR FM NORMAL -106
[CDD (BASE 65) ]
TOTAL THIS MO. 0
DPTR FM NORMAL 0 [PRESSURE DATA]
TOTAL FM JAN 1 177 HIGHEST SLP 30.90 ON 18
DPTR FM NORMAL 94 LOWEST SLP 29.23 ON 5
[REMARKS]
#FINAL-11-22#