000
CXUS54 KLIX 012138 CCA
CLMBTR
CLIMATE REPORT
NATIONAL WEATHER SERVICE NEW ORLEANS
930 AM CDT WED NOV 01 2023
...................................
...THE BATON ROUGE CLIMATE SUMMARY FOR THE MONTH OF OCTOBER 2023...
CLIMATE NORMAL PERIOD: 1991 TO 2020
CLIMATE RECORD PERIOD: 1894 TO 2023
WEATHER OBSERVED NORMAL DEPART LAST YEAR`S
VALUE DATE(S) VALUE FROM VALUE DATE(S)
NORMAL
................................................................
TEMPERATURE (F)
RECORD
HIGH 98 10/01/1904
LOW 30 10/31/1993
HIGHEST 95 10/01 MM MM 90 10/07
10/12
LOWEST 44 10/31 MM MM 34 10/19
AVG. MAXIMUM 83.9 80.9 3.0 81.9
AVG. MINIMUM 59.4 58.1 1.3 53.8
MEAN 71.7 69.5 2.2 67.9
DAYS MAX >= 90 7 2.6 4.4 MM
DAYS MAX <= 32 0 0.0 0.0 MM
DAYS MIN <= 32 0 0.0 0.0 MM
DAYS MIN <= 0 0 0.0 0.0 MM
PRECIPITATION (INCHES)
RECORD
MAXIMUM 15.13 2015
MINIMUM T 1978
TOTALS 1.47 4.84 -3.37 0.38
DAILY AVG. 0.05 0.16 -0.11 0.01
DAYS >= .01 2 7.3 -5.3 MM
DAYS >= .10 1 5.0 -4.0 MM
DAYS >= .50 1 2.5 -1.5 MM
DAYS >= 1.00 1 1.5 -0.5 MM
GREATEST
24 HR. TOTAL 1.43 10/11 TO 10/11
SNOWFALL (INCHES)
RECORDS
TOTAL MM MM
24 HR TOTAL MM
SNOW DEPTH MM MM
TOTALS 0.0 0.0 0.0 0.0
SINCE 7/1 0.0 0.0 0.0 MM
SNOWDEPTH AVG. MM MM
DAYS >= TRACE 0 0.0 0.0 MM
DAYS >= 1.0 0 0.0 0.0 MM
GREATEST
SNOW DEPTH MM MM MM
24 HR TOTAL MM MM
DEGREE DAYS
HEATING TOTAL 32 45 -13 48
SINCE 7/1 32 45 -13 MM
COOLING TOTAL 246 184 62 142
SINCE 1/1 3801 2754 1047 MM
................................................................
WIND (MPH)
AVERAGE WIND SPEED 6.3
HIGHEST WIND SPEED/DIRECTION 22/080 DATE 10/11
HIGHEST GUST SPEED/DIRECTION 31/080 DATE 10/11
SKY COVER
POSSIBLE SUNSHINE (PERCENT) MM
AVERAGE SKY COVER 0.26
NUMBER OF DAYS FAIR 20
NUMBER OF DAYS PC 9
NUMBER OF DAYS CLOUDY 2
AVERAGE RH (PERCENT) 67
WEATHER CONDITIONS. NUMBER OF DAYS WITH
THUNDERSTORM 0 MIXED PRECIP 0
HEAVY RAIN 1 RAIN 2
LIGHT RAIN 5 FREEZING RAIN 0
LT FREEZING RAIN 0 HAIL 0
HEAVY SNOW 0 SNOW 0
LIGHT SNOW 0 SLEET 0
FOG 13 FOG W/VIS <= 1/4 MILE 5
HAZE 7
- INDICATES NEGATIVE NUMBERS.
R INDICATES RECORD WAS SET OR TIED.
MM INDICATES DATA IS MISSING.
T INDICATES TRACE AMOUNT.
$$