000
CXAK56 PAFG 020054
CF6BTT
PRELIMINARY LOCAL CLIMATOLOGICAL DATA (WS FORM: F-6)
STATION: BETTLES AK
MONTH: JUNE
YEAR: 2021
LATITUDE: 66 55 N
LONGITUDE: 151 31 W
TEMPERATURE IN F: :PCPN: SNOW: WIND :SUNSHINE: SKY :PK WND
================================================================================
1 2 3 4 5 6A 6B 7 8 9 10 11 12 13 14 15 16 17 18
12Z AVG MX 2MIN
DY MAX MIN AVG DEP HDD CDD WTR SNW DPTH SPD SPD DIR MIN PSBL S-S WX SPD DR
================================================================================
1 50 40 45 -8 20 0 0.25 0.0 0 7.6 17 40 M M 10 1 23 50
2 62 41 52 -2 13 0 0.12 M M 6.9 17 250 M M 8 1 23 130
3 66 40 53 -1 12 0 T M M 3.9 20 250 M M 5 26 250
4 67 38 53 -1 12 0 0.00 M M 6.8 14 240 M M 4 21 240
5 68 36 52 -3 13 0 0.00 M M 5.3 14 240 M M 4 23 180
6 72 38 55 -1 10 0 0.00 M M 3.6 10 180 M M 3 16 180
7 66 46 56 0 9 0 0.04 M M 3.9 17 230 M M 6 3 27 240
8 59 47 53 -3 12 0 0.03 M M 3.4 12 220 M M 8 1 16 220
9 63 48 56 -1 9 0 T M M 3.3 10 210 M M 8 15 230
10 59 48 54 -3 11 0 0.03 M M 4.2 12 230 M M 8 17 180
11 66 48 57 -1 8 0 0.02 M M 4.6 13 250 M M 7 18 200
12 72 42 57 -1 8 0 0.00 M M 2.7 9 190 M M 3 14 250
13 77 46 62 4 3 0 0.00 M M 4.1 12 160 M M 3 8 18 140
14 81 50 66 7 0 1 0.00 M M 4.5 14 130 M M 5 19 130
15 80 50 65 6 0 0 0.00 M M 5.5 15 250 M M 3 21 260
16 78 51 65 6 0 0 0.00 M M 4.1 10 180 M M 3 14 220
17 79 52 66 6 0 1 T M M 2.9 12 200 M M 5 3 18 220
18 75 51 63 3 2 0 0.00 M M 4.2 8 130 M M 6 12 180
19 70 54 62 2 3 0 0.30 M M 3.0 10 30 M M 9 13 15 60
20 67 55 61 1 4 0 0.56 M M 3.8 9 20 M M 8 1 16 30
21 77 56 67 6 0 2 0.03 M M 5.0 13 150 M M 6 3 19 160
22 81 57 69 8 0 4 0.00 M M 4.9 13 210 M M 4 17 210
23 82 57 70 9 0 5 T M M 2.4 9 170 M M 7 3 15 140
24 68 51 60 -1 5 0 T M M 3.5 12 240 M M 7 18 360
25 69 44 57 -4 8 0 0.06 M M 6.1 13 240 M M 6 1 17 210
26 69 46 58 -4 7 0 T M M 4.7 8 180 M M 7 M M
27 68 47 58 -4 7 0 T M M 7.3 13 260 M M 5 23 210
28 63 45 54 -8 11 0 T M M 7.9 15 260 M M 6 23 260
29 52 48 50 -12 15 0 0.14 M M 6.0 14 220 M M 10 1 18 220
30 62 44 53 -9 12 0 0.04 M M 6.1 16 240 M M 7 1 20 230
================================================================================
SM 2068 1416 214 13 1.62 0.0 142.2 M 181
================================================================================
AV 68.9 47.2 4.7 FASTST M M 6 MAX(MPH)
MISC ----> 20 250 27 240
================================================================================
NOTES:
# LAST OF SEVERAL OCCURRENCES
COLUMN 17 PEAK WIND IN M.P.H.
PRELIMINARY LOCAL CLIMATOLOGICAL DATA (WS FORM: F-6) , PAGE 2
STATION: BETTLES AK
MONTH: JUNE
YEAR: 2021
LATITUDE: 66 55 N
LONGITUDE: 151 31 W
[TEMPERATURE DATA] [PRECIPITATION DATA] SYMBOLS USED IN COLUMN 16
AVERAGE MONTHLY: 58.1 TOTAL FOR MONTH: 1.62 1 = FOG OR MIST
DPTR FM NORMAL: -0.5 DPTR FM NORMAL: 0.16 2 = FOG REDUCING VISIBILITY
HIGHEST: 82 ON 23 GRTST 24HR 0.76 ON 19-20 TO 1/4 MILE OR LESS
LOWEST: 36 ON 5 3 = THUNDER
SNOW, ICE PELLETS, HAIL 4 = ICE PELLETS
TOTAL MONTH: 0.0 INCH 5 = HAIL
GRTST 24HR 0.0 6 = FREEZING RAIN OR DRIZZLE
GRTST DEPTH: 0 7 = DUSTSTORM OR SANDSTORM:
VSBY 1/2 MILE OR LESS
8 = SMOKE OR HAZE
[NO. OF DAYS WITH] [WEATHER - DAYS WITH] 9 = BLOWING SNOW
X = TORNADO
MAX 32 OR BELOW: 0 0.01 INCH OR MORE: 12
MAX 90 OR ABOVE: 0 0.10 INCH OR MORE: 5
MIN 32 OR BELOW: 0 0.50 INCH OR MORE: 1
MIN 0 OR BELOW: 0 1.00 INCH OR MORE: 0
[HDD (BASE 65) ]
TOTAL THIS MO. 214 CLEAR (SCALE 0-3) 3
DPTR FM NORMAL 7 PTCLDY (SCALE 4-7) 20
TOTAL FM JUL 1 14822 CLOUDY (SCALE 8-10) 7
DPTR FM NORMAL -154
[CDD (BASE 65) ]
TOTAL THIS MO. 13
DPTR FM NORMAL -2 [PRESSURE DATA]
TOTAL FM JAN 1 13 HIGHEST SLP 30.11 ON 27
DPTR FM NORMAL -2 LOWEST SLP 29.25 ON 24
[REMARKS]
#FINAL-06-21#