792
CXUS51 KBUF 010905
CF6BUF
PRELIMINARY LOCAL CLIMATOLOGICAL DATA (WS FORM: F-6)
STATION: BUFFALO NY
MONTH: APRIL
YEAR: 2020
LATITUDE: 42 55 N
LONGITUDE: 78 44 W
TEMPERATURE IN F: :PCPN: SNOW: WIND :SUNSHINE: SKY :PK WND
================================================================================
1 2 3 4 5 6A 6B 7 8 9 10 11 12 13 14 15 16 17 18
12Z AVG MX 2MIN
DY MAX MIN AVG DEP HDD CDD WTR SNW DPTH SPD SPD DIR MIN PSBL S-S WX SPD DR
================================================================================
1 50 34 42 2 23 0 0.00 0.0 0 9.3 17 340 M M 5 22 30
2 56 37 47 7 18 0 0.00 0.0 0 10.8 22 250 M M 3 28 290
3 47 37 42 1 23 0 0.06 0.0 0 8.1 14 330 M M 6 18 19 320
4 57 41 49 8 16 0 0.02 0.0 0 3.7 10 300 M M 7 1 14 290
5 53 37 45 3 20 0 0.02 0.0 0 7.8 14 260 M M 7 18 270
6 52 31 42 0 23 0 0.00 0.0 0 6.3 15 210 M M 7 12 18 220
7 64 40 52 10 13 0 0.29 0.0 0 5.1 24 350 M M 8 13 32 350
8 51 41 46 3 19 0 0.00 0.0 0 9.6 22 230 M M 8 1 29 240
9 47 33 40 -3 25 0 0.24 0.5 0 13.0 30 330 M M 9 15 39 330
10 43 33 38 -6 27 0 0.01 0.4 T 17.1 28 280 M M 8 1 38 290
11 44 31 38 -6 27 0 0.00 0.0 0 12.0 24 220 M M 3 30 240
12 66 37 52 8 13 0 T 0.0 0 8.5 20 190 M M 8 24 190
13 64 41 53 8 12 0 0.81 0.0 0 19.6 38 240 M M 10 1 56 240
14 42 33 38 -7 27 0 T T 0 14.8 31 250 M M 6 41 240
15 41 29 35 -11 30 0 0.18 1.7 0 11.0 29 220 M M 7 18 38 220
16 37 25 31 -15 34 0 0.02 0.6 1 11.1 30 250 M M 5 18 39 240
17 40 30 35 -12 30 0 0.10 0.3 T 7.1 16 190 M M 8 1 20 240
18 44 32 38 -9 27 0 T T T 11.7 23 240 M M 6 30 240
19 52 37 45 -2 20 0 0.21 0.0 0 14.7 30 240 M M 7 1 39 240
20 49 28 39 -9 26 0 0.00 0.0 0 5.9 14 150 M M 4 20 150
21 50 31 41 -7 24 0 0.13 0.1 0 19.7 36 220 M M 7 158 47 240
22 39 28 34 -15 31 0 0.03 0.7 T 14.5 29 240 M M 7 1 40 230
23 39 32 36 -13 29 0 0.15 T 0 11.7 16 60 M M 9 20 50
24 52 37 45 -4 20 0 T 0.0 0 9.5 17 20 M M 9 21 20
25 61 35 48 -2 17 0 0.01 0.0 0 9.5 20 40 M M 5 25 30
26 47 41 44 -6 21 0 0.64 0.0 0 13.6 24 50 M M 10 1 35 50
27 57 41 49 -1 16 0 0.00 0.0 0 8.5 21 250 M M 6 25 240
28 61 40 51 0 14 0 T 0.0 0 7.3 13 220 M M 8 17 220
29 69 47 58 7 7 0 T 0.0 0 14.6 26 150 M M 8 35 150
30 63 46 55 3 10 0 0.62 0.0 0 10.4 26 160 M M 10 1 35 170
================================================================================
SM 1537 1065 642 0 3.54 4.3 326.5 M 211
================================================================================
AV 51.2 35.5 10.9 FASTST M M 7 MAX(MPH)
MISC ----> # 38 240 # 56 240
================================================================================
NOTES:
# LAST OF SEVERAL OCCURRENCES
COLUMN 17 PEAK WIND IN M.P.H.
PRELIMINARY LOCAL CLIMATOLOGICAL DATA (WS FORM: F-6) , PAGE 2
STATION: BUFFALO NY
MONTH: APRIL
YEAR: 2020
LATITUDE: 42 55 N
LONGITUDE: 78 44 W
[TEMPERATURE DATA] [PRECIPITATION DATA] SYMBOLS USED IN COLUMN 16
AVERAGE MONTHLY: 43.4 TOTAL FOR MONTH: 3.54 1 = FOG OR MIST
DPTR FM NORMAL: -2.5 DPTR FM NORMAL: 0.53 2 = FOG REDUCING VISIBILITY
HIGHEST: 69 ON 29 GRTST 24HR 0.81 ON 13-13 TO 1/4 MILE OR LESS
LOWEST: 25 ON 16 3 = THUNDER
SNOW, ICE PELLETS, HAIL 4 = ICE PELLETS
TOTAL MONTH: 4.3 INCHES 5 = HAIL
GRTST 24HR 1.7 ON 15-15 6 = FREEZING RAIN OR DRIZZLE
GRTST DEPTH: 1 ON 16 7 = DUSTSTORM OR SANDSTORM:
VSBY 1/2 MILE OR LESS
8 = SMOKE OR HAZE
[NO. OF DAYS WITH] [WEATHER - DAYS WITH] 9 = BLOWING SNOW
X = TORNADO
MAX 32 OR BELOW: 0 0.01 INCH OR MORE: 17
MAX 90 OR ABOVE: 0 0.10 INCH OR MORE: 10
MIN 32 OR BELOW: 10 0.50 INCH OR MORE: 3
MIN 0 OR BELOW: 0 1.00 INCH OR MORE: 0
[HDD (BASE 65) ]
TOTAL THIS MO. 642 CLEAR (SCALE 0-3) 1
DPTR FM NORMAL 66 PTCLDY (SCALE 4-7) 20
TOTAL FM JUL 1 5657 CLOUDY (SCALE 8-10) 9
DPTR FM NORMAL -624
[CDD (BASE 65) ]
TOTAL THIS MO. 0
DPTR FM NORMAL -3 [PRESSURE DATA]
TOTAL FM JAN 1 0 HIGHEST SLP 30.14 ON 27
DPTR FM NORMAL -3 LOWEST SLP 29.31 ON 21
[REMARKS]
#FINAL-04-20#