000
CXUS56 KLOX 011155
CF6BUR
PRELIMINARY LOCAL CLIMATOLOGICAL DATA (WS FORM: F-6)
STATION: HOLLYWOOD/BURBANK AIRPORT CA
MONTH: JULY
YEAR: 2022
LATITUDE: 34 12 N
LONGITUDE: 118 22 W
TEMPERATURE IN F: :PCPN: SNOW: WIND :SUNSHINE: SKY :PK WND
================================================================================
1 2 3 4 5 6A 6B 7 8 9 10 11 12 13 14 15 16 17 18
12Z AVG MX 2MIN
DY MAX MIN AVG DEP HDD CDD WTR SNW DPTH SPD SPD DIR MIN PSBL S-S WX SPD DR
================================================================================
1 90 67 79 5 0 14 0.00 M M 6.8 14 170 M M 0 18 180
2 86 65 76 2 0 11 0.00 M M 8.1 14 160 M M 0 18 190
3 81 62 72 -2 0 7 0.00 M M 7.0 16 180 M M 2 21 200
4 80 63 72 -2 0 7 0.00 M M 7.7 13 160 M M 1 8 20 160
5 83 64 74 0 0 9 0.00 M M 7.2 14 160 M M 0 8 19 190
6 85 65 75 1 0 10 0.00 M M 7.4 13 140 M M 2 17 210
7 90 64 77 2 0 12 0.00 M M 5.6 15 170 M M 0 19 110
8 90 65 78 3 0 13 0.00 M M 7.4 15 180 M M 0 17 170
9 91 63 77 2 0 12 0.00 M M 6.4 13 180 M M 1 18 18 130
10 92 67 80 5 0 15 0.00 M M 6.7 14 170 M M 0 18 110
11 88 65 77 2 0 12 0.00 M M 7.5 15 120 M M 0 23 110
12 85 63 74 -1 0 9 0.00 M M 7.3 14 180 M M 2 8 20 110
13 86 62 74 -2 0 9 0.00 M M 6.9 15 110 M M 1 18 21 100
14 85 64 75 -1 0 10 0.00 M M 6.6 15 180 M M 0 19 180
15 92 68 80 4 0 15 0.00 M M 7.1 14 130 M M 0 24 80
16 93 69 81 5 0 16 0.00 M M 7.1 16 120 M M 0 22 100
17 99 69 84 8 0 19 0.00 M M 6.5 16 180 M M 0 20 170
18 94 73 84 8 0 19 0.00 M M 7.0 15 160 M M 0 20 110
19 96 71 84 8 0 19 0.00 M M 5.4 14 160 M M 0 20 130
20 96 71 84 8 0 19 0.00 M M 6.6 15 150 M M 0 20 210
21 94 70 82 6 0 17 0.00 M M 5.5 14 180 M M 0 18 100
22 91 66 79 3 0 14 0.00 M M 6.9 14 160 M M 1 17 170
23 89 67 78 2 0 13 0.00 M M 6.1 15 180 M M 3 8 18 180
24 88 65 77 1 0 12 0.00 M M 6.7 15 180 M M 3 8 17 170
25 89 65 77 1 0 12 0.00 M M 6.5 15 180 M M 4 19 170
26 88 65 77 1 0 12 0.00 M M 6.6 14 180 M M 2 8 19 190
27 89 64 77 0 0 12 0.00 M M 6.6 14 170 M M 0 23 110
28 90 66 78 1 0 13 0.00 M M 6.4 14 130 M M 0 21 80
29 92 68 80 3 0 15 0.00 M M 6.9 15 190 M M 0 18 180
30 90 70 80 3 0 15 0.00 M M 5.2 14 170 M M 0 17 170
31 94 72 83 6 0 18 0.00 M M 5.7 16 160 M M 2 19 120
================================================================================
SM 2776 2058 0 410 0.00 M 207.4 M 24
================================================================================
AV 89.5 66.4 6.7 FASTST M M 1 MAX(MPH)
MISC ----> # 16 180 24 80
================================================================================
NOTES:
# LAST OF SEVERAL OCCURRENCES
COLUMN 17 PEAK WIND IN M.P.H.
PRELIMINARY LOCAL CLIMATOLOGICAL DATA (WS FORM: F-6) , PAGE 2
STATION: HOLLYWOOD/BURBANK AIRPORT CA
MONTH: JULY
YEAR: 2022
LATITUDE: 34 12 N
LONGITUDE: 118 22 W
[TEMPERATURE DATA] [PRECIPITATION DATA] SYMBOLS USED IN COLUMN 16
AVERAGE MONTHLY: 78.0 TOTAL FOR MONTH: 0.00 1 = FOG OR MIST
DPTR FM NORMAL: 2.4 DPTR FM NORMAL: -0.01 2 = FOG REDUCING VISIBILITY
HIGHEST: 99 ON 17 GRTST 24HR 0.00 ON 1- 1 TO 1/4 MILE OR LESS
LOWEST: 62 ON 13, 3 3 = THUNDER
SNOW, ICE PELLETS, HAIL 4 = ICE PELLETS
TOTAL MONTH: M 5 = HAIL
GRTST 24HR M ON M 6 = FREEZING RAIN OR DRIZZLE
GRTST DEPTH: M ON M 7 = DUSTSTORM OR SANDSTORM:
VSBY 1/2 MILE OR LESS
8 = SMOKE OR HAZE
[NO. OF DAYS WITH] [WEATHER - DAYS WITH] 9 = BLOWING SNOW
X = TORNADO
MAX 32 OR BELOW: 0 0.01 INCH OR MORE: 0
MAX 90 OR ABOVE: 17 0.10 INCH OR MORE: 0
MIN 32 OR BELOW: 0 0.50 INCH OR MORE: 0
MIN 0 OR BELOW: 0 1.00 INCH OR MORE: 0
[HDD (BASE 65) ]
TOTAL THIS MO. 0 CLEAR (SCALE 0-3) 30
DPTR FM NORMAL 0 PTCLDY (SCALE 4-7) 1
TOTAL FM JUL 1 0 CLOUDY (SCALE 8-10) 0
DPTR FM NORMAL 0
[CDD (BASE 65) ]
TOTAL THIS MO. 410
DPTR FM NORMAL 82 [PRESSURE DATA]
TOTAL FM JAN 1 1094 HIGHEST SLP 30.08 ON 9
DPTR FM NORMAL 449 LOWEST SLP 29.75 ON 22
[REMARKS]
#FINAL-07-22#