000
CXUS54 KTSA 012011
CF6BVO
PRELIMINARY LOCAL CLIMATOLOGICAL DATA (WS FORM: F-6)
STATION: BARTLESVILLE OKLAHOMA
MONTH: JUNE
YEAR: 2020
LATITUDE: 36 45 N
LONGITUDE: 96 0 W
TEMPERATURE IN F: :PCPN: SNOW: WIND :SUNSHINE: SKY :PK WND
================================================================================
1 2 3 4 5 6A 6B 7 8 9 10 11 12 13 14 15 16 17 18
12Z AVG MX 2MIN
DY MAX MIN AVG DEP HDD CDD WTR SNW DPTH SPD SPD DIR MIN PSBL S-S WX SPD DR
================================================================================
1 84 59 72 0 0 7 0.00 0.0 0 5.3 17 170 M M 0 23 170
2 88 60 74 2 0 9 0.00 0.0 0 6.9 16 160 M M 0 1 22 200
3 92 70 81 8 0 16 0.00 0.0 0 7.0 15 220 M M 1 24 230
4 92 70 81 8 0 16 0.00 0.0 0 6.6 16 160 M M 1 23 80
5 94 66 80 7 0 15 0.00 0.0 0 3.8 13 200 M M 0 19 170
6 94 69 82 8 0 17 0.00 0.0 0 4.1 13 140 M M 0 1 19 140
7 92 68 80 6 0 15 0.00 0.0 0 6.5 17 160 M M 1 21 150
8 92 66 79 5 0 14 0.00 0.0 0 5.1 15 110 M M 1 1 23 140
9 94 62 78 4 0 13 0.00 0.0 0 10.7 24 240 M M 4 1 49 230
10 82 54 68 -7 0 3 0.00 0.0 0 4.8 16 260 M M 4 18 40 300
11 89 49 69 -6 0 4 0.00 0.0 0 3.2 12 160 M M 0 18 200
12 92 59 76 1 0 11 T 0.0 0 5.3 14 170 M M 0 3 23 210
13 93 60 77 1 0 12 0.00 0.0 0 4.1 13 150 M M 0 20 200
14 93 59 76 0 0 11 0.00 0.0 0 4.7 16 160 M M 0 23 170
15 93 62 78 2 0 13 0.00 0.0 0 5.3 15 170 M M 0 1 22 180
16 92 62 77 1 0 12 0.00 0.0 0 6.4 15 170 M M 0 25 170
17 93 69 81 4 0 16 0.00 0.0 0 9.9 18 160 M M 0 26 160
18 93 69 81 4 0 16 T 0.0 0 10.0 22 150 M M 1 29 170
19 75 66 71 -6 0 6 2.87 0.0 0 2.7 23 160 M M 5 123 32 160
20 85 66 76 -2 0 11 0.00 0.0 0 4.4 15 170 M M 1 21 160
21 89 66 78 0 0 13 0.00 0.0 0 6.2 17 160 M M 0 24 200
22 92 69 81 3 0 16 0.03 0.0 0 2.8 22 160 M M 2 38 29 140
23 84 60 72 -6 0 7 0.00 0.0 0 4.4 18 10 M M 0 3 28 10
24 89 57 73 -5 0 8 0.00 0.0 0 2.3 8 180 M M 0 13 210
25 91 67 79 0 0 14 0.00 0.0 0 6.8 17 170 M M 0 25 170
26 91 68 80 1 0 15 0.00 0.0 0 6.7 12 210 M M 2 22 170
27 90 73 82 3 0 17 0.01 0.0 0 9.0 22 140 M M 1 13 32 140
28 90 75 83 4 0 18 0.00 0.0 0 11.0 22 170 M M 3 34 180
29 90 78 84 4 0 19 0.00 0.0 0 12.2 22 170 M M 6 29 170
30 92 76 84 4 0 19 0.02 0.0 0 12.4 25 170 M M 3 3 34 180
================================================================================
SM 2700 1954 0 383 2.93 0.0 190.6 M 36
================================================================================
AV 90.0 65.1 6.4 FASTST M M 1 MAX(MPH)
MISC ----> # 25 170 # 49 230
================================================================================
NOTES:
# LAST OF SEVERAL OCCURRENCES
COLUMN 17 PEAK WIND IN M.P.H.
PRELIMINARY LOCAL CLIMATOLOGICAL DATA (WS FORM: F-6) , PAGE 2
STATION: BARTLESVILLE OKLAHOMA
MONTH: JUNE
YEAR: 2020
LATITUDE: 36 45 N
LONGITUDE: 96 0 W
[TEMPERATURE DATA] [PRECIPITATION DATA] SYMBOLS USED IN COLUMN 16
AVERAGE MONTHLY: 77.6 TOTAL FOR MONTH: 2.93 1 = FOG OR MIST
DPTR FM NORMAL: 1.4 DPTR FM NORMAL: -2.44 2 = FOG REDUCING VISIBILITY
HIGHEST: 94 ON 9, 6 GRTST 24HR 2.87 ON 19-19 TO 1/4 MILE OR LESS
LOWEST: 49 ON 11 3 = THUNDER
SNOW, ICE PELLETS, HAIL 4 = ICE PELLETS
TOTAL MONTH: 0.0 INCH 5 = HAIL
GRTST 24HR 0.0 6 = FREEZING RAIN OR DRIZZLE
GRTST DEPTH: 0 7 = DUSTSTORM OR SANDSTORM:
VSBY 1/2 MILE OR LESS
8 = SMOKE OR HAZE
[NO. OF DAYS WITH] [WEATHER - DAYS WITH] 9 = BLOWING SNOW
X = TORNADO
MAX 32 OR BELOW: 0 0.01 INCH OR MORE: 4
MAX 90 OR ABOVE: 21 0.10 INCH OR MORE: 1
MIN 32 OR BELOW: 0 0.50 INCH OR MORE: 1
MIN 0 OR BELOW: 0 1.00 INCH OR MORE: 1
[HDD (BASE 65) ]
TOTAL THIS MO. 0 CLEAR (SCALE 0-3) 26
DPTR FM NORMAL -3 PTCLDY (SCALE 4-7) 4
TOTAL FM JUL 1 3895 CLOUDY (SCALE 8-10) 0
DPTR FM NORMAL -174
[CDD (BASE 65) ]
TOTAL THIS MO. 383
DPTR FM NORMAL 46 [PRESSURE DATA]
TOTAL FM JAN 1 498 HIGHEST SLP 30.29 ON 12
DPTR FM NORMAL -22 LOWEST SLP 29.44 ON 9
[REMARKS]
#FINAL-06-20#