000
CXUS53 KLMK 010710
CF6BWG
PRELIMINARY LOCAL CLIMATOLOGICAL DATA (WS FORM: F-6)
STATION: BOWLING GREEN KY
MONTH: JULY
YEAR: 2021
LATITUDE: 36 58 N
LONGITUDE: 86 26 W
TEMPERATURE IN F: :PCPN: SNOW: WIND :SUNSHINE: SKY :PK WND
================================================================================
1 2 3 4 5 6A 6B 7 8 9 10 11 12 13 14 15 16 17 18
12Z AVG MX 2MIN
DY MAX MIN AVG DEP HDD CDD WTR SNW DPTH SPD SPD DIR MIN PSBL S-S WX SPD DR
================================================================================
1 80 73 77 -2 0 12 1.31 0.0 0 5.4 13 260 M M 7 12 18 220
2 82 65 74 -5 0 9 0.00 0.0 0 3.9 13 40 M M 5 1 22 360
3 82 58 70 -9 0 5 0.00 0.0 0 2.3 10 40 M M 1 17 10
4 87 62 75 -4 0 10 0.00 0.0 0 1.3 8 300 M M 0 18 12 280
5 91 67 79 0 0 14 0.00 0.0 0 1.7 9 90 M M 0 18 13 80
6 93 71 82 3 0 17 0.00 0.0 0 3.7 12 150 M M 2 1 16 180
7 86 70 78 -2 0 13 0.57 0.0 0 6.6 20 180 M M 5 1 29 180
8 90 72 81 1 0 16 0.01 0.0 0 7.2 16 240 M M 6 3 26 240
9 89 74 82 2 0 17 0.00 0.0 0 4.0 12 280 M M 5 18 17 270
10 89 72 81 1 0 16 0.42 0.0 0 6.5 16 300 M M 5 13 30 290
11 81 69 75 -5 0 10 0.46 0.0 0 8.3 16 180 M M 7 13 23 280
12 87 72 80 0 0 15 0.12 0.0 0 8.9 22 140 M M 5 13 29 190
13 84 70 77 -3 0 12 1.44 0.0 0 7.5 23 220 M M 5 123 34 280
14 88 70 79 -1 0 14 0.00 0.0 0 3.7 9 240 M M 3 18 14 220
15 92 72 82 2 0 17 0.00 0.0 0 6.2 14 220 M M 2 22 250
16 91 74 83 3 0 18 T 0.0 0 9.5 22 190 M M 2 8 28 200
17 87 73 80 0 0 15 0.29 0.0 0 5.9 14 220 M M 7 8 19 220
18 83 72 78 -2 0 13 0.07 0.0 0 3.2 13 150 M M 5 13 18 150
19 87 69 78 -2 0 13 0.00 0.0 0 7.6 16 50 M M 1 22 60
20 88 70 79 -1 0 14 0.00 0.0 0 6.0 15 60 M M 1 8 20 30
21 89 68 79 -1 0 14 0.00 0.0 0 3.1 12 40 M M 1 18 16 30
22 87 67 77 -3 0 12 0.00 0.0 0 3.7 12 90 M M 2 18 19 40
23 88 66 77 -3 0 12 0.00 0.0 0 2.9 12 90 M M 0 1 16 90
24 92 65 79 -1 0 14 0.00 0.0 0 3.5 9 200 M M 1 1 14 210
25 94 74 84 4 0 19 0.14 0.0 0 4.4 17 300 M M 2 138 25 310
26 93 72 83 3 0 18 0.00 0.0 0 3.1 10 50 M M 2 1 14 20
27 94 73 84 4 0 19 0.00 0.0 0 2.8 12 50 M M 2 1 18 340
28 94 69 82 2 0 17 0.00 0.0 0 1.6 10 10 M M 0 1 16 360
29 95 71 83 3 0 18 0.00 0.0 0 5.6 14 260 M M 1 18 20 310
30 92 72 82 2 0 17 0.00 0.0 0 4.9 15 310 M M 3 8 26 310
31 88 67 78 -2 0 13 0.16 0.0 0 3.3 10 290 M M 3 18 15 30
================================================================================
SM 2743 2159 0 443 4.99 0.0 148.3 M 91
================================================================================
AV 88.5 69.6 4.8 FASTST M M 3 MAX(MPH)
MISC ----> 23 220 34 280
================================================================================
NOTES:
# LAST OF SEVERAL OCCURRENCES
COLUMN 17 PEAK WIND IN M.P.H.
PRELIMINARY LOCAL CLIMATOLOGICAL DATA (WS FORM: F-6) , PAGE 2
STATION: BOWLING GREEN KY
MONTH: JULY
YEAR: 2021
LATITUDE: 36 58 N
LONGITUDE: 86 26 W
[TEMPERATURE DATA] [PRECIPITATION DATA] SYMBOLS USED IN COLUMN 16
AVERAGE MONTHLY: 79.1 TOTAL FOR MONTH: 4.99 1 = FOG OR MIST
DPTR FM NORMAL: -0.6 DPTR FM NORMAL: 0.71 2 = FOG REDUCING VISIBILITY
HIGHEST: 95 ON 29 GRTST 24HR 1.56 ON 12-13 TO 1/4 MILE OR LESS
LOWEST: 58 ON 3 3 = THUNDER
SNOW, ICE PELLETS, HAIL 4 = ICE PELLETS
TOTAL MONTH: 0.0 INCH 5 = HAIL
GRTST 24HR 0.0 6 = FREEZING RAIN OR DRIZZLE
GRTST DEPTH: 0 7 = DUSTSTORM OR SANDSTORM:
VSBY 1/2 MILE OR LESS
8 = SMOKE OR HAZE
[NO. OF DAYS WITH] [WEATHER - DAYS WITH] 9 = BLOWING SNOW
X = TORNADO
MAX 32 OR BELOW: 0 0.01 INCH OR MORE: 11
MAX 90 OR ABOVE: 12 0.10 INCH OR MORE: 9
MIN 32 OR BELOW: 0 0.50 INCH OR MORE: 3
MIN 0 OR BELOW: 0 1.00 INCH OR MORE: 2
[HDD (BASE 65) ]
TOTAL THIS MO. 0 CLEAR (SCALE 0-3) 20
DPTR FM NORMAL 0 PTCLDY (SCALE 4-7) 11
TOTAL FM JUL 1 0 CLOUDY (SCALE 8-10) 0
DPTR FM NORMAL 0
[CDD (BASE 65) ]
TOTAL THIS MO. 443
DPTR FM NORMAL -13 [PRESSURE DATA]
TOTAL FM JAN 1 937 HIGHEST SLP M ON M
DPTR FM NORMAL -53 LOWEST SLP 29.81 ON 11
[REMARKS]
#FINAL-07-21#