000
CXUS55 KPIH 011756
CF6BYI
PRELIMINARY LOCAL CLIMATOLOGICAL DATA (WS FORM: F-6)
STATION: BURLEY
MONTH: MAY
YEAR: 2022
LATITUDE: 42 32 N
LONGITUDE: 113 46 W
TEMPERATURE IN F: :PCPN: SNOW: WIND :SUNSHINE: SKY :PK WND
================================================================================
1 2 3 4 5 6A 6B 7 8 9 10 11 12 13 14 15 16 17 18
12Z AVG MX 2MIN
DY MAX MIN AVG DEP HDD CDD WTR SNW DPTH SPD SPD DIR MIN PSBL S-S WX SPD DR
================================================================================
1 52 40 46 -5 19 0 0.53 M M 10.4 17 290 M M 9 12 29 280
2 67 37 52 0 13 0 0.11 M M 11.6 26 270 M M 3 13 43 280
3 47 32 40 -12 25 0 0.28 M M 9.5 21 240 M M 10 1 30 240
4 63 40 52 0 13 0 0.00 M M 6.5 15 260 M M 1 23 260
5 74 45 60 8 5 0 T M M 12.6 32 220 M M 3 49 210
6 67 46 57 4 8 0 T M M 7.4 15 240 M M 5 21 250
7 58 37 48 -5 17 0 0.03 M M 14.0 35 270 M M 5 1 61 260
8 46 34 40 -14 25 0 0.09 M M 10.3 23 250 M M 5 1 32 240
9 47 30 39 -15 26 0 T M M 12.7 26 240 M M 5 8 39 250
10 54 30 42 -12 23 0 T M M 4.5 18 240 M M 7 23 250
11 57 27 42 -12 23 0 T M M 8.6 20 250 M M 1 8 29 260
12 60 39 50 -5 15 0 0.00 M M 13.4 24 250 M M 2 35 260
13 60 39 50 -5 15 0 T M M 8.6 18 250 M M 5 28 290
14 70 40 55 -1 10 0 0.00 M M 6.4 17 310 M M 2 26 320
15 82 37 60 4 5 0 0.00 M M 8.4 44 200 M M 1 8 62 180
16 77 54 66 10 0 1 0.00 M M 10.1 20 290 M M 1 30 280
17 71 50 61 5 4 0 0.00 M M 11.7 18 260 M M 0 30 290
18 75 43 59 2 6 0 0.00 M M 8.4 17 310 M M 0 27 310
19 57 36 47 -10 18 0 0.00 M M 17.1 30 270 M M 7 52 270
20 61 32 47 -10 18 0 0.00 M M 8.7 18 250 M M 6 25 250
21 62 34 48 -10 17 0 0.00 M M 6.9 26 210 M M 2 37 220
22 59 33 46 -12 19 0 0.01 M M 6.5 26 20 M M 4 1 39 360
23 64 31 48 -10 17 0 0.00 M M 5.0 15 260 M M 1 22 250
24 67 34 51 -7 14 0 0.00 M M 9.5 22 250 M M 1 30 270
25 79 41 60 2 5 0 0.00 M M 6.2 16 290 M M 0 27 290
26 88 42 65 6 0 0 T M M 4.1 26 260 M M 2 3 40 250
27 77 54 66 7 0 1 0.01 M M 7.9 22 270 M M 2 35 250
28 63 48 56 -3 9 0 0.16 M M 10.2 21 250 M M 7 29 240
29 55 42 49 -10 16 0 0.49 M M 15.8 25 290 M M 9 1 39 290
30 45 34 40 -20 25 0 0.50 M M 11.7 24 270 M M 10 1 39 270
31 61 41 51 -9 14 0 0.03 M M 3.1 9 310 M M 7 1 14 320
================================================================================
SM 1965 1202 424 2 2.24 M 287.8 M 123
================================================================================
AV 63.4 38.8 9.3 FASTST M M 4 MAX(MPH)
MISC ----> 44 200 62 180
================================================================================
NOTES:
# LAST OF SEVERAL OCCURRENCES
COLUMN 17 PEAK WIND IN M.P.H.
PRELIMINARY LOCAL CLIMATOLOGICAL DATA (WS FORM: F-6) , PAGE 2
STATION: BURLEY
MONTH: MAY
YEAR: 2022
LATITUDE: 42 32 N
LONGITUDE: 113 46 W
[TEMPERATURE DATA] [PRECIPITATION DATA] SYMBOLS USED IN COLUMN 16
AVERAGE MONTHLY: 51.1 TOTAL FOR MONTH: 2.24 1 = FOG OR MIST
DPTR FM NORMAL: -4.7 DPTR FM NORMAL: 0.55 2 = FOG REDUCING VISIBILITY
HIGHEST: 88 ON 26 GRTST 24HR 0.86 ON 29-30 TO 1/4 MILE OR LESS
LOWEST: 27 ON 11 3 = THUNDER
SNOW, ICE PELLETS, HAIL 4 = ICE PELLETS
TOTAL MONTH: M 5 = HAIL
GRTST 24HR M ON M 6 = FREEZING RAIN OR DRIZZLE
GRTST DEPTH: M ON M 7 = DUSTSTORM OR SANDSTORM:
VSBY 1/2 MILE OR LESS
8 = SMOKE OR HAZE
[NO. OF DAYS WITH] [WEATHER - DAYS WITH] 9 = BLOWING SNOW
X = TORNADO
MAX 32 OR BELOW: 0 0.01 INCH OR MORE: 11
MAX 90 OR ABOVE: 0 0.10 INCH OR MORE: 6
MIN 32 OR BELOW: 6 0.50 INCH OR MORE: 2
MIN 0 OR BELOW: 0 1.00 INCH OR MORE: 0
[HDD (BASE 65) ]
TOTAL THIS MO. 424 CLEAR (SCALE 0-3) 16
DPTR FM NORMAL 130 PTCLDY (SCALE 4-7) 11
TOTAL FM JUL 1 6378 CLOUDY (SCALE 8-10) 4
DPTR FM NORMAL 200
[CDD (BASE 65) ]
TOTAL THIS MO. 2
DPTR FM NORMAL -9 [PRESSURE DATA]
TOTAL FM JAN 1 2 HIGHEST SLP 30.19 ON 22
DPTR FM NORMAL -9 LOWEST SLP 29.55 ON 8
[REMARKS]
#FINAL-05-22#