000
CXUS55 KPIH 281100
CF6BYI
PRELIMINARY LOCAL CLIMATOLOGICAL DATA (WS FORM: F-6)
STATION: BURLEY
MONTH: MARCH
YEAR: 2024
LATITUDE: 42 32 N
LONGITUDE: 113 46 W
TEMPERATURE IN F: :PCPN: SNOW: WIND :SUNSHINE: SKY :PK WND
================================================================================
1 2 3 4 5 6A 6B 7 8 9 10 11 12 13 14 15 16 17 18
12Z AVG MX 2MIN
DY MAX MIN AVG DEP HDD CDD WTR SNW DPTH SPD SPD DIR MIN PSBL S-S WX SPD DR
================================================================================
1 47 33 40 3 25 0 0.33 M M 5.4 14 180 M M 10 18 21 180
2 40 24 32 -6 33 0 0.28 M M 13.5 29 250 M M 7 123 48 250
3 30 16 23 -15 42 0 0.12 M M 8.1 24 250 M M 6 12 34 270
4 33 16 25 -13 40 0 0.01 M M 10.1 24 250 M M 5 12 32 280
5 42 23 33 -6 32 0 0.07 M M 16.8 30 190 M M 9 1 41 190
6 33 27 30 -9 35 0 0.21 M M 6.2 15 260 M M 10 12 21 290
7 30 23 27 -12 38 0 T M M 6.7 16 260 M M 10 1 21 250
8 36 19 28 -12 37 0 0.00 M M 5.8 14 80 M M 4 19 80
9 45 16 31 -9 34 0 0.00 M M 12.9 23 210 M M 1 1 31 210
10 53 25 39 -1 26 0 0.00 M M 13.0 21 210 M M 0 32 200
11 51 31 41 1 24 0 0.03 M M 6.1 20 230 M M 7 29 240
12 48 33 41 0 24 0 0.23 M M 10.3 25 280 M M 8 1 39 260
13 38 31 35 -6 30 0 0.01 M M 11.9 26 260 M M 6 1 38 270
14 47 28 38 -3 27 0 0.00 M M 5.9 14 250 M M 3 20 260
15 51 25 38 -4 27 0 0.00 M M 7.9 22 60 M M 1 30 60
16 58 23 41 -1 24 0 0.00 M M 6.5 16 60 M M 0 22 70
17 60 25 43 1 22 0 0.00 M M 4.7 16 80 M M 0 24 40
18 65 29 47 5 18 0 0.00 M M 2.9 8 220 M M 0 12 10
19 65 29 47 5 18 0 0.00 M M 5.4 13 220 M M 0 20 290
20 69 30 50 7 15 0 0.00 M M 4.9 15 210 M M 0 23 290
21 59 38 49 6 16 0 0.00 M M 12.3 23 290 M M 1 33 260
22 66 33 50 7 15 0 0.00 M M 6.0 20 180 M M 1 26 170
23 54 35 45 2 20 0 T M M 9.3 30 270 M M 6 8 48 280
24 52 34 43 0 22 0 T M M 14.9 26 290 M M 4 47 290
25 50 33 42 -2 23 0 0.00 M M 15.4 24 270 M M 5 38 270
26 50 30 40 -4 25 0 T M M 17.2 26 270 M M 2 38 260
27 56 28 42 -2 23 0 0.01 M M 13.6 25 210 M M 5 38 210
================================================================================
SM 1328 737 715 0 1.30 M 253.7 M 111
================================================================================
AV 49.2 27.3 9.4 FASTST M M 4 MAX(MPH)
MISC ----> # 30 190 # 48 250
================================================================================
NOTES:
# LAST OF SEVERAL OCCURRENCES
COLUMN 17 PEAK WIND IN M.P.H.
PRELIMINARY LOCAL CLIMATOLOGICAL DATA (WS FORM: F-6) , PAGE 2
STATION: BURLEY
MONTH: MARCH
YEAR: 2024
LATITUDE: 42 32 N
LONGITUDE: 113 46 W
[TEMPERATURE DATA] [PRECIPITATION DATA] SYMBOLS USED IN COLUMN 16
AVERAGE MONTHLY: 38.2 TOTAL FOR MONTH: 1.30 1 = FOG OR MIST
DPTR FM NORMAL: -2.8 DPTR FM NORMAL: 0.42 2 = FOG REDUCING VISIBILITY
HIGHEST: 69 ON 20 GRTST 24HR 0.57 ON 1- 2 TO 1/4 MILE OR LESS
LOWEST: 16 ON 9, 4 3 = THUNDER
SNOW, ICE PELLETS, HAIL 4 = ICE PELLETS
TOTAL MONTH: M 5 = HAIL
GRTST 24HR M ON M 6 = FREEZING RAIN OR DRIZZLE
GRTST DEPTH: M ON M 7 = DUSTSTORM OR SANDSTORM:
VSBY 1/2 MILE OR LESS
8 = SMOKE OR HAZE
[NO. OF DAYS WITH] [WEATHER - DAYS WITH] 9 = BLOWING SNOW
X = TORNADO
MAX 32 OR BELOW: 2 0.01 INCH OR MORE: 10
MAX 90 OR ABOVE: 0 0.10 INCH OR MORE: 5
MIN 32 OR BELOW: 20 0.50 INCH OR MORE: 0
MIN 0 OR BELOW: 0 1.00 INCH OR MORE: 0
[HDD (BASE 65) ]
TOTAL THIS MO. 715 CLEAR (SCALE 0-3) 12
DPTR FM NORMAL 67 PTCLDY (SCALE 4-7) 11
TOTAL FM JUL 1 5011 CLOUDY (SCALE 8-10) 4
DPTR FM NORMAL -254
[CDD (BASE 65) ]
TOTAL THIS MO. 0
DPTR FM NORMAL 0 [PRESSURE DATA]
TOTAL FM JAN 1 0 HIGHEST SLP M ON M
DPTR FM NORMAL 0 LOWEST SLP 29.38 ON 2
[REMARKS]