000
CXUS56 KTFX 220803
CF6BZN
PRELIMINARY LOCAL CLIMATOLOGICAL DATA (WS FORM: F-6)
STATION: BOZEMAN/GALLATIN FIELD MT
MONTH: MARCH
YEAR: 2023
LATITUDE: 45 46 N
LONGITUDE: 111 9 W
TEMPERATURE IN F: :PCPN: SNOW: WIND :SUNSHINE: SKY :PK WND
================================================================================
1 2 3 4 5 6A 6B 7 8 9 10 11 12 13 14 15 16 17 18
12Z AVG MX 2MIN
DY MAX MIN AVG DEP HDD CDD WTR SNW DPTH SPD SPD DIR MIN PSBL S-S WX SPD DR
================================================================================
1 29 10 20 -8 45 0 0.00 0.0 6 4.3 12 150 M M 4 13 170
2 38 9 24 -4 41 0 0.00 0.0 5 6.9 25 230 M M 4 33 210
3 33 17 25 -4 40 0 T T 4 7.2 25 310 M M 9 32 330
4 32 6 19 -10 46 0 0.00 0.0 4 4.0 10 350 M M 5 12 130
5 32 13 23 -7 42 0 T T 4 6.3 17 290 M M 6 1 21 280
6 34 9 22 -8 43 0 T 0.3 4 4.6 10 280 M M 6 1 12 280
7 31 9 20 -11 45 0 0.00 0.0 4 3.3 12 170 M M 4 13 180
8 25 1 13 -18 52 0 0.00 0.0 4 3.9 17 150 M M 2 19 150
9 24 10 17 -15 48 0 0.01 0.3 4 1.7 8 140 M M 5 18 10 240
10 36 19 28 -4 37 0 0.04 0.1 4 6.4 24 310 M M 8 1 29 270
11 31 10 21 -11 44 0 0.00 0.0 4 3.1 12 310 M M 7 19 310
12 36 11 24 -9 41 0 0.00 0.0 4 2.5 9 170 M M 5 10 130
13 48 14 31 -2 34 0 0.00 0.0 4 4.5 17 180 M M 4 22 170
14 45 32 39 5 26 0 T T 3 7.9 31 310 M M 8 43 300
15 39 24 32 -2 33 0 0.08 1.6 2 6.8 23 310 M M 8 12 30 310
16 35 15 25 -9 40 0 0.00 0.0 4 3.5 9 170 M M 5 12 190
17 33 5 19 -16 46 0 0.00 0.0 4 5.3 12 140 M M 1 12 140
18 38 4 21 -14 44 0 0.00 0.0 3 5.0 10 120 M M 0 11 130
19 45 7 26 -9 39 0 0.00 0.0 3 2.6 10 130 M M 0 12 130
20 37 18 28 -8 37 0 0.03 T 2 3.5 10 270 M M 7 18 12 270
21 34 16 25 -11 40 0 0.05 1.0 3 4.1 10 240 M M 7 1 13 230
22 37 6 22 -14 43 0 0.00 0.0 2 3.2 8 60 M M 0 10 130
23 45 5 25 -12 40 0 0.00 0.0 2 3.9 9 240 M M 2 13 240
24 40 27 34 -3 31 0 0.04 2.0 2 7.9 21 290 M M 9 1 26 280
25 28 24 26 -11 39 0 0.25 9.5 13 7.9 15 270 M M 10 12 20 260
26 31 21 26 -12 39 0 0.12 1.4 13 4.0 13 190 M M 10 18 16 200
27 31 5 18 -20 47 0 0.01 0.1 13 3.1 13 200 M M 4 128 17 210
28 34 1 18 -20 47 0 0.01 1.0 12 1.9 8 130 M M 4 12 9 130
29 32 20 26 -12 39 0 0.04 0.4 13 2.1 8 50 M M 10 12 9 50
30 37 26 32 -7 33 0 0.11 1.4 13 3.1 9 250 M M 9 18 11 250
31 42 26 34 -5 31 0 T T 12 3.0 14 230 M M 8 1 18 230
================================================================================
SM 1092 420 1252 0 0.79 19.1 137.5 M 171
================================================================================
AV 35.2 13.5 4.4 FASTST M M 6 MAX(MPH)
MISC ----> 31 310 43 300
================================================================================
NOTES:
# LAST OF SEVERAL OCCURRENCES
COLUMN 17 PEAK WIND IN M.P.H.
PRELIMINARY LOCAL CLIMATOLOGICAL DATA (WS FORM: F-6) , PAGE 2
STATION: BOZEMAN/GALLATIN FIELD MT
MONTH: MARCH
YEAR: 2023
LATITUDE: 45 46 N
LONGITUDE: 111 9 W
[TEMPERATURE DATA] [PRECIPITATION DATA] SYMBOLS USED IN COLUMN 16
AVERAGE MONTHLY: 24.4 TOTAL FOR MONTH: 0.79 1 = FOG OR MIST
DPTR FM NORMAL: -9.6 DPTR FM NORMAL: -0.14 2 = FOG REDUCING VISIBILITY
HIGHEST: 48 ON 13 GRTST 24HR 0.27 ON 24-25 TO 1/4 MILE OR LESS
LOWEST: 1 ON 28, 8 3 = THUNDER
SNOW, ICE PELLETS, HAIL 4 = ICE PELLETS
TOTAL MONTH: 19.1 INCHES 5 = HAIL
GRTST 24HR 9.5 ON 25-25 6 = FREEZING RAIN OR DRIZZLE
GRTST DEPTH: 13 ON 30,29 7 = DUSTSTORM OR SANDSTORM:
VSBY 1/2 MILE OR LESS
8 = SMOKE OR HAZE
[NO. OF DAYS WITH] [WEATHER - DAYS WITH] 9 = BLOWING SNOW
X = TORNADO
MAX 32 OR BELOW: 11 0.01 INCH OR MORE: 12
MAX 90 OR ABOVE: 0 0.10 INCH OR MORE: 3
MIN 32 OR BELOW: 31 0.50 INCH OR MORE: 0
MIN 0 OR BELOW: 0 1.00 INCH OR MORE: 0
[HDD (BASE 65) ]
TOTAL THIS MO. 1252 CLEAR (SCALE 0-3) 6
DPTR FM NORMAL 291 PTCLDY (SCALE 4-7) 18
TOTAL FM JUL 1 7684 CLOUDY (SCALE 8-10) 7
DPTR FM NORMAL 745
[CDD (BASE 65) ]
TOTAL THIS MO. 0
DPTR FM NORMAL 0 [PRESSURE DATA]
TOTAL FM JAN 1 0 HIGHEST SLP 30.54 ON 17
DPTR FM NORMAL 0 LOWEST SLP 29.24 ON 10
[REMARKS]
#FINAL-03-23#