000
CXUS56 KTFX 220801
CF6BZN
PRELIMINARY LOCAL CLIMATOLOGICAL DATA (WS FORM: F-6)
STATION: BOZEMAN/GALLATIN FIELD MT
MONTH: NOVEMBER
YEAR: 2022
LATITUDE: 45 46 N
LONGITUDE: 111 9 W
TEMPERATURE IN F: :PCPN: SNOW: WIND :SUNSHINE: SKY :PK WND
================================================================================
1 2 3 4 5 6A 6B 7 8 9 10 11 12 13 14 15 16 17 18
12Z AVG MX 2MIN
DY MAX MIN AVG DEP HDD CDD WTR SNW DPTH SPD SPD DIR MIN PSBL S-S WX SPD DR
================================================================================
1 66 38 52 16 13 0 0.00 0.0 0 10.1 26 170 M M 1 33 180
2 51 29 40 4 25 0 0.01 1.0 0 9.5 37 230 M M 7 18 51 240
3 34 21 28 -7 37 0 T T 1 4.7 10 160 M M 6 1 13 170
4 49 25 37 2 28 0 T 0.0 0 5.9 17 210 M M 10 1 24 210
5 51 28 40 6 25 0 0.02 T 0 20.6 46 280 M M 4 1 63 290
6 44 23 34 0 31 0 0.00 0.0 0 8.3 26 140 M M 5 34 140
7 25 14 20 -14 45 0 T M 0 6.5 16 290 M M 9 12 21 290
8 16 4 10 -23 55 0 0.01 1.0 4 5.1 14 230 M M 8 128 16 240
9 15 5 10 -23 55 0 T 0.5 5 3.9 16 240 M M 9 18 20 260
10 13 -6 4 -28 61 0 T M 6 2.0 8 240 M M 8 128 9 250
11 15 -12 2 -30 63 0 0.00 0.0 5 1.7 9 160 M M 1 128 10 150
12 18 -9 5 -26 60 0 0.00 0.0 5 2.7 8 200 M M 0 18 9 200
13 23 0 12 -19 53 0 T T 5 1.2 7 200 M M 7 18 8 210
14 27 -2 13 -17 52 0 0.06 0.6 5 2.3 9 130 M M 9 18 9 140
15 27 10 19 -11 46 0 0.05 T 6 2.0 9 100 M M 8 128 11 100
16 30 22 26 -4 39 0 T 1.0 5 4.6 23 350 M M 9 18 29 340
17 23 -9 7 -22 58 0 0.00 0.0 5 8.7 16 360 M M 6 21 320
18 8 -14 -3 -32 68 0 0.00 0.0 4 2.6 8 140 M M 0 1 9 200
19 13 -16 -1 -29 66 0 0.00 0.0 4 2.2 8 140 M M 0 1 8 180
20 23 -8 8 -20 57 0 0.00 0.0 4 2.0 7 160 M M 0 8 160
21 30 -1 15 -13 50 0 0.00 0.0 4 2.3 9 140 M M 5 10 140
22 32 5 19 -8 46 0 0.00 0.0 3 3.7 13 150 M M 2 18 13 250
23 39 17 28 1 37 0 0.03 0.8 3 6.5 22 270 M M 9 1 30 260
24 31 6 19 -7 46 0 0.00 0.0 4 3.0 9 160 M M 0 1 11 180
25 33 7 20 -6 45 0 0.00 0.0 4 3.0 10 170 M M 0 12 340
26 40 12 26 0 39 0 0.01 T 4 4.1 17 250 M M 6 1 21 250
27 40 9 25 0 40 0 T 1.0 3 11.2 30 320 M M 6 12 40 230
28 24 4 14 -11 51 0 T T 4 5.2 15 330 M M 3 19 330
29 11 -8 2 -22 63 0 T 0.5 4 2.6 9 310 M M 6 18 12 310
30 28 -13 8 -16 57 0 0.00 0.0 5 2.5 9 190 M M 5 18 11 200
================================================================================
SM 879 181 1411 0 0.19 6.4 150.7 M 149
================================================================================
AV 29.3 6.0 5.0 FASTST M M 5 MAX(MPH)
MISC ----> 46 280 63 290
================================================================================
NOTES:
# LAST OF SEVERAL OCCURRENCES
COLUMN 17 PEAK WIND IN M.P.H.
PRELIMINARY LOCAL CLIMATOLOGICAL DATA (WS FORM: F-6) , PAGE 2
STATION: BOZEMAN/GALLATIN FIELD MT
MONTH: NOVEMBER
YEAR: 2022
LATITUDE: 45 46 N
LONGITUDE: 111 9 W
[TEMPERATURE DATA] [PRECIPITATION DATA] SYMBOLS USED IN COLUMN 16
AVERAGE MONTHLY: 17.7 TOTAL FOR MONTH: 0.19 1 = FOG OR MIST
DPTR FM NORMAL: -12.3 DPTR FM NORMAL: -0.55 2 = FOG REDUCING VISIBILITY
HIGHEST: 66 ON 1 GRTST 24HR 0.09 ON 14-15 TO 1/4 MILE OR LESS
LOWEST: -16 ON 19 3 = THUNDER
SNOW, ICE PELLETS, HAIL 4 = ICE PELLETS
TOTAL MONTH: 6.4 INCHES 5 = HAIL
GRTST 24HR 1.0 ON 2- 2 6 = FREEZING RAIN OR DRIZZLE
GRTST DEPTH: 6 ON 15,10 7 = DUSTSTORM OR SANDSTORM:
VSBY 1/2 MILE OR LESS
8 = SMOKE OR HAZE
[NO. OF DAYS WITH] [WEATHER - DAYS WITH] 9 = BLOWING SNOW
X = TORNADO
MAX 32 OR BELOW: 20 0.01 INCH OR MORE: 7
MAX 90 OR ABOVE: 0 0.10 INCH OR MORE: 0
MIN 32 OR BELOW: 29 0.50 INCH OR MORE: 0
MIN 0 OR BELOW: 12 1.00 INCH OR MORE: 0
[HDD (BASE 65) ]
TOTAL THIS MO. 1411 CLEAR (SCALE 0-3) 10
DPTR FM NORMAL 359 PTCLDY (SCALE 4-7) 13
TOTAL FM JUL 1 2160 CLOUDY (SCALE 8-10) 7
DPTR FM NORMAL 59
[CDD (BASE 65) ]
TOTAL THIS MO. 0
DPTR FM NORMAL 0 [PRESSURE DATA]
TOTAL FM JAN 1 451 HIGHEST SLP 30.86 ON 18
DPTR FM NORMAL 218 LOWEST SLP 29.20 ON 5
[REMARKS]
#FINAL-11-22#