000
CXUS55 KCAE 072020
CF6CAE
PRELIMINARY LOCAL CLIMATOLOGICAL DATA (WS FORM: F-6)
STATION: COLUMBIA METRO AIRPORT SC
MONTH: DECEMBER
YEAR: 2020
LATITUDE: 33 57 N
LONGITUDE: 81 7 W
TEMPERATURE IN F: :PCPN: SNOW: WIND :SUNSHINE: SKY :PK WND
================================================================================
1 2 3 4 5 6A 6B 7 8 9 10 11 12 13 14 15 16 17 18
12Z AVG MX 2MIN
DY MAX MIN AVG DEP HDD CDD WTR SNW DPTH SPD SPD DIR MIN PSBL S-S WX SPD DR
================================================================================
1 48 30 39 -11 26 0 0.00 0.0 0 12.9 23 260 M M 1 32 270
2 56 26 41 -9 24 0 0.00 0.0 0 3.6 9 310 M M 1 16 340
3 58 26 42 -8 23 0 0.00 0.0 0 1.7 9 160 M M 4 1 12 140
4 69 39 54 5 11 0 0.37 0.0 0 7.2 32 270 M M 7 1 39 280
5 59 36 48 -1 17 0 0.00 0.0 0 7.5 21 260 M M 0 28 260
6 60 30 45 -4 20 0 T 0.0 0 3.3 13 190 M M 6 1 16 180
7 54 41 48 0 17 0 0.31 0.0 0 4.2 16 310 M M 9 1 22 310
8 50 28 39 -9 26 0 0.00 0.0 0 3.8 10 300 M M 1 1 13 330
9 58 27 43 -5 22 0 0.00 0.0 0 3.4 16 270 M M 2 1 19 270
10 66 33 50 2 15 0 0.00 0.0 0 2.7 12 150 M M 1 1 17 120
11 69 34 52 4 13 0 0.00 0.0 0 1.2 8 190 M M 2 18 10 180
12 69 43 56 9 9 0 0.00 0.0 0 2.9 16 220 M M 7 18 24 200
13 74 55 65 18 0 0 T 0.0 0 3.8 12 260 M M 7 1 14 250
14 68 46 57 10 8 0 0.21 0.0 0 8.1 31 300 M M 6 1 38 290
15 50 38 44 -3 21 0 T 0.0 0 9.0 17 80 M M 6 23 80
16 45 38 42 -4 23 0 0.33 0.0 0 6.1 13 100 M M 10 1 17 10
17 45 39 42 -4 23 0 0.00 0.0 0 5.9 14 270 M M 10 18 19 280
18 51 29 40 -6 25 0 0.00 0.0 0 4.7 13 20 M M 5 16 10
19 52 25 39 -7 26 0 0.00 0.0 0 2.7 9 120 M M 2 12 160
20 51 41 46 0 19 0 0.49 0.0 0 2.7 8 360 M M 10 1 12 20
21 61 46 54 8 11 0 0.00 0.0 0 6.9 18 240 M M 5 1 23 250
22 64 34 49 4 16 0 0.00 0.0 0 4.6 17 270 M M 0 20 270
23 64 29 47 2 18 0 0.00 0.0 0 4.6 14 110 M M 4 1 19 120
24 64 38 51 6 14 0 0.91 0.0 0 7.8 35 250 M M 9 1 43 260
25 39 26 33 -12 32 0 0.00 0.0 0 17.3 28 270 M M 2 37 260
26 45 20 33 -12 32 0 0.00 0.0 0 2.8 12 260 M M 0 14 230
27 57 22 40 -5 25 0 0.00 0.0 0 1.7 10 140 M M 1 16 150
28 64 26 45 0 20 0 0.00 0.0 0 4.3 16 270 M M 2 1 19 250
29 63 34 49 4 16 0 0.00 0.0 0 4.8 13 110 M M 1 18 18 110
30 46 42 44 -1 21 0 0.01 0.0 0 5.2 10 90 M M 8 18 13 80
31 53 44 49 5 16 0 0.86 0.0 0 0.7 8 80 M M 10 12 10 80
================================================================================
SM 1772 1065 589 0 3.49 0.0 158.1 M 139
================================================================================
AV 57.2 34.4 5.1 FASTST M M 4 MAX(MPH)
MISC ----> 35 250 43 260
================================================================================
NOTES:
# LAST OF SEVERAL OCCURRENCES
COLUMN 17 PEAK WIND IN M.P.H.
PRELIMINARY LOCAL CLIMATOLOGICAL DATA (WS FORM: F-6) , PAGE 2
STATION: COLUMBIA METRO AIRPORT SC
MONTH: DECEMBER
YEAR: 2020
LATITUDE: 33 57 N
LONGITUDE: 81 7 W
[TEMPERATURE DATA] [PRECIPITATION DATA] SYMBOLS USED IN COLUMN 16
AVERAGE MONTHLY: 45.8 TOTAL FOR MONTH: 3.49 1 = FOG OR MIST
DPTR FM NORMAL: -0.9 DPTR FM NORMAL: 0.27 2 = FOG REDUCING VISIBILITY
HIGHEST: 74 ON 13 GRTST 24HR 0.91 ON 24-24 TO 1/4 MILE OR LESS
LOWEST: 20 ON 26 3 = THUNDER
SNOW, ICE PELLETS, HAIL 4 = ICE PELLETS
TOTAL MONTH: 0.0 INCH 5 = HAIL
GRTST 24HR 0.0 6 = FREEZING RAIN OR DRIZZLE
GRTST DEPTH: 0 7 = DUSTSTORM OR SANDSTORM:
VSBY 1/2 MILE OR LESS
8 = SMOKE OR HAZE
[NO. OF DAYS WITH] [WEATHER - DAYS WITH] 9 = BLOWING SNOW
X = TORNADO
MAX 32 OR BELOW: 0 0.01 INCH OR MORE: 8
MAX 90 OR ABOVE: 0 0.10 INCH OR MORE: 7
MIN 32 OR BELOW: 13 0.50 INCH OR MORE: 2
MIN 0 OR BELOW: 0 1.00 INCH OR MORE: 0
[HDD (BASE 65) ]
TOTAL THIS MO. 589 CLEAR (SCALE 0-3) 14
DPTR FM NORMAL 20 PTCLDY (SCALE 4-7) 10
TOTAL FM JUL 1 839 CLOUDY (SCALE 8-10) 7
DPTR FM NORMAL -170
[CDD (BASE 65) ]
TOTAL THIS MO. 0
DPTR FM NORMAL -3 [PRESSURE DATA]
TOTAL FM JAN 1 2380 HIGHEST SLP 30.45 ON 19
DPTR FM NORMAL 210 LOWEST SLP 29.59 ON 24
[REMARKS]
#FINAL-12-20#