000
CXUS55 KGJT 010910
CF6CAG
PRELIMINARY LOCAL CLIMATOLOGICAL DATA (WS FORM: F-6)
STATION: CRAIG CO
MONTH: JUNE
YEAR: 2023
LATITUDE: 40 30 N
LONGITUDE: 107 32 W
TEMPERATURE IN F: :PCPN: SNOW: WIND :SUNSHINE: SKY :PK WND
================================================================================
1 2 3 4 5 6A 6B 7 8 9 10 11 12 13 14 15 16 17 18
12Z AVG MX 2MIN
DY MAX MIN AVG DEP HDD CDD WTR SNW DPTH SPD SPD DIR MIN PSBL S-S WX SPD DR
================================================================================
1 73 38 56 -1 9 0 0.18 M M 5.6 30 210 M M 4 1 40 210
2 55 48 52 -5 13 0 0.21 M M 5.2 17 240 M M 10 1 22 220
3 66 46 56 -1 9 0 T M M 3.5 16 150 M M 7 18 20 160
4 72 42 57 -1 8 0 0.00 M M 4.3 13 80 M M 0 17 90
5 79 40 60 2 5 0 0.00 M M 4.0 18 220 M M 1 23 210
6 81 40 61 3 4 0 0.00 M M 4.8 32 170 M M 1 41 170
7 72 44 58 0 7 0 T M M 6.6 21 80 M M 4 3 26 80
8 79 45 62 3 3 0 0.00 M M 4.4 15 250 M M 2 20 280
9 80 40 60 1 5 0 0.00 M M 3.7 15 100 M M 1 3 25 140
10 77 41 59 0 6 0 0.02 M M 5.2 25 140 M M 2 3 32 150
11 80 38 59 -1 6 0 0.01 M M 3.8 39 170 M M 1 3 55 180
12 70 47 59 -1 6 0 0.01 M M 8.5 26 280 M M 4 3 38 280
13 71 44 58 -2 7 0 0.03 M M 4.1 18 190 M M 7 3 24 190
14 76 40 58 -2 7 0 0.06 M M 7.7 31 210 M M 5 3 45 210
15 68 46 57 -4 8 0 0.38 M M 4.7 22 200 M M 9 13 28 210
16 70 41 56 -5 9 0 T M M 4.9 28 160 M M 4 123 38 160
17 72 46 59 -2 6 0 0.03 M M 6.9 23 210 M M 5 13 31 210
18 80 39 60 -2 5 0 0.00 M M 8.4 29 240 M M 3 39 220
19 84 43 64 2 1 0 0.00 M M 11.4 30 210 M M 0 41 230
20 82 39 61 -1 4 0 0.00 M M 8.5 26 210 M M 0 35 210
21 85 39 62 0 3 0 0.00 M M 6.8 22 230 M M 0 34 250
22 86 40 63 0 2 0 0.00 M M 4.8 21 290 M M 0 27 260
23 83 42 63 0 2 0 0.00 M M 11.2 36 230 M M 0 45 230
24 80 33 57 -6 8 0 0.00 M M 4.1 20 260 M M 0 29 250
25 86 34 60 -4 5 0 0.00 M M 5.9 22 240 M M 0 35 240
26 88 34 61 -3 4 0 0.00 M M 7.9 26 240 M M 0 39 190
27 85 44 65 1 0 0 0.00 M M 13.1 36 240 M M 0 47 240
28 85 36 61 -3 4 0 0.00 M M 6.5 28 350 M M 0 38 350
29 85 41 63 -2 2 0 T M M 5.3 24 300 M M 1 3 36 300
30 79 39 59 -6 6 0 T M M 7.0 17 360 M M 1 3 24 350
================================================================================
SM 2329 1229 164 0 0.93 M 188.8 M 72
================================================================================
AV 77.6 41.0 6.3 FASTST M M 2 MAX(MPH)
MISC ----> 39 170 55 180
================================================================================
NOTES:
# LAST OF SEVERAL OCCURRENCES
COLUMN 17 PEAK WIND IN M.P.H.
PRELIMINARY LOCAL CLIMATOLOGICAL DATA (WS FORM: F-6) , PAGE 2
STATION: CRAIG CO
MONTH: JUNE
YEAR: 2023
LATITUDE: 40 30 N
LONGITUDE: 107 32 W
[TEMPERATURE DATA] [PRECIPITATION DATA] SYMBOLS USED IN COLUMN 16
AVERAGE MONTHLY: 59.3 TOTAL FOR MONTH: 0.93 1 = FOG OR MIST
DPTR FM NORMAL: -1.6 DPTR FM NORMAL: -0.06 2 = FOG REDUCING VISIBILITY
HIGHEST: 88 ON 26 GRTST 24HR 0.40 ON 14-15 TO 1/4 MILE OR LESS
LOWEST: 33 ON 24 3 = THUNDER
SNOW, ICE PELLETS, HAIL 4 = ICE PELLETS
TOTAL MONTH: M 5 = HAIL
GRTST 24HR M ON M 6 = FREEZING RAIN OR DRIZZLE
GRTST DEPTH: M ON M 7 = DUSTSTORM OR SANDSTORM:
VSBY 1/2 MILE OR LESS
8 = SMOKE OR HAZE
[NO. OF DAYS WITH] [WEATHER - DAYS WITH] 9 = BLOWING SNOW
X = TORNADO
MAX 32 OR BELOW: 0 0.01 INCH OR MORE: 9
MAX 90 OR ABOVE: 0 0.10 INCH OR MORE: 3
MIN 32 OR BELOW: 0 0.50 INCH OR MORE: 0
MIN 0 OR BELOW: 0 1.00 INCH OR MORE: 0
[HDD (BASE 65) ]
TOTAL THIS MO. 164 CLEAR (SCALE 0-3) 20
DPTR FM NORMAL 21 PTCLDY (SCALE 4-7) 8
TOTAL FM JUL 1 9138 CLOUDY (SCALE 8-10) 2
DPTR FM NORMAL 903
[CDD (BASE 65) ]
TOTAL THIS MO. 0
DPTR FM NORMAL -20 [PRESSURE DATA]
TOTAL FM JAN 1 0 HIGHEST SLP M ON M
DPTR FM NORMAL -21 LOWEST SLP 29.64 ON 18
[REMARKS]
#FINAL-06-23#