000
CXUS51 KCLE 021500
CLSCAK
CLIMATE REPORT
NATIONAL WEATHER SERVICE CLEVELAND, OH
1100 AM EDT WED JUN 02 2021
...................................
...THE AKRON CANTON OH CLIMATE SUMMARY FOR THE SEASON, FROM
3/1/2021 TO 5/31/2021...
CLIMATE NORMAL PERIOD 1991 TO 2020
CLIMATE RECORD PERIOD 1887 TO 2021
WEATHER OBSERVED NORMAL DEPART
VALUE DATE(S) VALUE FROM
NORMAL
................................................
TEMPERATURE (F)
RECORD
HIGH 94 05/31/1895
LOW -6 03/12/1948
HIGHEST 88 05/21
05/25
LOWEST 16 03/05
AVG. MAXIMUM 63.2 60.8 2.4
AVG. MINIMUM 41.0 39.8 1.2
MEAN 52.1 50.3 1.8
DAYS MAX >= 90 0 0.4
DAYS MAX <= 32 0 4.0
DAYS MIN <= 32 22 28.6
DAYS MIN <= 0 0 0.0
PRECIPITATION (INCHES)
RECORD
MAXIMUM 18.18 1964
MINIMUM 4.26 1915
TOTALS 8.80 11.22 -2.42
DAYS >= .01 30 42.9
DAYS >= .10 19 25.4
DAYS >= .50 6 6.7
DAYS >= 1.00 2 2.1
SNOWFALL (INCHES)
RECORDS
TOTAL 30.7 1987
TOTALS 2.6 9.3
DAYS >= TRACE 10
DAYS >= 1.0 1 3.3
DEGREE DAYS
HEATING TOTAL 1266 1422 -156
COOLING TOTAL 100 73 27
................................................
WIND (MPH)
HIGHEST GUST SPEED/DIRECTION 57/240 DATE 03/26
SKY COVER
POSSIBLE SUNSHINE (PERCENT) MM
NUMBER OF DAYS FAIR 19
NUMBER OF DAYS PC 44
NUMBER OF DAYS CLOUDY 29
WEATHER CONDITIONS. NUMBER OF DAYS WITH
THUNDERSTORM 1 MIXED PRECIP 0
HEAVY RAIN 3 RAIN 8
LIGHT RAIN 35 FREEZING RAIN 0
LT FREEZING RAIN 0 HAIL 0
HEAVY SNOW 0 SNOW 2
LIGHT SNOW 9 SLEET 0
FOG 35 FOG W/VIS <= 1/4 MILE 0
HAZE 27
- INDICATES NEGATIVE NUMBERS.
R INDICATES RECORD WAS SET OR TIED.
MM INDICATES DATA IS MISSING.
T INDICATES TRACE AMOUNT.
$$