000
CXUS51 KCAR 010700
CF6CAR
PRELIMINARY LOCAL CLIMATOLOGICAL DATA (WS FORM: F-6)
STATION: CARIBOU ME
MONTH: MARCH
YEAR: 2022
LATITUDE: 46 52 N
LONGITUDE: 68 1 W
TEMPERATURE IN F: :PCPN: SNOW: WIND :SUNSHINE: SKY :PK WND
================================================================================
1 2 3 4 5 6A 6B 7 8 9 10 11 12 13 14 15 16 17 18
12Z AVG MX 2MIN
DY MAX MIN AVG DEP HDD CDD WTR SNW DPTH SPD SPD DIR MIN PSBL S-S WX SPD DR
================================================================================
1 20 -9 6 -13 59 0 0.07 1.0 15 6.5 14 180 M M 4 1 20 170
2 27 10 19 -1 46 0 0.11 2.0 17 6.3 20 330 M M 8 1 26 330
3 15 -6 5 -15 60 0 T T 16 8.5 21 340 M M 6 1 27 300
4 23 -9 7 -13 58 0 0.00 0.0 16 8.1 18 250 M M 1 29 240
5 30 2 16 -5 49 0 0.00 0.0 16 5.5 15 300 M M 0 24 300
6 35 18 27 6 38 0 0.61 3.6 16 6.1 15 150 M M 9 126 19 140
7 37 30 34 12 31 0 0.32 1.6 17 5.8 16 320 M M 10 16 21 330
8 33 12 23 1 42 0 0.18 1.7 20 13.1 29 300 M M 7 1 40 310
9 30 4 17 -5 48 0 0.00 0.0 19 5.5 13 180 M M 3 17 240
10 40 19 30 7 35 0 0.00 0.0 19 6.6 21 250 M M 4 28 250
11 36 20 28 5 37 0 0.00 0.0 18 3.9 8 30 M M 7 10 120
12 36 18 27 4 38 0 0.83 6.2 17 12.9 26 330 M M 10 129 37 320
13 20 9 15 -9 50 0 0.01 0.1 23 14.2 28 300 M M 6 9 39 300
14 30 4 17 -7 48 0 T T 22 8.0 17 220 M M 6 24 230
15 32 17 25 1 40 0 T T 20 6.1 16 330 M M 3 20 330
16 46 14 30 5 35 0 0.01 0.2 20 6.7 17 240 M M 6 24 220
17 47 34 41 16 24 0 T T 18 7.8 17 190 M M 8 26 180
18 47 30 39 13 26 0 0.00 0.0 17 4.7 16 310 M M 5 12 20 320
19 33 27 30 4 35 0 0.75 4.0 15 7.0 15 110 M M 7 1246 21 110
20 35 30 33 7 32 0 0.21 0.5 19 4.6 15 330 M M 10 126 20 330
21 36 25 31 4 34 0 0.04 0.3 19 12.2 22 310 M M 10 1 32 300
22 31 19 25 -2 40 0 T 0.1 17 15.4 25 320 M M 4 36 330
23 40 24 32 4 33 0 0.00 0.0 17 9.3 17 360 M M 0 22 350
24 35 22 29 1 36 0 T T 17 9.0 17 140 M M 5 168 23 180
25 36 31 34 6 31 0 0.58 4.5 18 5.8 21 70 M M 10 126 28 60
26 38 29 34 5 31 0 0.02 T 19 2.6 14 300 M M 10 1 20 290
27 41 32 37 8 28 0 0.22 T 18 2.5 10 250 M M 10 1 14 240
28 32 19 26 -4 39 0 T T 17 11.1 18 330 M M 10 25 340
29 27 14 21 -9 44 0 0.03 0.4 17 15.0 23 320 M M 6 32 310
30 39 17 28 -2 37 0 0.00 0.0 17 9.5 21 320 M M 2 31 320
31 38 29 34 3 31 0 0.01 T 17 7.5 17 170 M M 9 12 23 150
================================================================================
SM 1045 535 1215 0 4.00 26.2 247.8 M 196
================================================================================
AV 33.7 17.3 8.0 FASTST M M 6 MAX(MPH)
MISC ----> 29 300 40 310
================================================================================
NOTES:
# LAST OF SEVERAL OCCURRENCES
COLUMN 17 PEAK WIND IN M.P.H.
PRELIMINARY LOCAL CLIMATOLOGICAL DATA (WS FORM: F-6) , PAGE 2
STATION: CARIBOU ME
MONTH: MARCH
YEAR: 2022
LATITUDE: 46 52 N
LONGITUDE: 68 1 W
[TEMPERATURE DATA] [PRECIPITATION DATA] SYMBOLS USED IN COLUMN 16
AVERAGE MONTHLY: 25.5 TOTAL FOR MONTH: 4.00 1 = FOG OR MIST
DPTR FM NORMAL: 0.5 DPTR FM NORMAL: 1.23 2 = FOG REDUCING VISIBILITY
HIGHEST: 47 ON 18,17 GRTST 24HR 0.95 ON 19-20 TO 1/4 MILE OR LESS
LOWEST: -9 ON 4, 1 3 = THUNDER
SNOW, ICE PELLETS, HAIL 4 = ICE PELLETS
TOTAL MONTH: 26.3 INCHES 5 = HAIL
GRTST 24HR 6.2 ON 12-12 6 = FREEZING RAIN OR DRIZZLE
GRTST DEPTH: 23 ON 13 7 = DUSTSTORM OR SANDSTORM:
VSBY 1/2 MILE OR LESS
8 = SMOKE OR HAZE
[NO. OF DAYS WITH] [WEATHER - DAYS WITH] 9 = BLOWING SNOW
X = TORNADO
MAX 32 OR BELOW: 12 0.01 INCH OR MORE: 16
MAX 90 OR ABOVE: 0 0.10 INCH OR MORE: 9
MIN 32 OR BELOW: 30 0.50 INCH OR MORE: 4
MIN 0 OR BELOW: 3 1.00 INCH OR MORE: 0
[HDD (BASE 65) ]
TOTAL THIS MO. 1215 CLEAR (SCALE 0-3) 5
DPTR FM NORMAL -27 PTCLDY (SCALE 4-7) 14
TOTAL FM JUL 1 7446 CLOUDY (SCALE 8-10) 12
DPTR FM NORMAL -257
[CDD (BASE 65) ]
TOTAL THIS MO. 0
DPTR FM NORMAL 0 [PRESSURE DATA]
TOTAL FM JAN 1 0 HIGHEST SLP 30.36 ON 24
DPTR FM NORMAL 0 LOWEST SLP 28.86 ON 12
[REMARKS]
#FINAL-03-22#