000
CXUS55 KBOU 011000
CF6CCU
PRELIMINARY LOCAL CLIMATOLOGICAL DATA (WS FORM: F-6)
STATION: COPPER MTN/RED CLIFF
MONTH: NOVEMBER
YEAR: 2022
LATITUDE: 39 28 N
LONGITUDE: 106 9 W
TEMPERATURE IN F: :PCPN: SNOW: WIND :SUNSHINE: SKY :PK WND
================================================================================
1 2 3 4 5 6A 6B 7 8 9 10 11 12 13 14 15 16 17 18
12Z AVG MX 2MIN
DY MAX MIN AVG DEP HDD CDD WTR SNW DPTH SPD SPD DIR MIN PSBL S-S WX SPD DR
================================================================================
1 45 32 39 M 26 0 0.00 M M 8.5 25 170 M M 0 29 170
2 41 32 37 M 28 0 0.00 M M 20.3 35 180 M M 0 41 180
3 36 19 28 M 37 0 0.04 M M 12.2 28 160 M M 8 8 38 160
4 19 14 17 M 48 0 0.00 M M 10.6 17 290 M M 10 8 27 290
5 28 14 21 M 44 0 0.00 M M 17.2 37 270 M M 10 8 48 270
6 36 28 32 M 33 0 0.00 M M 20.0 32 160 M M 8 8 45 250
7 43 32 38 M 27 0 0.00 M M 25.7 38 170 M M 0 43 180
8 45 34 40 M 25 0 0.00 M M 18.3 27 160 M M 0 36 160
9 41 14 28 M 37 0 0.00 M M 23.3 41 170 M M 3 52 160
10 21 9 15 M 50 0 0.00 M M 10.2 29 260 M M 7 39 260
11 18 5 12 M 53 0 0.00 M M 7.6 14 270 M M 6 8 16 260
12 37 12 25 M 40 0 0.02 M M 6.8 17 170 M M 0 M M
13 32 19 26 M 39 0 0.00 M M 6.2 13 150 M M 3 22 150
14 19 9 14 M 51 0 0.00 M M 8.2 18 280 M M 10 8 25 280
15 9 1 5 M 60 0 0.00 M M 10.9 16 280 M M 9 8 25 290
16 14 1 8 M 57 0 0.00 M M 6.8 21 280 M M 7 25 260
17 19 9 14 M 51 0 0.00 M M 18.6 32 280 M M 8 8 41 270
18 14 9 12 M 53 0 0.00 M M 9.7 21 280 M M 9 8 28 280
19 25 5 15 M 50 0 0.02 M M 5.0 10 270 M M 0 M M
20 32 14 23 M 42 0 0.02 M M 6.9 14 300 M M 0 20 300
21 37 23 30 M 35 0 0.00 M M 4.6 10 180 M M 0 M M
22 34 21 28 M 37 0 0.00 M M 5.4 12 270 M M 0 M M
23 25 14 20 M 45 0 0.00 M M 10.1 24 280 M M 4 8 31 280
24 27 12 20 M 45 0 0.00 M M 3.7 9 310 M M 4 21 0
25 43 27 35 M 30 0 0.00 M M 4.7 20 20 M M 0 26 20
26 34 21 28 M 37 0 0.00 M M 7.8 12 300 M M 3 17 290
27 23 16 20 M 45 0 0.00 M M 10.5 25 250 M M 9 38 250
28 27 19 23 M 42 0 0.00 M M 15.3 32 260 M M 8 8 47 260
29 19 1 10 M 55 0 0.00 M M 16.9 33 280 M M 8 8 47 280
30 32 1 17 M 48 0 0.01 M M 12.1 26 260 M M 3 8 40 260
================================================================================
SM 875 467 1270 0 0.11 M 344.2 M 137
================================================================================
AV 29.2 15.6 11.5 FASTST M M 5 MAX(MPH)
MISC ----> 41 170 52 160
================================================================================
NOTES:
# LAST OF SEVERAL OCCURRENCES
COLUMN 17 PEAK WIND IN M.P.H.
PRELIMINARY LOCAL CLIMATOLOGICAL DATA (WS FORM: F-6) , PAGE 2
STATION: COPPER MTN/RED CLIFF
MONTH: NOVEMBER
YEAR: 2022
LATITUDE: 39 28 N
LONGITUDE: 106 9 W
[TEMPERATURE DATA] [PRECIPITATION DATA] SYMBOLS USED IN COLUMN 16
AVERAGE MONTHLY: 22.4 TOTAL FOR MONTH: 0.11 1 = FOG OR MIST
DPTR FM NORMAL: 0.0 DPTR FM NORMAL: M 2 = FOG REDUCING VISIBILITY
HIGHEST: 45 ON 8, 1 GRTST 24HR 0.04 ON 3- 3 TO 1/4 MILE OR LESS
LOWEST: 1 ON 30,29 3 = THUNDER
SNOW, ICE PELLETS, HAIL 4 = ICE PELLETS
TOTAL MONTH: M 5 = HAIL
GRTST 24HR M ON M 6 = FREEZING RAIN OR DRIZZLE
GRTST DEPTH: M ON M 7 = DUSTSTORM OR SANDSTORM:
VSBY 1/2 MILE OR LESS
8 = SMOKE OR HAZE
[NO. OF DAYS WITH] [WEATHER - DAYS WITH] 9 = BLOWING SNOW
X = TORNADO
MAX 32 OR BELOW: 18 0.01 INCH OR MORE: 5
MAX 90 OR ABOVE: 0 0.10 INCH OR MORE: 0
MIN 32 OR BELOW: 29 0.50 INCH OR MORE: 0
MIN 0 OR BELOW: 0 1.00 INCH OR MORE: 0
[HDD (BASE 65) ]
TOTAL THIS MO. 1270 CLEAR (SCALE 0-3) 11
DPTR FM NORMAL M PTCLDY (SCALE 4-7) 11
TOTAL FM JUL 1 2925 CLOUDY (SCALE 8-10) 8
DPTR FM NORMAL M
[CDD (BASE 65) ]
TOTAL THIS MO. 0
DPTR FM NORMAL M [PRESSURE DATA]
TOTAL FM JAN 1 2 HIGHEST SLP M ON M
DPTR FM NORMAL M LOWEST SLP M ON M
[REMARKS]
#FINAL-11-22#