000
CXAK56 PAFC 011438
CF6CDB
PRELIMINARY LOCAL CLIMATOLOGICAL DATA (WS FORM: F-6)
STATION: COLD BAY
MONTH: MAY
YEAR: 2023
LATITUDE: 55 13 N
LONGITUDE: 162 44 W
TEMPERATURE IN F: :PCPN: SNOW: WIND :SUNSHINE: SKY :PK WND
================================================================================
1 2 3 4 5 6A 6B 7 8 9 10 11 12 13 14 15 16 17 18
12Z AVG MX 2MIN
DY MAX MIN AVG DEP HDD CDD WTR SNW DPTH SPD SPD DIR MIN PSBL S-S WX SPD DR
================================================================================
1 43 34 39 1 26 0 0.07 M M 18.6 31 290 M M 10 18 36 290
2 43 33 38 -1 27 0 0.04 M M 16.6 29 290 M M 10 1 38 290
3 44 35 40 1 25 0 0.06 M M 14.0 24 350 M M 10 1 28 350
4 39 33 36 -3 29 0 0.03 M M 16.6 25 310 M M 10 1 29 310
5 35 31 33 -6 32 0 0.03 M M 14.3 21 340 M M 10 18 26 330
6 39 23 31 -8 34 0 0.01 M M 10.3 18 330 M M 9 1 22 330
7 42 19 31 -9 34 0 0.36 M M 22.5 45 140 M M 7 18 54 130
8 45 34 40 0 25 0 0.28 M M 5.6 23 150 M M 9 1 30 150
9 47 34 41 1 24 0 0.03 M M 6.2 15 360 M M 10 1 18 30
10 41 33 37 -3 28 0 0.14 M M 17.2 31 10 M M 10 1 41 360
11 48 37 43 3 22 0 0.06 M M 18.5 33 360 M M 9 18 40 360
12 47 31 39 -1 26 0 0.00 M M 12.3 18 310 M M 7 128 25 310
13 45 27 36 -4 29 0 0.28 M M 25.0 40 150 M M 8 12 50 150
14 45 41 43 2 22 0 0.85 M M 17.7 37 140 M M 10 1 46 130
15 41 34 38 -3 27 0 0.64 M M 20.3 36 270 M M 10 1 42 270
16 51 34 43 2 22 0 0.04 M M 15.7 26 170 M M 10 1 33 170
17 44 32 38 -3 27 0 0.01 M M 9.2 16 310 M M 8 1 20 310
18 45 29 37 -4 28 0 0.00 M M 15.3 28 360 M M 9 36 360
19 43 36 40 -1 25 0 0.19 M M 13.5 22 340 M M 10 1 26 340
20 54 36 45 3 20 0 T M M 13.2 26 350 M M 5 1 32 360
21 49 38 44 2 21 0 0.03 M M 14.8 28 160 M M 9 1 32 160
22 48 39 44 2 21 0 0.01 M M 12.4 21 320 M M 9 24 310
23 46 40 43 1 22 0 0.01 M M 14.5 22 290 M M 10 26 290
24 47 38 43 1 22 0 0.04 M M 17.7 26 290 M M 9 18 31 300
25 47 32 40 -2 25 0 0.04 M M 17.0 28 140 M M 8 1 35 130
26 49 40 45 2 20 0 0.14 M M 16.3 25 270 M M 10 1 30 150
27 47 40 44 1 21 0 0.04 M M 24.9 36 260 M M 10 1 42 250
28 42 40 41 -2 24 0 0.41 M M 26.1 35 250 M M 10 1 42 250
29 44 39 42 -1 23 0 0.08 M M 16.9 24 260 M M 10 1 28 300
30 42 33 38 -6 27 0 0.23 M M 20.9 32 320 M M 10 1 39 310
31 47 35 41 -3 24 0 0.01 M M 19.9 29 340 M M 8 1 33 330
================================================================================
SM 1389 1060 782 0 4.16 M 504.0 M 284
================================================================================
AV 44.8 34.2 16.3 FASTST M M 9 MAX(MPH)
MISC ----> 45 140 54 130
================================================================================
NOTES:
# LAST OF SEVERAL OCCURRENCES
COLUMN 17 PEAK WIND IN M.P.H.
PRELIMINARY LOCAL CLIMATOLOGICAL DATA (WS FORM: F-6) , PAGE 2
STATION: COLD BAY
MONTH: MAY
YEAR: 2023
LATITUDE: 55 13 N
LONGITUDE: 162 44 W
[TEMPERATURE DATA] [PRECIPITATION DATA] SYMBOLS USED IN COLUMN 16
AVERAGE MONTHLY: 39.5 TOTAL FOR MONTH: 4.16 1 = FOG OR MIST
DPTR FM NORMAL: -1.5 DPTR FM NORMAL: 1.52 2 = FOG REDUCING VISIBILITY
HIGHEST: 54 ON 20 GRTST 24HR 1.12 ON 14-15 TO 1/4 MILE OR LESS
LOWEST: 19 ON 7 3 = THUNDER
SNOW, ICE PELLETS, HAIL 4 = ICE PELLETS
TOTAL MONTH: M 5 = HAIL
GRTST 24HR M ON M 6 = FREEZING RAIN OR DRIZZLE
GRTST DEPTH: M ON M 7 = DUSTSTORM OR SANDSTORM:
VSBY 1/2 MILE OR LESS
8 = SMOKE OR HAZE
[NO. OF DAYS WITH] [WEATHER - DAYS WITH] 9 = BLOWING SNOW
X = TORNADO
MAX 32 OR BELOW: 0 0.01 INCH OR MORE: 28
MAX 90 OR ABOVE: 0 0.10 INCH OR MORE: 10
MIN 32 OR BELOW: 8 0.50 INCH OR MORE: 2
MIN 0 OR BELOW: 0 1.00 INCH OR MORE: 0
[HDD (BASE 65) ]
TOTAL THIS MO. 782 CLEAR (SCALE 0-3) 0
DPTR FM NORMAL 38 PTCLDY (SCALE 4-7) 6
TOTAL FM JUL 1 8406 CLOUDY (SCALE 8-10) 25
DPTR FM NORMAL -418
[CDD (BASE 65) ]
TOTAL THIS MO. 0
DPTR FM NORMAL 0 [PRESSURE DATA]
TOTAL FM JAN 1 0 HIGHEST SLP 30.26 ON 31
DPTR FM NORMAL 0 LOWEST SLP 29.03 ON 1
[REMARKS]
#FINAL-05-23#