000
CXAK56 PAFC 061023
CF6CDB
PRELIMINARY LOCAL CLIMATOLOGICAL DATA (WS FORM: F-6)
STATION: COLD BAY
MONTH: JANUARY
YEAR: 2024
LATITUDE: 55 13 N
LONGITUDE: 162 44 W
TEMPERATURE IN F: :PCPN: SNOW: WIND :SUNSHINE: SKY :PK WND
================================================================================
1 2 3 4 5 6A 6B 7 8 9 10 11 12 13 14 15 16 17 18
12Z AVG MX 2MIN
DY MAX MIN AVG DEP HDD CDD WTR SNW DPTH SPD SPD DIR MIN PSBL S-S WX SPD DR
================================================================================
1 33 25 29 1 36 0 0.72 M M 7.5 14 300 M M 10 12 18 310
2 40 28 34 6 31 0 0.07 M M 28.2 49 120 M M 8 18 68 120
3 40 36 38 10 27 0 0.32 M M 27.6 45 140 M M 10 1 61 130
4 42 36 39 11 26 0 0.04 M M 14.8 30 230 M M 8 1 39 230
5 39 35 37 9 28 0 0.05 M M 21.5 53 140 M M 8 1 72 140
6 43 35 39 11 26 0 1.05 M M 39.1 52 170 M M 9 1 71 140
7 M M M M M M 0.00 M M M M M M M M M M
8 M M M M M M M M M M M M M M M M M
9 43 33 38 10 27 0 0.17 M M 31.7 55 170 M M 10 14 71 170
10 44 39 42 14 23 0 1.83 M M 26.5 46 170 M M 9 1 61 170
11 43 33 38 10 27 0 1.20 M M 16.6 38 160 M M 8 1 47 160
12 45 34 40 12 25 0 1.09 M M 34.9 63 140 M M 10 1 88 130
13 40 29 35 7 30 0 0.11 M M 28.3 48 150 M M 9 1 66 150
14 38 26 32 4 33 0 0.05 M M 10.2 24 230 M M 5 128 29 240
15 38 24 31 3 34 0 0.00 M M 8.4 22 150 M M 0 28 160
16 43 23 33 5 32 0 0.00 M M 4.4 15 40 M M 0 23 80
17 42 18 30 2 35 0 0.00 M M 7.1 33 20 M M 0 47 30
18 38 26 32 4 33 0 0.00 M M 24.9 41 10 M M 0 59 360
19 33 26 30 2 35 0 0.00 M M 25.3 37 360 M M 0 51 20
20 32 28 30 2 35 0 0.00 M M 22.0 31 20 M M 4 43 20
21 29 24 27 -1 38 0 T M M 33.0 47 20 M M 7 1 63 20
22 24 19 22 -6 43 0 T M M 35.9 47 20 M M 4 63 30
23 27 18 23 -6 42 0 0.00 M M 21.1 36 20 M M 0 49 20
24 38 12 25 -4 40 0 0.00 M M 3.4 10 290 M M 4 18 12 330
25 27 18 23 -6 42 0 T M M 18.4 37 20 M M 1 52 30
26 24 18 21 -8 44 0 T M M 30.6 44 20 M M 6 8 59 20
27 19 15 17 -12 48 0 0.02 M M 22.0 30 360 M M 10 18 40 10
28 17 12 15 -14 50 0 0.03 M M 16.3 25 340 M M 9 89 33 340
29 18 12 15 -14 50 0 0.03 M M 13.9 26 340 M M 9 189 35 330
30 29 4 17 -12 48 0 0.04 M M 10.4 25 150 M M 5 1 31 150
31 33 19 26 -4 39 0 T M M 11.4 26 150 M M 5 1 32 160
================================================================================
SM 1001 705 1027 0 6.82 M 595.4 M 168
================================================================================
AV 34.5 24.3 20.5 FASTST M M 6 MAX(MPH)
MISC ----> 63 140 88 130
================================================================================
NOTES:
# LAST OF SEVERAL OCCURRENCES
COLUMN 17 PEAK WIND IN M.P.H.
PRELIMINARY LOCAL CLIMATOLOGICAL DATA (WS FORM: F-6) , PAGE 2
STATION: COLD BAY
MONTH: JANUARY
YEAR: 2024
LATITUDE: 55 13 N
LONGITUDE: 162 44 W
[TEMPERATURE DATA] [PRECIPITATION DATA] SYMBOLS USED IN COLUMN 16
AVERAGE MONTHLY: 29.4 TOTAL FOR MONTH: 6.82 1 = FOG OR MIST
DPTR FM NORMAL: 1.0 DPTR FM NORMAL: 3.44 2 = FOG REDUCING VISIBILITY
HIGHEST: 45 ON 12 GRTST 24HR 1.83 ON 10-10 TO 1/4 MILE OR LESS
LOWEST: 4 ON 30 3 = THUNDER
SNOW, ICE PELLETS, HAIL 4 = ICE PELLETS
TOTAL MONTH: M 5 = HAIL
GRTST 24HR M ON M 6 = FREEZING RAIN OR DRIZZLE
GRTST DEPTH: M ON M 7 = DUSTSTORM OR SANDSTORM:
VSBY 1/2 MILE OR LESS
8 = SMOKE OR HAZE
[NO. OF DAYS WITH] [WEATHER - DAYS WITH] 9 = BLOWING SNOW
X = TORNADO
MAX 32 OR BELOW: 10 0.01 INCH OR MORE: 16
MAX 90 OR ABOVE: 0 0.10 INCH OR MORE: 8
MIN 32 OR BELOW: 21 0.50 INCH OR MORE: 5
MIN 0 OR BELOW: 0 1.00 INCH OR MORE: 4
[HDD (BASE 65) ]
TOTAL THIS MO. 1027 CLEAR (SCALE 0-3) 7
DPTR FM NORMAL -106 PTCLDY (SCALE 4-7) 10
TOTAL FM JUL 1 4797 CLOUDY (SCALE 8-10) 14
DPTR FM NORMAL -325
[CDD (BASE 65) ]
TOTAL THIS MO. 0
DPTR FM NORMAL 0 [PRESSURE DATA]
TOTAL FM JAN 1 0 HIGHEST SLP 30.40 ON 17
DPTR FM NORMAL 0 LOWEST SLP 28.15 ON 3
[REMARKS]
#FINAL-01-24#