540
CXAK56 PAFC 060203
CF6CDB
PRELIMINARY LOCAL CLIMATOLOGICAL DATA (WS FORM: F-6)
STATION: COLD BAY
MONTH: SEPTEMBER
YEAR: 2020
LATITUDE: 55 13 N
LONGITUDE: 162 44 W
TEMPERATURE IN F: :PCPN: SNOW: WIND :SUNSHINE: SKY :PK WND
================================================================================
1 2 3 4 5 6A 6B 7 8 9 10 11 12 13 14 15 16 17 18
12Z AVG MX 2MIN
DY MAX MIN AVG DEP HDD CDD WTR SNW DPTH SPD SPD DIR MIN PSBL S-S WX SPD DR
================================================================================
1 56 47 52 1 13 0 0.05 M M 16.3 29 260 M M 9 1 34 270
2 56 44 50 -1 15 0 0.03 M M 12.6 20 270 M M 8 1 23 280
3 55 35 45 -6 20 0 T M M 8.3 16 310 M M 4 8 19 300
4 58 32 45 -6 20 0 0.00 M M 6.5 15 140 M M 1 M M
5 53 46 50 0 15 0 0.10 M M 18.0 33 20 M M 7 46 20
6 58 50 54 4 11 0 0.24 M M 26.4 53 150 M M 9 1 72 150
7 61 47 54 4 11 0 0.05 M M 16.7 33 210 M M 7 1 39 210
8 55 38 47 -3 18 0 T M M 5.9 12 300 M M 9 17 290
9 56 37 47 -3 18 0 T M M 11.0 21 360 M M 2 27 360
10 56 34 45 -5 20 0 0.00 M M 7.2 17 40 M M 0 8 23 20
11 56 33 45 -4 20 0 0.00 M M 4.6 15 300 M M 5 12 18 310
12 58 33 46 -3 19 0 0.00 M M 9.9 22 160 M M 8 12 28 150
13 54 50 52 3 13 0 0.27 M M 20.6 36 160 M M 10 1 45 150
14 54 48 51 2 14 0 0.55 M M 23.8 40 140 M M 10 1 49 140
15 60 36 48 0 17 0 T M M 12.9 26 170 M M 3 32 170
16 51 45 48 0 17 0 1.95 M M 19.5 38 260 M M 10 1 45 260
17 53 46 50 2 15 0 0.39 M M 27.0 38 280 M M 9 1 46 250
18 54 40 47 -1 18 0 0.00 M M 10.8 21 160 M M 7 25 160
19 54 40 47 0 18 0 0.00 M M 14.0 22 280 M M 5 27 280
20 58 46 52 5 13 0 0.40 M M 17.9 39 140 M M 10 1 49 130
21 53 47 50 3 15 0 0.31 M M 15.6 30 360 M M 10 12 37 340
22 51 46 49 2 16 0 0.23 M M 23.8 31 330 M M 10 1 39 330
23 51 42 47 1 18 0 0.02 M M 22.0 31 320 M M 8 40 330
24 49 40 45 -1 20 0 0.07 M M 16.4 28 330 M M 9 35 320
25 49 37 43 -3 22 0 0.23 M M 11.3 24 300 M M 8 1 29 290
26 47 35 41 -5 24 0 0.01 M M 10.5 22 330 M M 8 27 350
27 48 38 43 -2 22 0 0.11 M M 15.6 28 280 M M 8 18 32 310
28 48 38 43 -2 22 0 0.28 M M 12.6 22 290 M M 9 1 26 280
29 53 43 48 3 17 0 0.11 M M 15.0 37 10 M M 8 1 48 20
30 46 43 45 0 20 0 0.54 M M 24.2 41 360 M M 10 1 52 360
================================================================================
SM 1611 1236 521 0 5.94 M 456.9 M 221
================================================================================
AV 53.7 41.2 15.2 FASTST M M 7 MAX(MPH)
MISC ----> 53 150 72 150
================================================================================
NOTES:
# LAST OF SEVERAL OCCURRENCES
COLUMN 17 PEAK WIND IN M.P.H.
PRELIMINARY LOCAL CLIMATOLOGICAL DATA (WS FORM: F-6) , PAGE 2
STATION: COLD BAY
MONTH: SEPTEMBER
YEAR: 2020
LATITUDE: 55 13 N
LONGITUDE: 162 44 W
[TEMPERATURE DATA] [PRECIPITATION DATA] SYMBOLS USED IN COLUMN 16
AVERAGE MONTHLY: 47.5 TOTAL FOR MONTH: 5.94 1 = FOG OR MIST
DPTR FM NORMAL: -0.6 DPTR FM NORMAL: 1.21 2 = FOG REDUCING VISIBILITY
HIGHEST: 61 ON 7 GRTST 24HR 2.26 ON 16-17 TO 1/4 MILE OR LESS
LOWEST: 32 ON 4 3 = THUNDER
SNOW, ICE PELLETS, HAIL 4 = ICE PELLETS
TOTAL MONTH: M 5 = HAIL
GRTST 24HR M ON M 6 = FREEZING RAIN OR DRIZZLE
GRTST DEPTH: M ON M 7 = DUSTSTORM OR SANDSTORM:
VSBY 1/2 MILE OR LESS
8 = SMOKE OR HAZE
[NO. OF DAYS WITH] [WEATHER - DAYS WITH] 9 = BLOWING SNOW
X = TORNADO
MAX 32 OR BELOW: 0 0.01 INCH OR MORE: 20
MAX 90 OR ABOVE: 0 0.10 INCH OR MORE: 14
MIN 32 OR BELOW: 1 0.50 INCH OR MORE: 3
MIN 0 OR BELOW: 0 1.00 INCH OR MORE: 1
[HDD (BASE 65) ]
TOTAL THIS MO. 521 CLEAR (SCALE 0-3) 4
DPTR FM NORMAL 14 PTCLDY (SCALE 4-7) 10
TOTAL FM JUL 1 1218 CLOUDY (SCALE 8-10) 16
DPTR FM NORMAL -128
[CDD (BASE 65) ]
TOTAL THIS MO. 0
DPTR FM NORMAL 0 [PRESSURE DATA]
TOTAL FM JAN 1 0 HIGHEST SLP 30.48 ON 10
DPTR FM NORMAL 0 LOWEST SLP 29.02 ON 21
[REMARKS]
#FINAL-09-20#