090
CXAK56 PAFC 060203
CF6CDB
PRELIMINARY LOCAL CLIMATOLOGICAL DATA (WS FORM: F-6)
STATION: COLD BAY
MONTH: JULY
YEAR: 2020
LATITUDE: 55 13 N
LONGITUDE: 162 44 W
TEMPERATURE IN F: :PCPN: SNOW: WIND :SUNSHINE: SKY :PK WND
================================================================================
1 2 3 4 5 6A 6B 7 8 9 10 11 12 13 14 15 16 17 18
12Z AVG MX 2MIN
DY MAX MIN AVG DEP HDD CDD WTR SNW DPTH SPD SPD DIR MIN PSBL S-S WX SPD DR
================================================================================
1 57 46 52 3 13 0 0.01 M M 28.3 39 140 M M 7 18 48 150
2 57 50 54 5 11 0 0.41 M M 25.7 38 140 M M 10 1 48 150
3 61 50 56 7 9 0 0.07 M M 23.1 35 140 M M 9 1 44 140
4 61 51 56 6 9 0 T M M 27.4 41 140 M M 7 1 49 140
5 56 48 52 2 13 0 0.16 M M 12.9 22 140 M M 10 12 30 140
6 54 48 51 1 14 0 T M M 14.3 21 310 M M 10 25 310
7 58 48 53 3 12 0 0.00 M M 9.5 16 290 M M 7 23 320
8 53 47 50 0 15 0 0.03 M M 10.9 20 320 M M 10 18 23 320
9 53 47 50 0 15 0 0.02 M M 11.3 17 330 M M 10 1 20 320
10 56 47 52 2 13 0 T M M 6.6 13 300 M M 10 1 15 300
11 60 49 55 5 10 0 0.00 M M 6.6 14 150 M M 8 16 150
12 60 50 55 4 10 0 0.00 M M 6.0 13 20 M M 10 15 20
13 65 50 58 7 7 0 0.00 M M 7.6 18 170 M M 9 8 24 150
14 64 50 57 6 8 0 0.00 M M 18.3 30 160 M M 2 8 35 160
15 57 52 55 4 10 0 0.01 M M 21.1 31 140 M M 9 18 38 140
16 58 50 54 3 11 0 T M M 10.6 18 140 M M 10 18 22 140
17 60 50 55 4 10 0 0.02 M M 7.0 13 150 M M 9 16 130
18 61 53 57 6 8 0 0.01 M M 7.3 14 140 M M 10 18 17 190
19 64 52 58 7 7 0 0.02 M M 7.3 15 340 M M 10 1 17 330
20 65 50 58 7 7 0 T M M 8.5 16 280 M M 9 18 20 280
21 57 48 53 2 12 0 0.02 M M 11.2 18 260 M M 9 1 22 270
22 59 47 53 1 12 0 0.03 M M 13.1 25 150 M M 8 1 31 150
23 61 50 56 4 9 0 0.03 M M 21.3 35 140 M M 10 1 43 140
24 56 49 53 1 12 0 0.04 M M 7.6 18 150 M M 10 1 24 150
25 58 50 54 2 11 0 0.04 M M 15.2 24 260 M M 10 1 30 270
26 59 48 54 2 11 0 0.03 M M 12.0 22 270 M M 10 1 26 270
27 60 49 55 3 10 0 0.00 M M 7.3 15 310 M M 10 8 19 320
28 65 39 52 0 13 0 0.00 M M 10.4 22 150 M M 2 128 28 150
29 58 51 55 3 10 0 0.53 M M 21.5 33 140 M M 8 1 44 140
30 57 50 54 2 11 0 0.03 M M 16.6 25 260 M M 10 1 29 250
31 57 50 54 2 11 0 0.03 M M 17.3 26 270 M M 10 1 31 270
================================================================================
SM 1827 1519 334 0 1.54 M 423.8 M 273
================================================================================
AV 58.9 49.0 13.7 FASTST M M 9 MAX(MPH)
MISC ----> 41 140 49 140
================================================================================
NOTES:
# LAST OF SEVERAL OCCURRENCES
COLUMN 17 PEAK WIND IN M.P.H.
PRELIMINARY LOCAL CLIMATOLOGICAL DATA (WS FORM: F-6) , PAGE 2
STATION: COLD BAY
MONTH: JULY
YEAR: 2020
LATITUDE: 55 13 N
LONGITUDE: 162 44 W
[TEMPERATURE DATA] [PRECIPITATION DATA] SYMBOLS USED IN COLUMN 16
AVERAGE MONTHLY: 54.0 TOTAL FOR MONTH: 1.54 1 = FOG OR MIST
DPTR FM NORMAL: 3.1 DPTR FM NORMAL: -0.94 2 = FOG REDUCING VISIBILITY
HIGHEST: 65 ON 28,20 GRTST 24HR 0.56 ON 29-30 TO 1/4 MILE OR LESS
LOWEST: 39 ON 28 3 = THUNDER
SNOW, ICE PELLETS, HAIL 4 = ICE PELLETS
TOTAL MONTH: M 5 = HAIL
GRTST 24HR M ON M 6 = FREEZING RAIN OR DRIZZLE
GRTST DEPTH: M ON M 7 = DUSTSTORM OR SANDSTORM:
VSBY 1/2 MILE OR LESS
8 = SMOKE OR HAZE
[NO. OF DAYS WITH] [WEATHER - DAYS WITH] 9 = BLOWING SNOW
X = TORNADO
MAX 32 OR BELOW: 0 0.01 INCH OR MORE: 19
MAX 90 OR ABOVE: 0 0.10 INCH OR MORE: 3
MIN 32 OR BELOW: 0 0.50 INCH OR MORE: 1
MIN 0 OR BELOW: 0 1.00 INCH OR MORE: 0
[HDD (BASE 65) ]
TOTAL THIS MO. 334 CLEAR (SCALE 0-3) 2
DPTR FM NORMAL -105 PTCLDY (SCALE 4-7) 4
TOTAL FM JUL 1 334 CLOUDY (SCALE 8-10) 25
DPTR FM NORMAL -104
[CDD (BASE 65) ]
TOTAL THIS MO. 0
DPTR FM NORMAL 0 [PRESSURE DATA]
TOTAL FM JAN 1 0 HIGHEST SLP 30.36 ON 7
DPTR FM NORMAL 0 LOWEST SLP 29.66 ON 25
[REMARKS]
#FINAL-07-20#