526
CXUS55 KEAX 010736
CF6CDJ
PRELIMINARY LOCAL CLIMATOLOGICAL DATA (WS FORM: F-6)
STATION: CHILLICOTHE
MONTH: AUGUST
YEAR: 2020
LATITUDE: 39 49 N
LONGITUDE: 93 35 W
TEMPERATURE IN F: :PCPN: SNOW: WIND :SUNSHINE: SKY :PK WND
================================================================================
1 2 3 4 5 6A 6B 7 8 9 10 11 12 13 14 15 16 17 18
12Z AVG MX 2MIN
DY MAX MIN AVG DEP HDD CDD WTR SNW DPTH SPD SPD DIR MIN PSBL S-S WX SPD DR
================================================================================
1 86 61 74 -3 0 9 0.00 M M 1.9 10 320 M M 0 16 300
2 83 66 75 -2 0 10 0.32 M M 2.4 18 20 M M 0 31 10
3 77 57 67 -10 0 2 0.00 M M 4.8 13 350 M M 0 22 360
4 76 53 65 -12 0 0 0.00 M M 1.7 12 30 M M 0 17 10
5 78 53 66 -11 0 1 0.00 M M 2.8 10 140 M M 0 16 120
6 83 64 74 -3 0 9 0.00 M M 5.6 12 140 M M 0 19 110
7 88 66 77 0 0 12 0.44 M M 5.7 16 200 M M 0 24 210
8 87 69 78 1 0 13 0.08 M M 6.0 17 160 M M 0 35 160
9 86 75 81 4 0 16 0.18 M M 5.6 17 200 M M 0 28 180
10 89 68 79 3 0 14 0.56 M M 4.5 26 290 M M 0 3 44 270
11 84 66 75 -1 0 10 0.00 M M 2.8 9 110 M M 0 14 110
12 87 71 79 3 0 14 0.00 M M 2.2 9 110 M M 0 14 130
13 87 72 80 4 0 15 0.00 M M 3.2 9 110 M M 0 16 80
14 88 69 79 3 0 14 0.00 M M 3.1 10 110 M M 0 17 100
15 85 63 74 -2 0 9 0.40 M M 3.8 14 350 M M 0 36 330
16 85 59 72 -4 0 7 0.00 M M 2.2 9 180 M M 0 14 190
17 84 63 74 -1 0 9 0.00 M M 3.6 15 310 M M 0 25 300
18 81 58 70 -5 0 5 0.00 M M 3.6 10 350 M M 0 17 10
19 82 57 70 -5 0 5 0.00 M M 2.1 8 180 M M 0 13 150
20 82 54 68 -7 0 3 0.00 M M 2.8 9 230 M M 0 13 200
21 88 56 72 -3 0 7 0.00 M M 0.8 7 210 M M 0 10 200
22 89 61 75 1 0 10 0.00 M M 1.2 9 210 M M 0 15 220
23 93 68 81 7 0 16 0.00 M M 3.3 9 290 M M 0 16 230
24 94 70 82 8 0 17 0.00 M M 2.3 10 180 M M 0 15 190
25 92 66 79 5 0 14 0.00 M M 1.6 9 190 M M 0 15 200
26 93 69 81 8 0 16 0.00 M M 4.3 14 190 M M 0 21 190
27 90 71 81 8 0 16 0.00 M M 4.7 15 200 M M 0 22 210
28 93 66 80 7 0 15 0.00 M M 1.7 9 240 M M 0 17 200
29 82 58 70 -2 0 5 0.00 M M 3.5 14 30 M M 0 20 40
30 82 55 69 -3 0 4 0.00 M M 3.2 12 140 M M 0 20 90
31 78 65 72 0 0 7 0.20 M M 2.5 13 10 M M 0 20 30
================================================================================
SM 2652 1969 0 304 2.18 M 99.5 M 0
================================================================================
AV 85.5 63.5 3.2 FASTST M M 0 MAX(MPH)
MISC ----> 26 290 44 270
================================================================================
NOTES:
# LAST OF SEVERAL OCCURRENCES
COLUMN 17 PEAK WIND IN M.P.H.
PRELIMINARY LOCAL CLIMATOLOGICAL DATA (WS FORM: F-6) , PAGE 2
STATION: CHILLICOTHE
MONTH: AUGUST
YEAR: 2020
LATITUDE: 39 49 N
LONGITUDE: 93 35 W
[TEMPERATURE DATA] [PRECIPITATION DATA] SYMBOLS USED IN COLUMN 16
AVERAGE MONTHLY: 74.5 TOTAL FOR MONTH: 2.18 1 = FOG OR MIST
DPTR FM NORMAL: -0.7 DPTR FM NORMAL: -2.03 2 = FOG REDUCING VISIBILITY
HIGHEST: 94 ON 24 GRTST 24HR 0.98 ON 12-12 TO 1/4 MILE OR LESS
LOWEST: 53 ON 5, 4 3 = THUNDER
SNOW, ICE PELLETS, HAIL 4 = ICE PELLETS
TOTAL MONTH: M 5 = HAIL
GRTST 24HR M ON M 6 = FREEZING RAIN OR DRIZZLE
GRTST DEPTH: M ON M 7 = DUSTSTORM OR SANDSTORM:
VSBY 1/2 MILE OR LESS
8 = SMOKE OR HAZE
[NO. OF DAYS WITH] [WEATHER - DAYS WITH] 9 = BLOWING SNOW
X = TORNADO
MAX 32 OR BELOW: 0 0.01 INCH OR MORE: 7
MAX 90 OR ABOVE: 6 0.10 INCH OR MORE: 6
MIN 32 OR BELOW: 0 0.50 INCH OR MORE: 1
MIN 0 OR BELOW: 0 1.00 INCH OR MORE: 0
[HDD (BASE 65) ]
TOTAL THIS MO. 0 CLEAR (SCALE 0-3) 31
DPTR FM NORMAL -4 PTCLDY (SCALE 4-7) 0
TOTAL FM JUL 1 0 CLOUDY (SCALE 8-10) 0
DPTR FM NORMAL 0
[CDD (BASE 65) ]
TOTAL THIS MO. 304
DPTR FM NORMAL -16 [PRESSURE DATA]
TOTAL FM JAN 1 1176 HIGHEST SLP M ON M
DPTR FM NORMAL 175 LOWEST SLP 29.69 ON 28
[REMARKS]
#FINAL-08-20#