000
CXUS54 KLUB 010830
CF6CDS
PRELIMINARY LOCAL CLIMATOLOGICAL DATA (WS FORM: F-6)
STATION: CHILDRESS
MONTH: OCTOBER
YEAR: 2020
LATITUDE: 34 25 N
LONGITUDE: 100 17 W
TEMPERATURE IN F: :PCPN: SNOW: WIND :SUNSHINE: SKY :PK WND
================================================================================
1 2 3 4 5 6A 6B 7 8 9 10 11 12 13 14 15 16 17 18
12Z AVG MX 2MIN
DY MAX MIN AVG DEP HDD CDD WTR SNW DPTH SPD SPD DIR MIN PSBL S-S WX SPD DR
================================================================================
1 78 52 65 -3 0 0 0.00 0.0 0 8.0 18 50 M M 0 24 60
2 79 47 63 -5 2 0 0.00 0.0 0 10.0 20 190 M M 0 28 180
3 78 53 66 -2 0 1 0.00 0.0 0 9.1 22 50 M M 0 30 40
4 77 46 62 -5 3 0 0.00 0.0 0 6.4 14 140 M M 0 18 140
5 87 51 69 2 0 4 0.00 0.0 0 10.8 20 180 M M 0 27 190
6 87 51 69 3 0 4 0.00 0.0 0 5.1 9 160 M M 0 12 130
7 94 55 75 9 0 10 0.00 0.0 0 6.0 17 140 M M 0 23 140
8 90 57 74 8 0 9 0.00 0.0 0 9.1 18 170 M M 0 28 190
9 90 56 73 8 0 8 0.00 0.0 0 10.1 20 170 M M 0 25 160
10 88 56 72 7 0 7 0.00 0.0 0 6.8 14 130 M M 0 1 19 130
11 99 57 78 13 0 13 0.00 0.0 0 10.4 36 10 M M 2 128 45 360
12 77 51 64 0 1 0 0.00 0.0 0 7.8 33 10 M M 1 8 42 360
13 90 49 70 6 0 5 0.00 0.0 0 10.3 21 200 M M 0 26 200
14 99 60 80 16 0 15 0.00 0.0 0 12.2 28 20 M M 0 38 10
15 71 51 61 -2 4 0 0.00 0.0 0 15.6 32 20 M M 2 41 20
16 69 39 54 -9 11 0 0.00 0.0 0 8.0 17 190 M M 0 21 180
17 90 47 69 6 0 4 0.00 0.0 0 13.0 23 200 M M 0 29 210
18 73 47 60 -2 5 0 0.00 0.0 0 16.2 31 360 M M 7 39 350
19 62 46 54 -8 11 0 0.00 0.0 0 5.4 12 20 M M 6 15 10
20 83 45 64 2 1 0 0.00 0.0 0 7.3 21 180 M M 5 1 26 180
21 86 57 72 10 0 7 0.00 0.0 0 11.1 24 180 M M 1 32 180
22 90 58 74 13 0 9 T 0.0 0 15.4 26 10 M M 0 38 33 10
23 57 40 49 -12 16 0 T 0.0 0 18.3 35 10 M M 9 3 44 360
24 66 32 49 -11 16 0 0.00 0.0 0 9.0 21 190 M M 0 28 180
25 47 34 41 -19 24 0 0.01 0.0 0 12.5 26 20 M M 8 18 35 20
26 34 25 30 -30 35 0 0.17 0.2 T 19.0 26 10 M M 10 136 34 10
27 31 25 28 -32 37 0 0.75 0.9 1 M M M M M 10 1346 M M
28 37 31 34 -25 31 0 0.42 0.5 1 M M M M M 10 1346 M M
29 60 37 49 -10 16 0 0.00 0.0 T M M M M M M M M
30 68 37 53 -5 12 0 0.00 0.0 0 7.5 14 180 M M 0 20 160
31 78 41 60 2 5 0 0.00 0.0 0 8.9 18 230 M M 0 23 230
================================================================================
SM 2315 1433 230 96 1.35 1.6 289.3 M 71
================================================================================
AV 74.7 46.2 10.3 FASTST M M 2 MAX(MPH)
MISC ----> 36 10 45 360
================================================================================
NOTES:
# LAST OF SEVERAL OCCURRENCES
COLUMN 17 PEAK WIND IN M.P.H.
PRELIMINARY LOCAL CLIMATOLOGICAL DATA (WS FORM: F-6) , PAGE 2
STATION: CHILDRESS
MONTH: OCTOBER
YEAR: 2020
LATITUDE: 34 25 N
LONGITUDE: 100 17 W
[TEMPERATURE DATA] [PRECIPITATION DATA] SYMBOLS USED IN COLUMN 16
AVERAGE MONTHLY: 60.5 TOTAL FOR MONTH: 1.35 1 = FOG OR MIST
DPTR FM NORMAL: -2.6 DPTR FM NORMAL: -0.90 2 = FOG REDUCING VISIBILITY
HIGHEST: 99 ON 14,11 GRTST 24HR 0.75 ON 27-27 TO 1/4 MILE OR LESS
LOWEST: 25 ON 27,26 3 = THUNDER
SNOW, ICE PELLETS, HAIL 4 = ICE PELLETS
TOTAL MONTH: 1.6 INCHES 5 = HAIL
GRTST 24HR 0.9 ON 27-27 6 = FREEZING RAIN OR DRIZZLE
GRTST DEPTH: 1 ON 28,27 7 = DUSTSTORM OR SANDSTORM:
VSBY 1/2 MILE OR LESS
8 = SMOKE OR HAZE
[NO. OF DAYS WITH] [WEATHER - DAYS WITH] 9 = BLOWING SNOW
X = TORNADO
MAX 32 OR BELOW: 1 0.01 INCH OR MORE: 4
MAX 90 OR ABOVE: 8 0.10 INCH OR MORE: 3
MIN 32 OR BELOW: 4 0.50 INCH OR MORE: 1
MIN 0 OR BELOW: 0 1.00 INCH OR MORE: 0
[HDD (BASE 65) ]
TOTAL THIS MO. 230 CLEAR (SCALE 0-3) 22
DPTR FM NORMAL 95 PTCLDY (SCALE 4-7) 3
TOTAL FM JUL 1 260 CLOUDY (SCALE 8-10) 6
DPTR FM NORMAL 107
[CDD (BASE 65) ]
TOTAL THIS MO. 96
DPTR FM NORMAL 20 [PRESSURE DATA]
TOTAL FM JAN 1 2406 HIGHEST SLP 30.44 ON 16
DPTR FM NORMAL 206 LOWEST SLP 29.58 ON 14
[REMARKS]
#FINAL-10-20#