000
CXUS51 KLWX 010915
CF6CHO
PRELIMINARY LOCAL CLIMATOLOGICAL DATA (WS FORM: F-6)
STATION: CHARLOTTESVILLE VA
MONTH: NOVEMBER
YEAR: 2022
LATITUDE: 38 7 N
LONGITUDE: 78 27 W
TEMPERATURE IN F: :PCPN: SNOW: WIND :SUNSHINE: SKY :PK WND
================================================================================
1 2 3 4 5 6A 6B 7 8 9 10 11 12 13 14 15 16 17 18
12Z AVG MX 2MIN
DY MAX MIN AVG DEP HDD CDD WTR SNW DPTH SPD SPD DIR MIN PSBL S-S WX SPD DR
================================================================================
1 77 52 65 11 0 0 0.00 M M M M M M M 3 12 M M
2 68 50 59 6 6 0 0.00 M M 2.4 10 40 M M 0 14 40
3 72 49 61 8 4 0 0.00 M M 3.4 10 50 M M 0 1 14 70
4 76 51 64 11 1 0 T M M 2.9 14 180 M M 6 17 190
5 81 65 73 21 0 8 0.06 M M 9.0 17 180 M M 7 1 24 170
6 74 67 71 19 0 6 0.11 M M 7.2 18 180 M M 9 18 24 170
7 83 60 72 20 0 7 0.00 M M 4.6 12 20 M M 3 12 17 20
8 64 48 56 5 9 0 0.00 M M 8.7 15 40 M M 0 22 60
9 62 40 51 0 14 0 0.00 M M 3.2 12 50 M M 0 15 30
10 68 40 54 3 11 0 T M M 1.9 8 40 M M 8 10 50
11 76 60 68 18 0 3 2.09 M M 8.7 22 210 M M 10 18 31 200
12 74 56 65 15 0 0 T M M 5.5 16 200 M M 4 21 210
13 56 39 48 -2 17 0 0.00 M M 8.3 16 330 M M 5 23 280
14 50 31 41 -9 24 0 0.00 0.0 0 2.2 10 130 M M 0 14 140
15 41 31 36 -13 29 0 1.09 0.0 0 3.5 13 30 M M 7 18 15 20
16 55 36 46 -3 19 0 0.00 M M 3.6 14 260 M M 4 1 16 290
17 47 32 40 -9 25 0 0.00 M M 4.4 14 320 M M 2 22 320
18 50 30 40 -8 25 0 0.00 M M 5.8 18 190 M M 2 22 180
19 49 33 41 -7 24 0 0.00 M M 4.7 15 190 M M 0 23 250
20 46 28 37 -11 28 0 0.00 M M 6.6 16 300 M M 0 26 310
21 51 24 38 -9 27 0 0.00 M M 5.7 17 190 M M 0 23 210
22 61 27 44 -3 21 0 0.00 M M 3.6 15 190 M M 0 19 200
23 65 30 48 1 17 0 0.00 M M 1.4 8 200 M M 0 10 200
24 62 32 47 0 18 0 0.00 M M 2.4 14 160 M M 0 17 170
25 70 40 55 9 10 0 0.00 M M 5.8 16 330 M M 3 26 340
26 66 40 53 7 12 0 0.00 M M 5.3 13 200 M M 0 18 180
27 59 47 53 7 12 0 0.10 M M 5.8 15 190 M M 5 1 18 190
28 60 43 52 6 13 0 0.00 M M 4.7 13 310 M M 6 22 340
29 56 40 48 3 17 0 0.00 M M 4.1 14 180 M M 4 18 180
30 64 43 54 9 11 0 0.32 M M 7.9 20 190 M M 6 1 31 270
================================================================================
SM 1883 1264 394 24 3.77 0.0 143.3 M 94
================================================================================
AV 62.8 42.1 4.9 FASTST M M 3 MAX(MPH)
MISC ----> 22 210 # 31 200
================================================================================
NOTES:
# LAST OF SEVERAL OCCURRENCES
COLUMN 17 PEAK WIND IN M.P.H.
PRELIMINARY LOCAL CLIMATOLOGICAL DATA (WS FORM: F-6) , PAGE 2
STATION: CHARLOTTESVILLE VA
MONTH: NOVEMBER
YEAR: 2022
LATITUDE: 38 7 N
LONGITUDE: 78 27 W
[TEMPERATURE DATA] [PRECIPITATION DATA] SYMBOLS USED IN COLUMN 16
AVERAGE MONTHLY: 52.5 TOTAL FOR MONTH: 3.77 1 = FOG OR MIST
DPTR FM NORMAL: 3.4 DPTR FM NORMAL: 0.41 2 = FOG REDUCING VISIBILITY
HIGHEST: 83 ON 7 GRTST 24HR 2.09 ON 11-11 TO 1/4 MILE OR LESS
LOWEST: 24 ON 21 3 = THUNDER
SNOW, ICE PELLETS, HAIL 4 = ICE PELLETS
TOTAL MONTH: 0.0 INCH 5 = HAIL
GRTST 24HR 0.0 6 = FREEZING RAIN OR DRIZZLE
GRTST DEPTH: 0 7 = DUSTSTORM OR SANDSTORM:
VSBY 1/2 MILE OR LESS
8 = SMOKE OR HAZE
[NO. OF DAYS WITH] [WEATHER - DAYS WITH] 9 = BLOWING SNOW
X = TORNADO
MAX 32 OR BELOW: 0 0.01 INCH OR MORE: 6
MAX 90 OR ABOVE: 0 0.10 INCH OR MORE: 5
MIN 32 OR BELOW: 9 0.50 INCH OR MORE: 2
MIN 0 OR BELOW: 0 1.00 INCH OR MORE: 2
[HDD (BASE 65) ]
TOTAL THIS MO. 394 CLEAR (SCALE 0-3) 16
DPTR FM NORMAL -85 PTCLDY (SCALE 4-7) 11
TOTAL FM JUL 1 660 CLOUDY (SCALE 8-10) 3
DPTR FM NORMAL -63
[CDD (BASE 65) ]
TOTAL THIS MO. 24
DPTR FM NORMAL 22 [PRESSURE DATA]
TOTAL FM JAN 1 1533 HIGHEST SLP 30.63 ON 9
DPTR FM NORMAL 35 LOWEST SLP 29.46 ON 27
[REMARKS]
#FINAL-11-22#