000
CXUS51 KLWX 030119
CF6CHO
PRELIMINARY LOCAL CLIMATOLOGICAL DATA (WS FORM: F-6)
STATION: CHARLOTTESVILLE VA
MONTH: JULY
YEAR: 2021
LATITUDE: 38 7 N
LONGITUDE: 78 27 W
TEMPERATURE IN F: :PCPN: SNOW: WIND :SUNSHINE: SKY :PK WND
================================================================================
1 2 3 4 5 6A 6B 7 8 9 10 11 12 13 14 15 16 17 18
12Z AVG MX 2MIN
DY MAX MIN AVG DEP HDD CDD WTR SNW DPTH SPD SPD DIR MIN PSBL S-S WX SPD DR
================================================================================
1 93 71 82 4 0 17 0.59 M M 4.0 21 310 M M 6 13 35 290
2 84 65 75 -3 0 10 0.65 M M 2.7 9 360 M M 5 13 14 350
3 81 60 71 -8 0 6 0.00 M M 3.9 15 330 M M 3 21 330
4 86 60 73 -6 0 8 0.16 M M 5.0 13 170 M M 3 1 19 210
5 90 65 78 -1 0 13 0.00 M M 2.1 7 160 M M 1 18 11 20
6 95 68 82 3 0 17 0.00 M M 3.9 9 210 M M 0 1 14 210
7 93 72 83 4 0 18 T M M 4.1 16 200 M M 1 3 21 210
8 83 70 77 -2 0 12 0.35 M M 4.5 30 180 M M 4 138 43 180
9 90 68 79 0 0 14 T M M 4.0 13 200 M M 2 17 190
10 88 68 78 -1 0 13 0.00 M M 3.8 9 160 M M 2 13 30
11 90 70 80 1 0 15 0.18 M M 5.1 23 180 M M 4 30 180
12 94 74 84 5 0 19 0.00 M M 8.3 22 180 M M 3 1 29 180
13 94 73 84 5 0 19 0.00 M M 8.7 21 200 M M 0 27 210
14 94 71 83 4 0 18 0.18 M M 4.8 15 170 M M 2 13 18 170
15 93 70 82 3 0 17 T M M 1.8 14 150 M M 3 13 18 280
16 96 68 82 3 0 17 0.00 M M 3.0 12 200 M M 2 1 15 200
17 95 71 83 4 0 18 0.24 M M 5.4 21 180 M M 2 3 32 180
18 88 69 79 0 0 14 0.00 M M 4.0 12 190 M M 0 17 360
19 89 67 78 -1 0 13 0.00 M M 2.9 9 160 M M 0 8 12 150
20 92 64 78 -1 0 13 0.00 M M 4.6 16 190 M M 0 18 20 200
21 93 68 81 2 0 16 0.00 M M 3.9 15 350 M M 1 18 21 340
22 86 65 76 -3 0 11 0.00 M M 4.1 12 50 M M 2 8 15 50
23 88 65 77 -2 0 12 0.00 M M 3.4 10 50 M M 3 13 50
24 90 67 79 0 0 14 T M M 5.2 15 150 M M 7 21 160
25 89 72 81 2 0 16 0.01 M M 7.5 13 170 M M 3 138 24 200
26 92 70 81 2 0 16 0.02 M M 2.7 12 200 M M 2 128 13 200
27 96 68 82 3 0 17 0.00 M M 2.7 9 120 M M 1 18 15 40
28 96 70 83 4 0 18 0.14 M M 3.4 13 160 M M 2 3 18 10
29 93 68 81 2 0 16 0.00 M M 3.9 16 200 M M 1 18 20 200
30 95 72 84 5 0 19 0.00 M M 4.0 16 20 M M 1 20 30
31 86 68 77 -2 0 12 T M M 4.3 13 170 M M 2 18 190
================================================================================
SM 2812 2117 0 458 2.52 M 131.7 M 68
================================================================================
AV 90.7 68.3 4.2 FASTST M M 2 MAX(MPH)
MISC ----> 30 180 43 180
================================================================================
NOTES:
# LAST OF SEVERAL OCCURRENCES
COLUMN 17 PEAK WIND IN M.P.H.
PRELIMINARY LOCAL CLIMATOLOGICAL DATA (WS FORM: F-6) , PAGE 2
STATION: CHARLOTTESVILLE VA
MONTH: JULY
YEAR: 2021
LATITUDE: 38 7 N
LONGITUDE: 78 27 W
[TEMPERATURE DATA] [PRECIPITATION DATA] SYMBOLS USED IN COLUMN 16
AVERAGE MONTHLY: 79.5 TOTAL FOR MONTH: 2.52 1 = FOG OR MIST
DPTR FM NORMAL: 0.5 DPTR FM NORMAL: -0.85 2 = FOG REDUCING VISIBILITY
HIGHEST: 96 ON 28,27 GRTST 24HR 1.24 ON 1- 2 TO 1/4 MILE OR LESS
LOWEST: 60 ON 4, 3 3 = THUNDER
SNOW, ICE PELLETS, HAIL 4 = ICE PELLETS
TOTAL MONTH: M 5 = HAIL
GRTST 24HR M ON M 6 = FREEZING RAIN OR DRIZZLE
GRTST DEPTH: M ON M 7 = DUSTSTORM OR SANDSTORM:
VSBY 1/2 MILE OR LESS
8 = SMOKE OR HAZE
[NO. OF DAYS WITH] [WEATHER - DAYS WITH] 9 = BLOWING SNOW
X = TORNADO
MAX 32 OR BELOW: 0 0.01 INCH OR MORE: 10
MAX 90 OR ABOVE: 20 0.10 INCH OR MORE: 8
MIN 32 OR BELOW: 0 0.50 INCH OR MORE: 2
MIN 0 OR BELOW: 0 1.00 INCH OR MORE: 0
[HDD (BASE 65) ]
TOTAL THIS MO. 0 CLEAR (SCALE 0-3) 23
DPTR FM NORMAL 0 PTCLDY (SCALE 4-7) 8
TOTAL FM JUL 1 0 CLOUDY (SCALE 8-10) 0
DPTR FM NORMAL 0
[CDD (BASE 65) ]
TOTAL THIS MO. 458
DPTR FM NORMAL 24 [PRESSURE DATA]
TOTAL FM JAN 1 944 HIGHEST SLP 30.20 ON 14
DPTR FM NORMAL 43 LOWEST SLP 29.76 ON 2
[REMARKS]
#FINAL-07-21#