492
CXUS51 KLWX 011759
CF6CHO
PRELIMINARY LOCAL CLIMATOLOGICAL DATA (WS FORM: F-6)
STATION: CHARLOTTESVILLE VA
MONTH: NOVEMBER
YEAR: 2020
LATITUDE: 38 7 N
LONGITUDE: 78 27 W
TEMPERATURE IN F: :PCPN: SNOW: WIND :SUNSHINE: SKY :PK WND
================================================================================
1 2 3 4 5 6A 6B 7 8 9 10 11 12 13 14 15 16 17 18
12Z AVG MX 2MIN
DY MAX MIN AVG DEP HDD CDD WTR SNW DPTH SPD SPD DIR MIN PSBL S-S WX SPD DR
================================================================================
1 65 41 53 1 12 0 0.54 M M 9.2 20 310 M M 7 1 32 280
2 53 38 46 -5 19 0 0.00 M M 6.9 17 310 M M 1 33 290
3 68 44 56 5 9 0 0.00 M M 6.1 15 290 M M 0 23 290
4 70 38 54 3 11 0 0.00 M M 4.1 14 180 M M 0 17 180
5 71 39 55 5 10 0 0.00 M M 4.2 14 170 M M 0 18 180
6 75 43 59 9 6 0 0.00 M M 1.2 9 130 M M 0 11 130
7 78 43 61 11 4 0 0.00 M M 1.2 8 200 M M 0 18 9 200
8 78 46 62 12 3 0 0.00 M M 1.8 13 180 M M 0 16 190
9 76 51 64 15 1 0 0.00 M M 2.6 14 210 M M 2 12 17 210
10 77 59 68 19 0 3 T M M 5.6 16 160 M M 7 19 160
11 71 66 69 21 0 4 2.70 M M 5.1 17 40 M M 10 12 19 30
12 69 52 61 13 4 0 0.87 M M 6.8 18 90 M M 10 1 23 80
13 69 49 59 11 6 0 0.00 M M 3.3 8 300 M M 4 13 290
14 63 41 52 4 13 0 0.00 M M 2.5 13 170 M M 0 17 170
15 70 44 57 10 8 0 T M M 7.0 21 210 M M 6 30 210
16 63 44 54 7 11 0 0.00 M M 4.2 14 250 M M 0 25 290
17 56 38 47 0 18 0 T M M 9.1 23 310 M M 1 39 300
18 50 30 40 -6 25 0 0.00 M M 3.5 13 350 M M 1 17 340
19 57 28 43 -3 22 0 0.00 M M 7.4 17 180 M M 0 21 210
20 70 39 55 9 10 0 0.00 M M 7.8 14 180 M M 0 18 170
21 72 49 61 16 4 0 0.00 M M 4.1 13 40 M M 5 16 40
22 61 55 58 13 7 0 T M M 4.8 12 40 M M 9 15 40
23 57 40 49 5 16 0 0.01 M M 6.3 18 320 M M 3 27 310
24 52 33 43 -1 22 0 0.00 M M 2.9 9 170 M M 3 12 170
25 57 39 48 4 17 0 0.00 M M 6.7 16 190 M M 5 20 200
26 73 52 63 20 2 0 0.03 M M 5.7 14 180 M M 3 1 18 180
27 65 46 56 13 9 0 0.00 M M 1.5 8 70 M M 7 10 80
28 63 40 52 9 13 0 0.00 M M 2.6 10 340 M M 1 1 16 360
29 59 32 46 4 19 0 0.02 M M 2.1 13 180 M M 1 16 180
30 63 44 54 12 11 0 2.27 M M 4.3 15 50 M M 7 12 21 260
================================================================================
SM 1971 1303 312 7 6.44 M 140.6 M 93
================================================================================
AV 65.7 43.4 4.7 FASTST M M 3 MAX(MPH)
MISC ----> 23 310 39 300
================================================================================
NOTES:
# LAST OF SEVERAL OCCURRENCES
COLUMN 17 PEAK WIND IN M.P.H.
PRELIMINARY LOCAL CLIMATOLOGICAL DATA (WS FORM: F-6) , PAGE 2
STATION: CHARLOTTESVILLE VA
MONTH: NOVEMBER
YEAR: 2020
LATITUDE: 38 7 N
LONGITUDE: 78 27 W
[TEMPERATURE DATA] [PRECIPITATION DATA] SYMBOLS USED IN COLUMN 16
AVERAGE MONTHLY: 54.6 TOTAL FOR MONTH: 6.44 1 = FOG OR MIST
DPTR FM NORMAL: 7.7 DPTR FM NORMAL: 2.61 2 = FOG REDUCING VISIBILITY
HIGHEST: 78 ON 8, 7 GRTST 24HR 2.97 ON 11-12 TO 1/4 MILE OR LESS
LOWEST: 28 ON 19 3 = THUNDER
SNOW, ICE PELLETS, HAIL 4 = ICE PELLETS
TOTAL MONTH: M 5 = HAIL
GRTST 24HR M ON M 6 = FREEZING RAIN OR DRIZZLE
GRTST DEPTH: M ON M 7 = DUSTSTORM OR SANDSTORM:
VSBY 1/2 MILE OR LESS
8 = SMOKE OR HAZE
[NO. OF DAYS WITH] [WEATHER - DAYS WITH] 9 = BLOWING SNOW
X = TORNADO
MAX 32 OR BELOW: 0 0.01 INCH OR MORE: 7
MAX 90 OR ABOVE: 0 0.10 INCH OR MORE: 4
MIN 32 OR BELOW: 3 0.50 INCH OR MORE: 4
MIN 0 OR BELOW: 0 1.00 INCH OR MORE: 2
[HDD (BASE 65) ]
TOTAL THIS MO. 312 CLEAR (SCALE 0-3) 19
DPTR FM NORMAL -230 PTCLDY (SCALE 4-7) 8
TOTAL FM JUL 1 513 CLOUDY (SCALE 8-10) 3
DPTR FM NORMAL -378
[CDD (BASE 65) ]
TOTAL THIS MO. 7
DPTR FM NORMAL 6 [PRESSURE DATA]
TOTAL FM JAN 1 1627 HIGHEST SLP 30.62 ON 19
DPTR FM NORMAL 592 LOWEST SLP 29.34 ON 30
[REMARKS]
#FINAL-11-20#