000
CXUS51 KLWX 051018
CF6CHO
PRELIMINARY LOCAL CLIMATOLOGICAL DATA (WS FORM: F-6)
STATION: CHARLOTTESVILLE VA
MONTH: JULY
YEAR: 2020
LATITUDE: 38 7 N
LONGITUDE: 78 27 W
TEMPERATURE IN F: :PCPN: SNOW: WIND :SUNSHINE: SKY :PK WND
================================================================================
1 2 3 4 5 6A 6B 7 8 9 10 11 12 13 14 15 16 17 18
12Z AVG MX 2MIN
DY MAX MIN AVG DEP HDD CDD WTR SNW DPTH SPD SPD DIR MIN PSBL S-S WX SPD DR
================================================================================
1 91 69 80 5 0 15 0.07 M M 3.1 22 40 M M 5 1238 29 30
2 91 65 78 3 0 13 0.00 M M 3.2 12 40 M M 2 12 16 30
3 96 67 82 7 0 17 0.00 M M 2.4 10 20 M M 1 14 320
4 94 72 83 8 0 18 0.00 M M 2.8 10 110 M M 3 14 70
5 92 71 82 7 0 17 T M M 3.6 13 170 M M 1 13 17 130
6 97 73 85 9 0 20 T M M 3.8 16 20 M M 1 3 21 20
7 95 74 85 9 0 20 0.00 M M 6.0 15 180 M M 3 19 160
8 93 70 82 6 0 17 0.00 M M 3.0 10 50 M M 1 1 13 50
9 93 69 81 5 0 16 0.00 M M 4.4 15 50 M M 2 19 30
10 96 72 84 8 0 19 0.17 M M 3.6 13 200 M M 4 3 16 210
11 94 72 83 7 0 18 0.00 M M 4.6 13 300 M M 2 20 290
12 91 66 79 3 0 14 0.10 M M 4.2 16 200 M M 2 12 29 320
13 91 68 80 4 0 15 0.02 M M 2.5 9 200 M M 4 12 14 60
14 92 67 80 4 0 15 0.00 M M 2.9 9 180 M M 3 13 130
15 94 69 82 6 0 17 0.00 M M 4.3 12 160 M M 4 19 180
16 92 73 83 7 0 18 T M M 4.6 17 180 M M 7 22 170
17 96 74 85 9 0 20 T M M 5.3 15 200 M M 4 3 19 190
18 98 72 85 9 0 20 T M M 2.6 10 180 M M 2 1 14 190
19 101 74 88 12 0 23 0.00 M M 3.2 9 210 M M 2 16 240
20 100 77 89 13 0 24 0.00 M M 4.1 16 20 M M 1 3 20 30
21 101 73 87 11 0 22 0.36 M M 3.5 21 340 M M 2 13 29 290
22 95 72 84 8 0 19 0.09 M M 3.4 14 200 M M 2 13 20 200
23 96 73 85 10 0 20 0.16 M M 3.6 16 310 M M 2 13 26 290
24 91 72 82 7 0 17 0.68 M M 2.4 17 340 M M 5 13 23 350
25 92 70 81 6 0 16 0.00 M M 1.7 10 360 M M 4 12 14 340
26 96 72 84 9 0 19 0.00 M M 2.4 9 200 M M 1 1 13 180
27 97 74 86 11 0 21 0.00 M M 4.6 14 190 M M 0 19 200
28 97 75 86 11 0 21 0.54 M M 4.1 15 290 M M 2 13 23 280
29 93 71 82 7 0 17 0.00 M M 2.9 10 180 M M 3 12 15 180
30 94 72 83 8 0 18 0.32 M M 2.8 20 180 M M 3 13 27 180
31 80 73 77 2 0 12 0.08 M M 3.3 13 40 M M 10 1 15 40
================================================================================
SM 2919 2211 0 558 2.59 M 108.9 M 88
================================================================================
AV 94.2 71.3 3.5 FASTST M M 3 MAX(MPH)
MISC ----> 22 40 # 29 30
================================================================================
NOTES:
# LAST OF SEVERAL OCCURRENCES
COLUMN 17 PEAK WIND IN M.P.H.
PRELIMINARY LOCAL CLIMATOLOGICAL DATA (WS FORM: F-6) , PAGE 2
STATION: CHARLOTTESVILLE VA
MONTH: JULY
YEAR: 2020
LATITUDE: 38 7 N
LONGITUDE: 78 27 W
[TEMPERATURE DATA] [PRECIPITATION DATA] SYMBOLS USED IN COLUMN 16
AVERAGE MONTHLY: 82.7 TOTAL FOR MONTH: 2.59 1 = FOG OR MIST
DPTR FM NORMAL: 7.3 DPTR FM NORMAL: -1.73 2 = FOG REDUCING VISIBILITY
HIGHEST: 101 ON 21,19 GRTST 24HR 0.84 ON 23-24 TO 1/4 MILE OR LESS
LOWEST: 65 ON 2 3 = THUNDER
SNOW, ICE PELLETS, HAIL 4 = ICE PELLETS
TOTAL MONTH: M 5 = HAIL
GRTST 24HR M ON M 6 = FREEZING RAIN OR DRIZZLE
GRTST DEPTH: M ON M 7 = DUSTSTORM OR SANDSTORM:
VSBY 1/2 MILE OR LESS
8 = SMOKE OR HAZE
[NO. OF DAYS WITH] [WEATHER - DAYS WITH] 9 = BLOWING SNOW
X = TORNADO
MAX 32 OR BELOW: 0 0.01 INCH OR MORE: 11
MAX 90 OR ABOVE: 30 0.10 INCH OR MORE: 7
MIN 32 OR BELOW: 0 0.50 INCH OR MORE: 2
MIN 0 OR BELOW: 0 1.00 INCH OR MORE: 0
[HDD (BASE 65) ]
TOTAL THIS MO. 0 CLEAR (SCALE 0-3) 21
DPTR FM NORMAL -1 PTCLDY (SCALE 4-7) 9
TOTAL FM JUL 1 0 CLOUDY (SCALE 8-10) 1
DPTR FM NORMAL 0
[CDD (BASE 65) ]
TOTAL THIS MO. 558
DPTR FM NORMAL 233 [PRESSURE DATA]
TOTAL FM JAN 1 1017 HIGHEST SLP 30.21 ON 16
DPTR FM NORMAL 387 LOWEST SLP 29.71 ON 11
[REMARKS]
#FINAL-07-20#