000
CXUS51 KLWX 010815
CF6CHO
PRELIMINARY LOCAL CLIMATOLOGICAL DATA (WS FORM: F-6)
STATION: CHARLOTTESVILLE VA
MONTH: AUGUST
YEAR: 2023
LATITUDE: 38 7 N
LONGITUDE: 78 27 W
TEMPERATURE IN F: :PCPN: SNOW: WIND :SUNSHINE: SKY :PK WND
================================================================================
1 2 3 4 5 6A 6B 7 8 9 10 11 12 13 14 15 16 17 18
12Z AVG MX 2MIN
DY MAX MIN AVG DEP HDD CDD WTR SNW DPTH SPD SPD DIR MIN PSBL S-S WX SPD DR
================================================================================
1 84 61 73 -5 0 8 0.00 M M 2.2 12 30 M M 1 14 50
2 84 60 72 -6 0 7 0.00 M M 3.8 14 180 M M 1 1 18 190
3 78 64 71 -7 0 6 0.29 M M 7.4 18 190 M M 8 18 24 200
4 84 67 76 -2 0 11 0.00 M M 2.4 8 30 M M 8 18 10 120
5 90 67 79 1 0 14 T M M 2.6 15 10 M M 3 12 19 40
6 86 70 78 0 0 13 0.04 0.0 0 4.3 20 210 M M 7 13 27 210
7 90 72 81 3 0 16 M 0.0 0 7.9 22 190 M M 6 138 30 200
8 88 69 79 1 0 14 0.00 0.0 0 4.6 14 290 M M 0 20 310
9 89 66 78 0 0 13 0.00 M M 3.9 14 170 M M 3 19 190
10 85 70 78 0 0 13 T M M 5.6 13 210 M M 5 18 210
11 89 67 78 0 0 13 0.00 M M 4.1 14 180 M M 1 18 180
12 94 67 81 3 0 16 0.00 M M 4.7 14 190 M M 0 18 17 200
13 98 74 86 9 0 21 0.00 M M 3.5 10 60 M M 2 14 340
14 90 69 80 3 0 15 T M M 4.7 14 210 M M 3 18 200
15 93 74 84 7 0 19 0.45 M M 5.3 17 190 M M 2 3 22 190
16 88 68 78 1 0 13 0.00 M M 2.3 14 180 M M 5 17 180
17 91 65 78 1 0 13 0.00 M M 4.0 16 180 M M 2 20 210
18 91 67 79 2 0 14 0.00 M M 3.9 12 290 M M 2 18 290
19 84 58 71 -6 0 6 0.00 M M 3.1 14 180 M M 0 17 170
20 92 58 75 -1 0 10 0.00 M M 3.7 13 180 M M 0 18 17 210
21 94 67 81 5 0 16 0.00 M M 2.4 10 180 M M 0 18 180
22 89 67 78 2 0 13 0.00 M M 6.1 17 80 M M 1 23 80
23 86 58 72 -4 0 7 0.00 M M 2.6 10 210 M M 0 15 210
24 87 67 77 1 0 12 0.00 M M 3.7 12 180 M M 2 14 180
25 99 73 86 10 0 21 0.02 M M 5.9 16 190 M M 3 22 160
26 96 72 84 8 0 19 0.01 M M 3.4 12 20 M M 2 14 20
27 88 74 81 5 0 16 0.00 M M 4.4 10 140 M M 7 15 140
28 81 72 77 2 0 12 0.04 M M 5.2 12 40 M M 9 1 15 100
29 83 72 78 3 0 13 0.00 M M 2.1 8 30 M M 9 1 11 60
30 91 72 82 7 0 17 0.01 M M 3.0 14 30 M M 4 12 16 40
31 86 61 74 -1 0 9 0.00 0.0 0 7.6 21 40 M M 0 27 50
================================================================================
SM 2748 2088 0 410 0.86 0.0 130.4 M 96
================================================================================
AV 88.6 67.4 4.2 FASTST M M 3 MAX(MPH)
MISC ----> 22 190 30 200
================================================================================
NOTES:
# LAST OF SEVERAL OCCURRENCES
COLUMN 17 PEAK WIND IN M.P.H.
PRELIMINARY LOCAL CLIMATOLOGICAL DATA (WS FORM: F-6) , PAGE 2
STATION: CHARLOTTESVILLE VA
MONTH: AUGUST
YEAR: 2023
LATITUDE: 38 7 N
LONGITUDE: 78 27 W
[TEMPERATURE DATA] [PRECIPITATION DATA] SYMBOLS USED IN COLUMN 16
AVERAGE MONTHLY: 78.0 TOTAL FOR MONTH: 0.86 1 = FOG OR MIST
DPTR FM NORMAL: 1.1 DPTR FM NORMAL: -3.01 2 = FOG REDUCING VISIBILITY
HIGHEST: 99 ON 25 GRTST 24HR 0.45 ON 14-15 TO 1/4 MILE OR LESS
LOWEST: 58 ON 23,20 3 = THUNDER
SNOW, ICE PELLETS, HAIL 4 = ICE PELLETS
TOTAL MONTH: 0.0 INCH 5 = HAIL
GRTST 24HR 0.0 6 = FREEZING RAIN OR DRIZZLE
GRTST DEPTH: 0 7 = DUSTSTORM OR SANDSTORM:
VSBY 1/2 MILE OR LESS
8 = SMOKE OR HAZE
[NO. OF DAYS WITH] [WEATHER - DAYS WITH] 9 = BLOWING SNOW
X = TORNADO
MAX 32 OR BELOW: 0 0.01 INCH OR MORE: 7
MAX 90 OR ABOVE: 13 0.10 INCH OR MORE: 2
MIN 32 OR BELOW: 0 0.50 INCH OR MORE: 0
MIN 0 OR BELOW: 0 1.00 INCH OR MORE: 0
[HDD (BASE 65) ]
TOTAL THIS MO. 0 CLEAR (SCALE 0-3) 20
DPTR FM NORMAL -1 PTCLDY (SCALE 4-7) 9
TOTAL FM JUL 1 0 CLOUDY (SCALE 8-10) 2
DPTR FM NORMAL 0
[CDD (BASE 65) ]
TOTAL THIS MO. 410
DPTR FM NORMAL 40 [PRESSURE DATA]
TOTAL FM JAN 1 1236 HIGHEST SLP 30.24 ON 2
DPTR FM NORMAL -35 LOWEST SLP 29.65 ON 10
[REMARKS]
#FINAL-08-23#