000
CXUS55 KDVN 011000
CF6CID
PRELIMINARY LOCAL CLIMATOLOGICAL DATA (WS FORM: F-6)
STATION: CEDAR RAPIDS IA
MONTH: JUNE
YEAR: 2023
LATITUDE: 41 52 N
LONGITUDE: 91 42 W
TEMPERATURE IN F: :PCPN: SNOW: WIND :SUNSHINE: SKY :PK WND
================================================================================
1 2 3 4 5 6A 6B 7 8 9 10 11 12 13 14 15 16 17 18
12Z AVG MX 2MIN
DY MAX MIN AVG DEP HDD CDD WTR SNW DPTH SPD SPD DIR MIN PSBL S-S WX SPD DR
================================================================================
1 88 62 75 9 0 10 0.00 M M 6.1 17 80 M M 1 23 80
2 91 68 80 14 0 15 0.26 M M 8.5 24 140 M M 4 3 33 150
3 91 64 78 11 0 13 0.00 M M 8.0 15 90 M M 1 23 120
4 89 65 77 10 0 12 0.36 M M 8.1 18 50 M M 2 38 24 290
5 84 59 72 4 0 7 0.00 M M 4.1 9 150 M M 0 8 16 130
6 82 60 71 3 0 6 0.01 M M 4.1 17 290 M M 3 18 24 290
7 80 58 69 1 0 4 T M M 8.7 15 70 M M 4 18 21 80
8 80 50 65 -3 0 0 0.00 M M 6.7 13 110 M M 1 8 17 90
9 80 49 65 -4 0 0 0.00 M M 4.8 12 140 M M 0 8 16 140
10 83 53 68 -1 0 3 T M M 6.4 21 50 M M 6 8 28 30
11 66 50 58 -11 7 0 0.18 M M 10.9 21 60 M M 7 18 27 50
12 77 40 59 -10 6 0 0.00 M M 9.2 22 300 M M 2 1 29 320
13 85 55 70 0 0 5 0.00 M M 10.0 21 290 M M 2 30 290
14 86 60 73 3 0 8 0.00 M M 2.7 9 210 M M 1 8 13 20
15 88 59 74 4 0 9 0.00 M M 8.1 21 70 M M 1 8 27 80
16 76 52 64 -6 1 0 0.00 M M 8.4 17 90 M M 0 8 23 80
17 82 52 67 -4 0 2 0.00 M M 7.1 18 280 M M 0 18 24 270
18 80 63 72 1 0 7 0.20 M M 8.4 21 220 M M 3 138 30 300
19 87 61 74 3 0 9 0.00 M M 5.3 12 120 M M 0 18 19 140
20 89 59 74 3 0 9 0.00 M M 8.6 18 90 M M 0 8 25 130
21 89 62 76 5 0 11 0.00 M M 10.4 20 100 M M 0 30 110
22 92 64 78 6 0 13 0.00 M M 5.0 13 70 M M 2 8 21 10
23 91 60 76 4 0 11 0.00 M M 4.3 12 90 M M 1 8 17 80
24 90 60 75 3 0 10 0.96 M M 8.6 24 130 M M 3 1238 40 120
25 77 65 71 -1 0 6 0.04 M M 16.3 32 270 M M 5 1 45 280
26 80 62 71 -1 0 6 T M M 14.1 25 320 M M 5 1 37 300
27 84 57 71 -1 0 6 0.00 M M 5.0 10 100 M M 7 18 14 10
28 82 61 72 0 0 7 0.14 M M 11.0 17 160 M M 5 138 31 160
29 85 67 76 4 0 11 T M M 6.3 20 200 M M 3 18 28 200
30 84 66 75 3 0 10 0.10 M M 3.7 12 200 M M 2 1238 17 220
================================================================================
SM 2518 1763 14 210 2.25 M 228.9 M 71
================================================================================
AV 83.9 58.8 7.6 FASTST M M 2 MAX(MPH)
MISC ----> 32 270 45 280
================================================================================
NOTES:
# LAST OF SEVERAL OCCURRENCES
COLUMN 17 PEAK WIND IN M.P.H.
PRELIMINARY LOCAL CLIMATOLOGICAL DATA (WS FORM: F-6) , PAGE 2
STATION: CEDAR RAPIDS IA
MONTH: JUNE
YEAR: 2023
LATITUDE: 41 52 N
LONGITUDE: 91 42 W
[TEMPERATURE DATA] [PRECIPITATION DATA] SYMBOLS USED IN COLUMN 16
AVERAGE MONTHLY: 71.4 TOTAL FOR MONTH: 2.25 1 = FOG OR MIST
DPTR FM NORMAL: 1.4 DPTR FM NORMAL: -3.31 2 = FOG REDUCING VISIBILITY
HIGHEST: 92 ON 22 GRTST 24HR 1.00 ON 24-25 TO 1/4 MILE OR LESS
LOWEST: 40 ON 12 3 = THUNDER
SNOW, ICE PELLETS, HAIL 4 = ICE PELLETS
TOTAL MONTH: M 5 = HAIL
GRTST 24HR M ON M 6 = FREEZING RAIN OR DRIZZLE
GRTST DEPTH: M ON M 7 = DUSTSTORM OR SANDSTORM:
VSBY 1/2 MILE OR LESS
8 = SMOKE OR HAZE
[NO. OF DAYS WITH] [WEATHER - DAYS WITH] 9 = BLOWING SNOW
X = TORNADO
MAX 32 OR BELOW: 0 0.01 INCH OR MORE: 9
MAX 90 OR ABOVE: 5 0.10 INCH OR MORE: 7
MIN 32 OR BELOW: 0 0.50 INCH OR MORE: 1
MIN 0 OR BELOW: 0 1.00 INCH OR MORE: 0
[HDD (BASE 65) ]
TOTAL THIS MO. 14 CLEAR (SCALE 0-3) 20
DPTR FM NORMAL -12 PTCLDY (SCALE 4-7) 10
TOTAL FM JUL 1 6371 CLOUDY (SCALE 8-10) 0
DPTR FM NORMAL -449
[CDD (BASE 65) ]
TOTAL THIS MO. 210
DPTR FM NORMAL 37 [PRESSURE DATA]
TOTAL FM JAN 1 275 HIGHEST SLP 30.09 ON 5
DPTR FM NORMAL 44 LOWEST SLP 29.63 ON 25
[REMARKS]
#FINAL-06-23#