000
CXUS51 KCLE 041811
CLSCLE
CLIMATE REPORT
NATIONAL WEATHER SERVICE CLEVELAND, OH
111 PM EST MON DEC 04 2023
...................................
...THE CLEVELAND OH CLIMATE SUMMARY FOR THE SEASON, FROM
9/1/2023 TO 11/30/2023...
CLIMATE NORMAL PERIOD 1991 TO 2020
CLIMATE RECORD PERIOD 1871 TO 2023
WEATHER OBSERVED NORMAL DEPART
VALUE DATE(S) VALUE FROM
NORMAL
................................................
TEMPERATURE (F)
RECORD
HIGH 101 09/03/1953
09/02/1953
09/01/1953
LOW 0 11/22/1880
HIGHEST 91 09/05
LOWEST 17 11/29
AVG. MAXIMUM 63.9 63.5 0.4
AVG. MINIMUM 47.7 46.7 1.0
MEAN 55.8 55.1 0.7
DAYS MAX >= 90 1 1.4
DAYS MAX <= 32 1 1.1
DAYS MIN <= 32 11 12.6
DAYS MIN <= 0 0 0.0
PRECIPITATION (INCHES)
RECORD
MAXIMUM 20.73 1996
MINIMUM 2.37 1908
TOTALS 7.62 10.90 -3.28
DAYS >= .01 31 35.3
DAYS >= .10 18 21.9
DAYS >= .50 6 7.0
DAYS >= 1.00 1 2.4
SNOWFALL (INCHES)
RECORDS
TOTAL 23.4 1996
TOTALS 4.6 4.6
DAYS >= TRACE 4
DAYS >= 1.0 3 1.5
DEGREE DAYS
HEATING TOTAL 954 1026 -72
COOLING TOTAL 137 129 8
................................................
WIND (MPH)
HIGHEST GUST SPEED/DIRECTION 38/160 DATE 10/07
SKY COVER
POSSIBLE SUNSHINE (PERCENT) MM
AVERAGE SKY COVER 0.63
NUMBER OF DAYS FAIR 19
NUMBER OF DAYS PC 34
NUMBER OF DAYS CLOUDY 38
WEATHER CONDITIONS. NUMBER OF DAYS WITH
THUNDERSTORM 3 MIXED PRECIP 0
HEAVY RAIN 7 RAIN 12
LIGHT RAIN 38 FREEZING RAIN 0
LT FREEZING RAIN 0 HAIL 0
HEAVY SNOW 2 SNOW 2
LIGHT SNOW 4 SLEET 0
FOG 32 FOG W/VIS <= 1/4 MILE 3
HAZE 4
- INDICATES NEGATIVE NUMBERS.
R INDICATES RECORD WAS SET OR TIED.
MM INDICATES DATA IS MISSING.
T INDICATES TRACE AMOUNT.
$$