000
CXUS54 KHGX 020546
CF6CLL
PRELIMINARY LOCAL CLIMATOLOGICAL DATA (WS FORM: F-6)
STATION: COLLEGE STATION
MONTH: NOVEMBER
YEAR: 2020
LATITUDE: 30 34 N
LONGITUDE: 96 22 W
TEMPERATURE IN F: :PCPN: SNOW: WIND :SUNSHINE: SKY :PK WND
================================================================================
1 2 3 4 5 6A 6B 7 8 9 10 11 12 13 14 15 16 17 18
12Z AVG MX 2MIN
DY MAX MIN AVG DEP HDD CDD WTR SNW DPTH SPD SPD DIR MIN PSBL S-S WX SPD DR
================================================================================
1 79 49 64 -2 1 0 0.00 0.0 0 7.1 18 10 M M 0 24 20
2 75 45 60 -6 5 0 0.00 0.0 0 4.3 12 90 M M 0 14 90
3 78 43 61 -4 4 0 0.00 0.0 0 4.1 10 150 M M 0 13 160
4 79 47 63 -2 2 0 0.00 0.0 0 6.3 17 170 M M 0 22 160
5 81 60 71 6 0 6 0.00 0.0 0 7.5 14 180 M M 3 12 18 170
6 82 58 70 6 0 5 0.00 0.0 0 4.2 12 80 M M 1 1 16 80
7 82 52 67 3 0 2 0.00 0.0 0 3.5 9 120 M M 0 27 30
8 79 58 69 5 0 4 0.00 0.0 0 6.0 15 100 M M 4 12 20 100
9 84 66 75 12 0 10 0.00 0.0 0 9.0 20 170 M M 7 1 26 160
10 85 66 76 13 0 11 0.00 0.0 0 6.9 16 330 M M 5 1 19 330
11 84 61 73 11 0 8 0.00 0.0 0 7.3 14 30 M M 2 17 50
12 85 57 71 9 0 6 0.00 0.0 0 4.0 14 150 M M 3 17 190
13 76 63 70 8 0 5 T 0.0 0 4.4 13 160 M M 8 12 16 150
14 88 70 79 18 0 14 T 0.0 0 12.8 22 190 M M 7 28 170
15 76 50 63 2 2 0 0.03 0.0 0 11.3 31 350 M M 2 1 39 360
16 75 40 58 -2 7 0 0.00 0.0 0 4.7 9 90 M M 0 13 60
17 78 41 60 0 5 0 0.00 0.0 0 4.5 13 40 M M 0 16 40
18 79 46 63 3 2 0 0.00 0.0 0 6.3 14 130 M M 0 18 150
19 81 51 66 7 0 1 0.00 0.0 0 8.6 20 170 M M 2 18 26 210
20 82 63 73 14 0 8 0.00 0.0 0 8.0 15 190 M M 7 1 20 190
21 82 64 73 14 0 8 0.00 0.0 0 5.1 12 150 M M 8 12 16 150
22 83 56 70 12 0 5 0.00 0.0 0 7.8 24 350 M M 6 30 350
23 63 53 58 0 7 0 0.00 0.0 0 8.4 16 160 M M 10 1 20 150
24 80 60 70 12 0 5 0.01 0.0 0 13.6 24 170 M M 8 32 170
25 75 49 62 5 3 0 0.33 0.0 0 8.1 23 350 M M 5 1 30 350
26 78 48 63 6 2 0 0.00 0.0 0 6.4 14 180 M M 2 16 170
27 73 61 67 11 0 2 0.27 0.0 0 7.7 16 360 M M 10 13 21 360
28 62 54 58 2 7 0 0.26 0.0 0 9.0 17 50 M M 10 1 23 50
29 59 47 53 -3 12 0 0.06 0.0 0 12.3 23 340 M M 8 1 29 320
30 54 32 43 -13 22 0 0.00 0.0 0 9.8 21 350 M M 0 28 360
================================================================================
SM 2317 1610 81 100 0.96 0.0 219.0 M 118
================================================================================
AV 77.2 53.7 7.3 FASTST M M 4 MAX(MPH)
MISC ----> 31 350 39 360
================================================================================
NOTES:
# LAST OF SEVERAL OCCURRENCES
COLUMN 17 PEAK WIND IN M.P.H.
PRELIMINARY LOCAL CLIMATOLOGICAL DATA (WS FORM: F-6) , PAGE 2
STATION: COLLEGE STATION
MONTH: NOVEMBER
YEAR: 2020
LATITUDE: 30 34 N
LONGITUDE: 96 22 W
[TEMPERATURE DATA] [PRECIPITATION DATA] SYMBOLS USED IN COLUMN 16
AVERAGE MONTHLY: 65.5 TOTAL FOR MONTH: 0.96 1 = FOG OR MIST
DPTR FM NORMAL: 4.6 DPTR FM NORMAL: -2.26 2 = FOG REDUCING VISIBILITY
HIGHEST: 88 ON 14 GRTST 24HR 0.34 ON 24-25 TO 1/4 MILE OR LESS
LOWEST: 32 ON 30 3 = THUNDER
SNOW, ICE PELLETS, HAIL 4 = ICE PELLETS
TOTAL MONTH: 0.0 INCH 5 = HAIL
GRTST 24HR 0.0 6 = FREEZING RAIN OR DRIZZLE
GRTST DEPTH: 0 7 = DUSTSTORM OR SANDSTORM:
VSBY 1/2 MILE OR LESS
8 = SMOKE OR HAZE
[NO. OF DAYS WITH] [WEATHER - DAYS WITH] 9 = BLOWING SNOW
X = TORNADO
MAX 32 OR BELOW: 0 0.01 INCH OR MORE: 6
MAX 90 OR ABOVE: 0 0.10 INCH OR MORE: 3
MIN 32 OR BELOW: 1 0.50 INCH OR MORE: 0
MIN 0 OR BELOW: 0 1.00 INCH OR MORE: 0
[HDD (BASE 65) ]
TOTAL THIS MO. 81 CLEAR (SCALE 0-3) 16
DPTR FM NORMAL -107 PTCLDY (SCALE 4-7) 9
TOTAL FM JUL 1 148 CLOUDY (SCALE 8-10) 5
DPTR FM NORMAL -76
[CDD (BASE 65) ]
TOTAL THIS MO. 100
DPTR FM NORMAL 39 [PRESSURE DATA]
TOTAL FM JAN 1 3374 HIGHEST SLP 30.52 ON 2
DPTR FM NORMAL 301 LOWEST SLP 29.78 ON 14
[REMARKS]
#FINAL-11-20#