000
CXUS56 KLOX 011155
CF6CMA
PRELIMINARY LOCAL CLIMATOLOGICAL DATA (WS FORM: F-6)
STATION: CAMARILLO AIRPORT CA
MONTH: JUNE
YEAR: 2022
LATITUDE: 34 12 N
LONGITUDE: 119 6 W
TEMPERATURE IN F: :PCPN: SNOW: WIND :SUNSHINE: SKY :PK WND
================================================================================
1 2 3 4 5 6A 6B 7 8 9 10 11 12 13 14 15 16 17 18
12Z AVG MX 2MIN
DY MAX MIN AVG DEP HDD CDD WTR SNW DPTH SPD SPD DIR MIN PSBL S-S WX SPD DR
================================================================================
1 76 50 63 -1 2 0 0.00 M M 5.6 15 220 M M 0 8 21 210
2 73 55 64 0 1 0 0.00 M M 6.1 15 230 M M 0 18 24 240
3 69 58 64 0 1 0 0.00 M M 4.4 16 210 M M 7 18 20 210
4 71 57 64 0 1 0 0.00 M M 5.0 15 260 M M 5 21 260
5 75 55 65 1 0 0 0.00 M M 4.8 15 210 M M 0 22 220
6 75 61 68 4 0 3 0.00 M M 5.0 15 220 M M 4 1 21 220
7 74 60 67 3 0 2 0.00 M M 4.4 14 220 M M 5 18 24 250
8 75 58 67 2 0 2 0.00 M M 4.8 13 220 M M 4 18 20 220
9 76 60 68 3 0 3 0.00 M M 6.3 14 280 M M 5 18 20 270
10 78 59 69 4 0 4 0.00 M M 5.4 13 200 M M 6 128 22 250
11 76 60 68 3 0 3 0.00 M M 5.1 14 230 M M 4 18 19 210
12 75 60 68 3 0 3 0.00 M M 4.3 15 270 M M 4 18 22 240
13 76 61 69 4 0 4 T M M 5.8 15 260 M M 4 18 28 270
14 76 56 66 0 0 1 0.00 M M 5.1 15 230 M M 0 8 23 240
15 79 57 68 2 0 3 0.00 M M 5.4 15 220 M M 0 18 21 210
16 73 59 66 0 0 1 0.00 M M 4.6 15 260 M M 6 18 20 240
17 74 58 66 0 0 1 0.00 M M 8.0 20 260 M M 5 8 26 260
18 73 51 62 -4 3 0 0.00 M M 5.7 16 210 M M 0 23 240
19 79 53 66 0 0 1 0.00 M M 4.7 18 260 M M 0 23 260
20 85 53 69 3 0 4 0.00 M M 5.3 14 260 M M 0 8 19 240
21 84 55 70 3 0 5 0.00 M M 5.7 21 220 M M 0 18 27 210
22 76 58 67 0 0 2 0.03 M M 3.8 12 280 M M 4 138 17 270
23 77 59 68 1 0 3 0.00 M M 5.8 13 270 M M 3 18 18 270
24 77 59 68 1 0 3 0.00 M M 4.8 14 260 M M 3 18 19 260
25 78 60 69 2 0 4 0.00 M M 4.8 14 260 M M 3 18 19 270
26 77 57 67 0 0 2 0.00 M M 4.7 13 270 M M 1 18 21 230
27 79 58 69 1 0 4 0.00 M M 5.0 12 260 M M 1 18 17 260
28 79 62 71 3 0 6 0.00 M M 6.0 13 210 M M 2 18 19 230
29 80 63 72 4 0 7 T M M 5.1 14 260 M M 3 18 25 240
30 78 62 70 2 0 5 0.00 M M 5.4 14 260 M M 3 18 19 270
================================================================================
SM 2293 1734 8 76 0.03 M 156.9 M 82
================================================================================
AV 76.4 57.8 5.2 FASTST M M 3 MAX(MPH)
MISC ----> 21 220 28 270
================================================================================
NOTES:
# LAST OF SEVERAL OCCURRENCES
COLUMN 17 PEAK WIND IN M.P.H.
PRELIMINARY LOCAL CLIMATOLOGICAL DATA (WS FORM: F-6) , PAGE 2
STATION: CAMARILLO AIRPORT CA
MONTH: JUNE
YEAR: 2022
LATITUDE: 34 12 N
LONGITUDE: 119 6 W
[TEMPERATURE DATA] [PRECIPITATION DATA] SYMBOLS USED IN COLUMN 16
AVERAGE MONTHLY: 67.1 TOTAL FOR MONTH: 0.03 1 = FOG OR MIST
DPTR FM NORMAL: 1.2 DPTR FM NORMAL: -0.10 2 = FOG REDUCING VISIBILITY
HIGHEST: 85 ON 20 GRTST 24HR 0.03 ON 22-22 TO 1/4 MILE OR LESS
LOWEST: 50 ON 1 3 = THUNDER
SNOW, ICE PELLETS, HAIL 4 = ICE PELLETS
TOTAL MONTH: M 5 = HAIL
GRTST 24HR M ON M 6 = FREEZING RAIN OR DRIZZLE
GRTST DEPTH: M ON M 7 = DUSTSTORM OR SANDSTORM:
VSBY 1/2 MILE OR LESS
8 = SMOKE OR HAZE
[NO. OF DAYS WITH] [WEATHER - DAYS WITH] 9 = BLOWING SNOW
X = TORNADO
MAX 32 OR BELOW: 0 0.01 INCH OR MORE: 1
MAX 90 OR ABOVE: 0 0.10 INCH OR MORE: 0
MIN 32 OR BELOW: 0 0.50 INCH OR MORE: 0
MIN 0 OR BELOW: 0 1.00 INCH OR MORE: 0
[HDD (BASE 65) ]
TOTAL THIS MO. 8 CLEAR (SCALE 0-3) 14
DPTR FM NORMAL -17 PTCLDY (SCALE 4-7) 16
TOTAL FM JUL 1 1536 CLOUDY (SCALE 8-10) 0
DPTR FM NORMAL -15
[CDD (BASE 65) ]
TOTAL THIS MO. 76
DPTR FM NORMAL 26 [PRESSURE DATA]
TOTAL FM JAN 1 145 HIGHEST SLP 30.06 ON 30
DPTR FM NORMAL 35 LOWEST SLP 29.76 ON 8
[REMARKS]
#FINAL-06-22#