132
CXUS53 KILX 012300
CF6CMI
PRELIMINARY LOCAL CLIMATOLOGICAL DATA (WS FORM: F-6)
STATION: CHAMPAIGN IL AIRPORT
MONTH: AUGUST
YEAR: 2020
LATITUDE: 40 1 N
LONGITUDE: 88 17 W
TEMPERATURE IN F: :PCPN: SNOW: WIND :SUNSHINE: SKY :PK WND
================================================================================
1 2 3 4 5 6A 6B 7 8 9 10 11 12 13 14 15 16 17 18
12Z AVG MX 2MIN
DY MAX MIN AVG DEP HDD CDD WTR SNW DPTH SPD SPD DIR MIN PSBL S-S WX SPD DR
================================================================================
1 71 64 68 -5 0 3 0.83 M M 6.1 15 340 M M 10 1 20 330
2 82 62 72 -1 0 7 0.00 M M 3.8 13 330 M M 3 123 17 320
3 78 61 70 -3 0 5 0.00 M M 8.3 17 340 M M 5 1 24 340
4 74 54 64 -9 1 0 0.00 M M 8.1 17 10 M M 4 24 10
5 76 51 64 -9 1 0 0.00 M M 3.6 12 50 M M 1 16 70
6 78 53 66 -7 0 1 0.00 M M 2.7 10 90 M M 0 16 90
7 81 56 69 -4 0 4 0.00 M M 4.6 12 110 M M 0 17 110
8 84 59 72 -1 0 7 0.00 M M 6.8 13 170 M M 0 20 180
9 86 68 77 4 0 12 0.00 M M 7.2 14 170 M M 2 22 190
10 91 67 79 6 0 14 0.27 M M 8.5 44 320 M M 4 13 60 320
11 81 64 73 0 0 8 0.00 M M 4.0 10 300 M M 3 1 14 290
12 85 64 75 2 0 10 0.00 M M 5.5 9 110 M M 0 14 120
13 84 65 75 3 0 10 0.00 M M 5.6 9 110 M M 1 1 13 120
14 87 65 76 4 0 11 0.00 M M 4.7 10 30 M M 1 13 20
15 86 60 73 1 0 8 0.00 M M 5.0 15 350 M M 1 1 20 360
16 83 60 72 0 0 7 0.00 M M 7.9 17 360 M M 1 25 360
17 85 61 73 1 0 8 0.45 M M 5.4 13 220 M M 3 1 18 230
18 81 57 69 -3 0 4 0.00 M M 10.1 18 40 M M 5 24 60
19 79 55 67 -5 0 2 0.00 M M 7.6 15 50 M M 0 23 50
20 81 54 68 -4 0 3 0.00 M M 3.6 10 140 M M 0 13 160
21 83 56 70 -2 0 5 0.00 M M 2.7 9 90 M M 0 12 80
22 83 58 71 -1 0 6 0.00 M M 2.5 10 240 M M 1 1 17 210
23 88 60 74 2 0 9 0.00 M M 5.8 12 190 M M 1 1 17 210
24 91 69 80 8 0 15 0.00 M M 5.4 10 200 M M 0 14 200
25 91 68 80 8 0 15 0.00 M M 4.5 8 250 M M 0 1 13 220
26 90 68 79 7 0 14 0.00 M M 6.5 14 180 M M 1 1 20 190
27 87 74 81 10 0 16 0.00 M M 7.8 15 220 M M 2 1 23 210
28 90 71 81 10 0 16 0.01 M M 5.5 15 160 M M 2 1 21 150
29 81 56 69 -2 0 4 0.00 M M 8.7 18 320 M M 1 26 330
30 79 53 66 -5 0 1 0.00 M M 5.8 12 100 M M 0 17 120
31 82 59 71 0 0 6 T M M 5.8 15 150 M M 3 1 21 170
================================================================================
SM 2578 1892 2 231 1.56 M 180.1 M 55
================================================================================
AV 83.2 61.0 5.8 FASTST M M 2 MAX(MPH)
MISC ----> # 44 320 # 60 320
================================================================================
NOTES:
# LAST OF SEVERAL OCCURRENCES
COLUMN 17 PEAK WIND IN M.P.H.
PRELIMINARY LOCAL CLIMATOLOGICAL DATA (WS FORM: F-6) , PAGE 2
STATION: CHAMPAIGN IL AIRPORT
MONTH: AUGUST
YEAR: 2020
LATITUDE: 40 1 N
LONGITUDE: 88 17 W
[TEMPERATURE DATA] [PRECIPITATION DATA] SYMBOLS USED IN COLUMN 16
AVERAGE MONTHLY: 72.1 TOTAL FOR MONTH: 1.56 1 = FOG OR MIST
DPTR FM NORMAL: -0.1 DPTR FM NORMAL: -2.05 2 = FOG REDUCING VISIBILITY
HIGHEST: 91 ON 25,24 GRTST 24HR 0.83 ON 1- 1 TO 1/4 MILE OR LESS
LOWEST: 51 ON 5 3 = THUNDER
SNOW, ICE PELLETS, HAIL 4 = ICE PELLETS
TOTAL MONTH: M 5 = HAIL
GRTST 24HR M ON M 6 = FREEZING RAIN OR DRIZZLE
GRTST DEPTH: M ON M 7 = DUSTSTORM OR SANDSTORM:
VSBY 1/2 MILE OR LESS
8 = SMOKE OR HAZE
[NO. OF DAYS WITH] [WEATHER - DAYS WITH] 9 = BLOWING SNOW
X = TORNADO
MAX 32 OR BELOW: 0 0.01 INCH OR MORE: 4
MAX 90 OR ABOVE: 5 0.10 INCH OR MORE: 3
MIN 32 OR BELOW: 0 0.50 INCH OR MORE: 1
MIN 0 OR BELOW: 0 1.00 INCH OR MORE: 0
[HDD (BASE 65) ]
TOTAL THIS MO. 2 CLEAR (SCALE 0-3) 26
DPTR FM NORMAL -5 PTCLDY (SCALE 4-7) 4
TOTAL FM JUL 1 2 CLOUDY (SCALE 8-10) 1
DPTR FM NORMAL -7
[CDD (BASE 65) ]
TOTAL THIS MO. 231
DPTR FM NORMAL 1 [PRESSURE DATA]
TOTAL FM JAN 1 945 HIGHEST SLP 30.18 ON 8
DPTR FM NORMAL 118 LOWEST SLP 29.67 ON 28
[REMARKS]
#FINAL-08-20#