000
CXUS56 KSGX 011045
CF6CNO
PRELIMINARY LOCAL CLIMATOLOGICAL DATA (WS FORM: F-6)
STATION: CHINO AIRPORT CA
MONTH: MARCH
YEAR: 2021
LATITUDE: 33 58 N
LONGITUDE: 117 38 W
TEMPERATURE IN F: :PCPN: SNOW: WIND :SUNSHINE: SKY :PK WND
================================================================================
1 2 3 4 5 6A 6B 7 8 9 10 11 12 13 14 15 16 17 18
12Z AVG MX 2MIN
DY MAX MIN AVG DEP HDD CDD WTR SNW DPTH SPD SPD DIR MIN PSBL S-S WX SPD DR
================================================================================
1 76 37 57 1 8 0 0.00 M M 5.1 18 130 M M 0 8 23 120
2 78 35 57 1 8 0 0.00 M M 5.0 17 250 M M 1 8 21 270
3 56 36 46 -10 19 0 0.16 M M 4.2 21 220 M M 5 138 25 230
4 69 35 52 -4 13 0 0.00 M M 2.6 12 230 M M 2 128 14 230
5 81 39 60 4 5 0 0.00 M M 3.5 17 230 M M 1 18 20 320
6 71 41 56 0 9 0 0.00 M M 5.7 18 260 M M 1 18 23 250
7 65 46 56 0 9 0 0.00 M M 2.9 17 230 M M 7 1 21 230
8 67 45 56 0 9 0 0.00 M M 6.2 17 240 M M 7 22 250
9 65 37 51 -6 14 0 0.05 M M 6.9 23 230 M M 4 18 29 250
10 59 44 52 -5 13 0 0.86 M M 7.1 23 300 M M 8 138 29 240
11 57 41 49 -8 16 0 0.11 M M 6.0 15 240 M M 7 13 19 250
12 59 36 48 -9 17 0 0.08 M M 5.1 20 220 M M 4 138 26 220
13 62 43 53 -4 12 0 0.00 M M 4.8 18 230 M M 7 8 24 250
14 62 45 54 -3 11 0 0.00 M M 5.6 16 230 M M 9 18 19 220
15 55 39 47 -10 18 0 0.16 M M 6.5 23 260 M M 8 18 29 240
16 61 34 48 -9 17 0 0.00 M M 3.3 17 230 M M 1 1 20 230
17 71 36 54 -3 11 0 0.00 M M 3.3 16 230 M M 3 1 19 230
18 71 43 57 0 8 0 0.00 M M 4.4 16 260 M M 1 18 19 250
19 75 42 59 2 6 0 0.00 M M 5.3 21 230 M M 1 18 25 250
20 68 47 58 1 7 0 0.00 M M 8.2 20 240 M M 6 1 22 230
21 67 40 54 -3 11 0 0.00 M M 6.6 18 240 M M 1 18 23 230
22 70 38 54 -3 11 0 0.00 M M 6.4 17 210 M M 0 18 21 240
23 69 41 55 -2 10 0 0.01 M M 5.0 24 220 M M 3 18 30 230
24 74 46 60 2 5 0 0.00 M M 9.0 23 240 M M 1 8 32 80
25 62 44 53 -5 12 0 T M M 9.0 22 220 M M 6 8 27 230
26 70 46 58 0 7 0 0.00 M M 5.5 22 250 M M 4 27 250
27 80 38 59 1 6 0 0.00 M M 4.0 16 230 M M 0 18 20 280
28 89 39 64 6 1 0 0.00 M M 2.5 16 240 M M 0 8 19 240
29 84 43 64 6 1 0 0.00 M M 5.3 16 260 M M 0 M M
30 82 45 64 6 1 0 0.00 M M 3.3 15 240 M M 1 128 18 240
31 87 51 69 11 0 4 0.00 M M 10.4 24 90 M M 0 8 33 80
================================================================================
SM 2162 1272 295 4 1.43 M 168.7 M 99
================================================================================
AV 69.7 41.0 5.4 FASTST M M 3 MAX(MPH)
MISC ----> # 24 220 33 80
================================================================================
NOTES:
# LAST OF SEVERAL OCCURRENCES
COLUMN 17 PEAK WIND IN M.P.H.
PRELIMINARY LOCAL CLIMATOLOGICAL DATA (WS FORM: F-6) , PAGE 2
STATION: CHINO AIRPORT CA
MONTH: MARCH
YEAR: 2021
LATITUDE: 33 58 N
LONGITUDE: 117 38 W
[TEMPERATURE DATA] [PRECIPITATION DATA] SYMBOLS USED IN COLUMN 16
AVERAGE MONTHLY: 55.4 TOTAL FOR MONTH: 1.43 1 = FOG OR MIST
DPTR FM NORMAL: -1.6 DPTR FM NORMAL: -0.76 2 = FOG REDUCING VISIBILITY
HIGHEST: 89 ON 28 GRTST 24HR 0.87 ON 10-11 TO 1/4 MILE OR LESS
LOWEST: 34 ON 16 3 = THUNDER
SNOW, ICE PELLETS, HAIL 4 = ICE PELLETS
TOTAL MONTH: M 5 = HAIL
GRTST 24HR M ON M 6 = FREEZING RAIN OR DRIZZLE
GRTST DEPTH: M ON M 7 = DUSTSTORM OR SANDSTORM:
VSBY 1/2 MILE OR LESS
8 = SMOKE OR HAZE
[NO. OF DAYS WITH] [WEATHER - DAYS WITH] 9 = BLOWING SNOW
X = TORNADO
MAX 32 OR BELOW: 0 0.01 INCH OR MORE: 7
MAX 90 OR ABOVE: 0 0.10 INCH OR MORE: 4
MIN 32 OR BELOW: 0 0.50 INCH OR MORE: 1
MIN 0 OR BELOW: 0 1.00 INCH OR MORE: 0
[HDD (BASE 65) ]
TOTAL THIS MO. 295 CLEAR (SCALE 0-3) 18
DPTR FM NORMAL 42 PTCLDY (SCALE 4-7) 11
TOTAL FM JUL 1 1104 CLOUDY (SCALE 8-10) 2
DPTR FM NORMAL -504
[CDD (BASE 65) ]
TOTAL THIS MO. 4
DPTR FM NORMAL -1 [PRESSURE DATA]
TOTAL FM JAN 1 25 HIGHEST SLP 30.30 ON 13
DPTR FM NORMAL 18 LOWEST SLP 29.77 ON 23
[REMARKS]
#FINAL-03-21#