000
CXUS53 KICT 281410
CF6CNU
PRELIMINARY LOCAL CLIMATOLOGICAL DATA (WS FORM: F-6)
STATION: CHANUTE KS
MONTH: APRIL
YEAR: 2024
LATITUDE: 37 40 N
LONGITUDE: 95 29 W
TEMPERATURE IN F: :PCPN: SNOW: WIND :SUNSHINE: SKY :PK WND
================================================================================
1 2 3 4 5 6A 6B 7 8 9 10 11 12 13 14 15 16 17 18
12Z AVG MX 2MIN
DY MAX MIN AVG DEP HDD CDD WTR SNW DPTH SPD SPD DIR MIN PSBL S-S WX SPD DR
================================================================================
1 76 54 65 11 0 0 0.01 M M 12.0 25 190 M M 8 13 33 180
2 58 43 51 -3 14 0 0.00 M M 13.2 24 340 M M 7 35 330
3 60 41 51 -3 14 0 M M M 14.7 26 320 M M 0 38 320
4 66 36 51 -3 14 0 0.00 M M 8.0 18 320 M M 0 8 27 350
5 70 34 52 -3 13 0 0.00 M M 8.6 17 130 M M 0 27 100
6 79 51 65 10 0 0 0.19 M M 18.9 36 170 M M 3 13 51 160
7 75 47 61 6 4 0 0.00 M M 12.3 24 220 M M 1 32 250
8 73 39 56 0 9 0 0.00 M M 5.4 13 70 M M 0 16 40
9 73 51 62 6 3 0 0.00 M M 8.6 15 20 M M 1 8 25 30
10 64 50 57 1 8 0 0.00 M M 8.1 16 80 M M 6 21 60
11 68 39 54 -2 11 0 0.00 M M 15.2 29 320 M M 1 41 360
12 74 38 56 -1 9 0 0.00 M M 6.4 14 180 M M 0 8 17 180
13 88 51 70 13 0 5 0.00 M M 16.1 32 190 M M 0 42 190
14 89 63 76 19 0 11 0.00 M M 12.7 23 200 M M 0 29 210
15 85 65 75 17 0 10 0.00 M M 14.0 25 170 M M 1 18 32 140
16 85 67 76 18 0 11 0.01 M M 22.1 39 210 M M 5 53 210
17 85 52 69 11 0 4 0.00 M M 8.2 21 280 M M 0 33 280
18 79 47 63 5 2 0 0.17 M M 15.5 28 180 M M 7 138 39 10
19 67 44 56 -3 9 0 0.00 M M 10.5 18 40 M M 2 27 20
20 60 49 55 -4 10 0 0.00 M M 9.2 17 20 M M 8 27 40
21 65 36 51 -8 14 0 0.00 M M 5.9 18 310 M M 3 28 330
22 73 35 54 -6 11 0 0.00 M M 14.6 26 200 M M 0 36 180
23 76 49 63 3 2 0 0.00 M M 9.8 22 180 M M 1 29 170
24 76 47 62 2 3 0 0.01 M M 6.4 14 140 M M 3 22 160
25 64 54 59 -1 6 0 1.87 M M 16.9 28 120 M M 10 13 40 140
26 77 57 67 6 0 2 0.37 M M 17.8 38 120 M M 7 13 52 120
27 79 62 71 10 0 6 5.76 M M 14.3 29 180 M M 8 138 38 180
================================================================================
SM 1984 1301 156 49 8.39 M 325.4 M 82
================================================================================
AV 73.5 48.2 12.1 FASTST M M 3 MAX(MPH)
MISC ----> 39 210 53 210
================================================================================
NOTES:
# LAST OF SEVERAL OCCURRENCES
COLUMN 17 PEAK WIND IN M.P.H.
PRELIMINARY LOCAL CLIMATOLOGICAL DATA (WS FORM: F-6) , PAGE 2
STATION: CHANUTE KS
MONTH: APRIL
YEAR: 2024
LATITUDE: 37 40 N
LONGITUDE: 95 29 W
[TEMPERATURE DATA] [PRECIPITATION DATA] SYMBOLS USED IN COLUMN 16
AVERAGE MONTHLY: 60.8 TOTAL FOR MONTH: 8.39 1 = FOG OR MIST
DPTR FM NORMAL: 3.5 DPTR FM NORMAL: 4.73 2 = FOG REDUCING VISIBILITY
HIGHEST: 89 ON 14 GRTST 24HR 5.76 ON 27-27 TO 1/4 MILE OR LESS
LOWEST: 34 ON 5 3 = THUNDER
SNOW, ICE PELLETS, HAIL 4 = ICE PELLETS
TOTAL MONTH: M 5 = HAIL
GRTST 24HR M ON M 6 = FREEZING RAIN OR DRIZZLE
GRTST DEPTH: M ON M 7 = DUSTSTORM OR SANDSTORM:
VSBY 1/2 MILE OR LESS
8 = SMOKE OR HAZE
[NO. OF DAYS WITH] [WEATHER - DAYS WITH] 9 = BLOWING SNOW
X = TORNADO
MAX 32 OR BELOW: 0 0.01 INCH OR MORE: 8
MAX 90 OR ABOVE: 0 0.10 INCH OR MORE: 5
MIN 32 OR BELOW: 0 0.50 INCH OR MORE: 2
MIN 0 OR BELOW: 0 1.00 INCH OR MORE: 2
[HDD (BASE 65) ]
TOTAL THIS MO. 156 CLEAR (SCALE 0-3) 18
DPTR FM NORMAL -80 PTCLDY (SCALE 4-7) 6
TOTAL FM JUL 1 3396 CLOUDY (SCALE 8-10) 3
DPTR FM NORMAL -744
[CDD (BASE 65) ]
TOTAL THIS MO. 49
DPTR FM NORMAL 22 [PRESSURE DATA]
TOTAL FM JAN 1 65 HIGHEST SLP M ON M
DPTR FM NORMAL 31 LOWEST SLP 29.41 ON 26
[REMARKS]