000
CXUS55 KGJT 011010
CF6CNY
PRELIMINARY LOCAL CLIMATOLOGICAL DATA (WS FORM: F-6)
STATION: CANYONLANDS AIRPORT UT
MONTH: DECEMBER
YEAR: 2022
LATITUDE: 38 46 N
LONGITUDE: 109 45 W
TEMPERATURE IN F: :PCPN: SNOW: WIND :SUNSHINE: SKY :PK WND
================================================================================
1 2 3 4 5 6A 6B 7 8 9 10 11 12 13 14 15 16 17 18
12Z AVG MX 2MIN
DY MAX MIN AVG DEP HDD CDD WTR SNW DPTH SPD SPD DIR MIN PSBL S-S WX SPD DR
================================================================================
1 52 14 33 1 32 0 0.00 M M 5.1 23 180 M M 2 31 180
2 52 20 36 4 29 0 T M M 14.8 36 210 M M 4 45 210
3 38 22 30 -1 35 0 0.00 M M 3.4 12 320 M M 4 13 320
4 43 24 34 3 31 0 0.00 M M 1.2 7 230 M M 4 9 240
5 46 22 34 4 31 0 0.00 M M 3.2 18 320 M M 1 22 320
6 47 25 36 6 29 0 0.00 M M 2.4 8 340 M M 7 13 330
7 37 26 32 2 33 0 0.14 M M 5.2 14 310 M M 9 1 16 310
8 41 26 34 5 31 0 0.00 M M 4.4 14 320 M M 3 12 16 340
9 42 24 33 4 32 0 0.00 M M 3.3 14 120 M M 2 15 120
10 41 23 32 3 33 0 0.00 M M 3.9 12 320 M M 0 13 140
11 49 26 38 10 27 0 0.00 M M 6.7 30 180 M M 1 40 180
12 47 27 37 9 28 0 0.11 M M 7.9 33 170 M M 6 1 42 180
13 36 20 28 0 37 0 0.00 M M 2.8 10 260 M M 2 16 260
14 38 18 28 1 37 0 0.00 M M 2.3 10 310 M M 0 14 310
15 34 19 27 0 38 0 0.01 M M 3.3 12 320 M M 5 1 14 100
16 31 13 22 -5 43 0 0.00 M M 1.2 8 70 M M 1 11 110
17 31 12 22 -5 43 0 0.00 M M 4.0 14 100 M M 0 17 100
18 30 9 20 -6 45 0 0.00 M M 2.5 8 320 M M 0 12 300
19 35 6 21 -5 44 0 0.00 M M 1.8 10 320 M M 0 11 320
20 32 10 21 -5 44 0 0.00 M M 3.2 10 340 M M 3 12 320
21 35 10 23 -3 42 0 0.00 M M 3.3 8 340 M M 0 M M
22 44 15 30 4 35 0 0.00 M M 3.9 12 110 M M 1 14 110
23 42 18 30 4 35 0 0.00 M M 4.4 13 130 M M 4 16 100
24 44 16 30 4 35 0 0.00 M M 1.9 13 310 M M 0 14 310
25 43 19 31 5 34 0 0.00 M M 2.5 10 330 M M 0 13 340
26 43 18 31 5 34 0 0.00 M M 3.5 12 320 M M 0 12 320
27 36 20 28 2 37 0 0.17 M M 3.3 13 290 M M 5 16 15 300
28 38 31 35 9 30 0 0.08 M M 5.6 16 300 M M 8 12 19 270
29 41 25 33 7 32 0 0.00 M M 4.2 18 280 M M 2 21 280
30 35 29 32 6 33 0 T M M 4.5 10 80 M M 10 1 14 100
31 50 31 41 15 24 0 T M M 5.6 16 190 M M 10 12 23 190
================================================================================
SM 1253 618 1073 0 0.51 M 125.3 M 94
================================================================================
AV 40.4 19.9 4.0 FASTST M M 3 MAX(MPH)
MISC ----> 36 210 45 210
================================================================================
NOTES:
# LAST OF SEVERAL OCCURRENCES
COLUMN 17 PEAK WIND IN M.P.H.
PRELIMINARY LOCAL CLIMATOLOGICAL DATA (WS FORM: F-6) , PAGE 2
STATION: CANYONLANDS AIRPORT UT
MONTH: DECEMBER
YEAR: 2022
LATITUDE: 38 46 N
LONGITUDE: 109 45 W
[TEMPERATURE DATA] [PRECIPITATION DATA] SYMBOLS USED IN COLUMN 16
AVERAGE MONTHLY: 30.2 TOTAL FOR MONTH: 0.51 1 = FOG OR MIST
DPTR FM NORMAL: 2.6 DPTR FM NORMAL: -0.02 2 = FOG REDUCING VISIBILITY
HIGHEST: 52 ON 2, 1 GRTST 24HR 0.25 ON 27-28 TO 1/4 MILE OR LESS
LOWEST: 6 ON 19 3 = THUNDER
SNOW, ICE PELLETS, HAIL 4 = ICE PELLETS
TOTAL MONTH: M 5 = HAIL
GRTST 24HR M ON M 6 = FREEZING RAIN OR DRIZZLE
GRTST DEPTH: M ON M 7 = DUSTSTORM OR SANDSTORM:
VSBY 1/2 MILE OR LESS
8 = SMOKE OR HAZE
[NO. OF DAYS WITH] [WEATHER - DAYS WITH] 9 = BLOWING SNOW
X = TORNADO
MAX 32 OR BELOW: 4 0.01 INCH OR MORE: 5
MAX 90 OR ABOVE: 0 0.10 INCH OR MORE: 3
MIN 32 OR BELOW: 31 0.50 INCH OR MORE: 0
MIN 0 OR BELOW: 0 1.00 INCH OR MORE: 0
[HDD (BASE 65) ]
TOTAL THIS MO. 1073 CLEAR (SCALE 0-3) 18
DPTR FM NORMAL -84 PTCLDY (SCALE 4-7) 9
TOTAL FM JUL 1 2264 CLOUDY (SCALE 8-10) 4
DPTR FM NORMAL -45
[CDD (BASE 65) ]
TOTAL THIS MO. 0
DPTR FM NORMAL 0 [PRESSURE DATA]
TOTAL FM JAN 1 1614 HIGHEST SLP 30.58 ON 24
DPTR FM NORMAL 200 LOWEST SLP 29.54 ON 12
[REMARKS]
#FINAL-12-22#