148
CXUS55 KGJT 011010
CF6CNY
PRELIMINARY LOCAL CLIMATOLOGICAL DATA (WS FORM: F-6)
STATION: CANYONLANDS AIRPORT UT
MONTH: FEBRUARY
YEAR: 2021
LATITUDE: 38 46 N
LONGITUDE: 109 45 W
TEMPERATURE IN F: :PCPN: SNOW: WIND :SUNSHINE: SKY :PK WND
================================================================================
1 2 3 4 5 6A 6B 7 8 9 10 11 12 13 14 15 16 17 18
12Z AVG MX 2MIN
DY MAX MIN AVG DEP HDD CDD WTR SNW DPTH SPD SPD DIR MIN PSBL S-S WX SPD DR
================================================================================
1 44 21 33 2 32 0 0.00 M M 3.5 12 320 M M 2 14 330
2 52 32 42 11 23 0 0.00 M M 1.4 12 300 M M 7 8 12 300
3 61 26 44 13 21 0 0.03 M M 11.8 38 240 M M 4 52 250
4 44 20 32 0 33 0 0.00 M M 10.1 23 300 M M 0 28 280
5 48 18 33 1 32 0 0.00 M M 8.1 25 310 M M 2 42 300
6 53 24 39 7 26 0 0.00 M M 8.7 22 230 M M 2 28 250
7 59 20 40 7 25 0 0.00 M M 6.9 23 260 M M 0 30 230
8 62 17 40 7 25 0 0.00 M M 3.3 18 240 M M 0 28 240
9 58 38 48 15 17 0 0.00 M M 7.0 25 260 M M 8 33 260
10 55 30 43 9 22 0 0.00 M M 4.2 14 330 M M 6 18 210
11 56 20 38 4 27 0 0.00 M M 2.0 15 280 M M 1 19 280
12 54 37 46 12 19 0 0.01 M M 8.5 21 240 M M 8 26 240
13 42 34 38 3 27 0 0.23 M M 4.4 16 210 M M 8 1 25 220
14 36 25 31 -4 34 0 0.01 M M 10.5 22 90 M M 4 1 28 90
15 37 23 30 -5 35 0 0.00 M M 6.4 13 80 M M 7 17 70
16 47 26 37 1 28 0 0.00 M M 10.4 22 300 M M 5 32 290
17 43 23 33 -3 32 0 0.00 M M 9.4 25 40 M M 5 32 330
18 40 15 28 -8 37 0 0.00 M M 4.5 14 280 M M 0 18 260
19 49 24 37 0 28 0 0.00 M M 4.7 12 90 M M 3 14 90
20 52 22 37 0 28 0 0.00 M M 8.1 31 300 M M 1 37 300
21 46 21 34 -3 31 0 0.00 M M 9.4 20 280 M M 0 27 290
22 50 18 34 -4 31 0 0.00 M M 3.3 13 280 M M 0 15 270
23 53 20 37 -1 28 0 0.00 M M 5.2 15 280 M M 0 20 300
24 54 17 36 -2 29 0 0.00 M M 6.8 26 310 M M 3 34 310
25 45 21 33 -6 32 0 0.00 M M 6.5 24 30 M M 2 31 40
26 53 15 34 -5 31 0 0.00 M M 8.1 23 280 M M 0 32 230
27 42 18 30 -9 35 0 0.00 M M 13.0 25 290 M M 3 40 260
28 41 12 27 -13 38 0 0.00 M M 3.9 14 50 M M 1 8 19 70
================================================================================
SM 1376 637 806 0 0.28 M 190.1 M 82
================================================================================
AV 49.1 22.8 6.8 FASTST M M 3 MAX(MPH)
MISC ----> 38 240 52 250
================================================================================
NOTES:
# LAST OF SEVERAL OCCURRENCES
COLUMN 17 PEAK WIND IN M.P.H.
PRELIMINARY LOCAL CLIMATOLOGICAL DATA (WS FORM: F-6) , PAGE 2
STATION: CANYONLANDS AIRPORT UT
MONTH: FEBRUARY
YEAR: 2021
LATITUDE: 38 46 N
LONGITUDE: 109 45 W
[TEMPERATURE DATA] [PRECIPITATION DATA] SYMBOLS USED IN COLUMN 16
AVERAGE MONTHLY: 35.9 TOTAL FOR MONTH: 0.28 1 = FOG OR MIST
DPTR FM NORMAL: 0.7 DPTR FM NORMAL: -0.24 2 = FOG REDUCING VISIBILITY
HIGHEST: 62 ON 8 GRTST 24HR 0.24 ON 13-14 TO 1/4 MILE OR LESS
LOWEST: 12 ON 28 3 = THUNDER
SNOW, ICE PELLETS, HAIL 4 = ICE PELLETS
TOTAL MONTH: M 5 = HAIL
GRTST 24HR M ON M 6 = FREEZING RAIN OR DRIZZLE
GRTST DEPTH: M ON M 7 = DUSTSTORM OR SANDSTORM:
VSBY 1/2 MILE OR LESS
8 = SMOKE OR HAZE
[NO. OF DAYS WITH] [WEATHER - DAYS WITH] 9 = BLOWING SNOW
X = TORNADO
MAX 32 OR BELOW: 0 0.01 INCH OR MORE: 4
MAX 90 OR ABOVE: 0 0.10 INCH OR MORE: 1
MIN 32 OR BELOW: 25 0.50 INCH OR MORE: 0
MIN 0 OR BELOW: 0 1.00 INCH OR MORE: 0
[HDD (BASE 65) ]
TOTAL THIS MO. 806 CLEAR (SCALE 0-3) 18
DPTR FM NORMAL -28 PTCLDY (SCALE 4-7) 8
TOTAL FM JUL 1 4438 CLOUDY (SCALE 8-10) 2
DPTR FM NORMAL 28
[CDD (BASE 65) ]
TOTAL THIS MO. 0
DPTR FM NORMAL 0 [PRESSURE DATA]
TOTAL FM JAN 1 0 HIGHEST SLP 30.51 ON 22
DPTR FM NORMAL 0 LOWEST SLP 29.38 ON 13
[REMARKS]
#FINAL-02-21#