000
CXUS55 KRIW 011425
CF6COD
PRELIMINARY LOCAL CLIMATOLOGICAL DATA (WS FORM: F-6)
STATION: CODY WY
MONTH: MARCH
YEAR: 2021
LATITUDE: 44 31 N
LONGITUDE: 109 1 W
TEMPERATURE IN F: :PCPN: SNOW: WIND :SUNSHINE: SKY :PK WND
================================================================================
1 2 3 4 5 6A 6B 7 8 9 10 11 12 13 14 15 16 17 18
12Z AVG MX 2MIN
DY MAX MIN AVG DEP HDD CDD WTR SNW DPTH SPD SPD DIR MIN PSBL S-S WX SPD DR
================================================================================
1 44 13 29 -4 36 0 0.00 M M 7.1 15 170 M M 0 20 260
2 54 27 41 8 24 0 0.00 M M 9.8 15 260 M M 0 25 260
3 51 28 40 6 25 0 0.00 M M 9.2 17 130 M M 0 18 160
4 53 26 40 6 25 0 0.00 M M 4.4 12 40 M M 0 M M
5 57 25 41 7 24 0 0.00 M M 7.3 18 140 M M 0 21 230
6 64 32 48 13 17 0 0.00 M M 11.5 21 220 M M 1 35 220
7 53 34 44 9 21 0 0.00 M M 10.0 21 230 M M 0 30 230
8 52 27 40 5 25 0 0.00 M M 5.4 10 50 M M 1 M M
9 46 27 37 1 28 0 T M M 9.4 17 360 M M 5 23 260
10 40 27 34 -2 31 0 T M M 5.5 13 280 M M 8 1 M M
11 41 18 30 -6 35 0 T M M 5.6 10 140 M M 3 1 M M
12 47 19 33 -4 32 0 0.00 M M 6.3 15 210 M M 0 17 140
13 50 19 35 -2 30 0 0.00 M M 7.8 18 10 M M 2 24 350
14 54 31 43 6 22 0 0.00 M M 7.6 20 180 M M 4 25 180
15 50 23 37 0 28 0 0.00 M M 7.2 17 360 M M 4 24 30
16 42 24 33 -5 32 0 T M M 10.4 18 20 M M 8 23 20
17 52 22 37 -1 28 0 0.00 M M 4.6 12 80 M M 0 M M
18 60 25 43 5 22 0 0.00 M M 7.9 14 200 M M 0 18 270
19 66 38 52 13 13 0 0.00 M M 9.0 14 230 M M 1 17 270
20 44 32 38 -1 27 0 0.06 M M 10.7 18 360 M M 9 1 24 350
21 44 29 37 -2 28 0 T M M 6.5 13 250 M M 6 24 250
22 44 29 37 -2 28 0 T M M 9.5 17 230 M M 6 24 230
23 39 21 30 -10 35 0 T M M 11.6 23 350 M M 8 1 28 350
24 44 19 32 -8 33 0 0.00 M M 13.8 20 260 M M 1 37 260
25 45 32 39 -1 26 0 T M M 9.1 15 260 M M 6 23 350
26 45 26 36 -4 29 0 T M M 6.3 14 340 M M 9 18 17 340
27 53 23 38 -3 27 0 0.00 M M 8.7 21 240 M M 5 44 260
28 64 46 55 14 10 0 0.00 M M 14.7 21 250 M M 1 43 230
29 54 27 41 0 24 0 0.01 M M 18.0 29 220 M M 5 1 43 350
30 33 13 23 -18 42 0 0.00 M M 7.2 14 20 M M 5 21 270
31 52 13 33 -8 32 0 0.00 M M 7.2 15 240 M M 0 27 120
================================================================================
SM 1537 795 839 0 0.07 M 269.3 M 98
================================================================================
AV 49.6 25.6 8.7 FASTST M M 3 MAX(MPH)
MISC ----> 29 220 44 260
================================================================================
NOTES:
# LAST OF SEVERAL OCCURRENCES
COLUMN 17 PEAK WIND IN M.P.H.
PRELIMINARY LOCAL CLIMATOLOGICAL DATA (WS FORM: F-6) , PAGE 2
STATION: CODY WY
MONTH: MARCH
YEAR: 2021
LATITUDE: 44 31 N
LONGITUDE: 109 1 W
[TEMPERATURE DATA] [PRECIPITATION DATA] SYMBOLS USED IN COLUMN 16
AVERAGE MONTHLY: 37.6 TOTAL FOR MONTH: 0.07 1 = FOG OR MIST
DPTR FM NORMAL: 0.1 DPTR FM NORMAL: M 2 = FOG REDUCING VISIBILITY
HIGHEST: 66 ON 19 GRTST 24HR 0.06 ON 20-20 TO 1/4 MILE OR LESS
LOWEST: 13 ON 31,30 3 = THUNDER
SNOW, ICE PELLETS, HAIL 4 = ICE PELLETS
TOTAL MONTH: M 5 = HAIL
GRTST 24HR M ON M 6 = FREEZING RAIN OR DRIZZLE
GRTST DEPTH: M ON M 7 = DUSTSTORM OR SANDSTORM:
VSBY 1/2 MILE OR LESS
8 = SMOKE OR HAZE
[NO. OF DAYS WITH] [WEATHER - DAYS WITH] 9 = BLOWING SNOW
X = TORNADO
MAX 32 OR BELOW: 0 0.01 INCH OR MORE: 2
MAX 90 OR ABOVE: 0 0.10 INCH OR MORE: 0
MIN 32 OR BELOW: 28 0.50 INCH OR MORE: 0
MIN 0 OR BELOW: 0 1.00 INCH OR MORE: 0
[HDD (BASE 65) ]
TOTAL THIS MO. 839 CLEAR (SCALE 0-3) 17
DPTR FM NORMAL -13 PTCLDY (SCALE 4-7) 12
TOTAL FM JUL 1 6016 CLOUDY (SCALE 8-10) 2
DPTR FM NORMAL 414
[CDD (BASE 65) ]
TOTAL THIS MO. 0
DPTR FM NORMAL 0 [PRESSURE DATA]
TOTAL FM JAN 1 0 HIGHEST SLP M ON M
DPTR FM NORMAL 0 LOWEST SLP M ON M
[REMARKS]
#FINAL-03-21#