000
CXUS55 KPUB 011704
CLMCOS
CLIMATE REPORT
NATIONAL WEATHER SERVICE
1004 AM MST THU FEB 01 2024
...................................
...THE COLORADO SPRINGS CO CLIMATE SUMMARY FOR THE MONTH OF JANUARY 2024...
CLIMATE NORMAL PERIOD 1991 TO 2020
CLIMATE RECORD PERIOD 1872 TO 2024
WEATHER OBSERVED NORMAL DEPART LAST YEAR`S
VALUE DATE(S) VALUE FROM VALUE DATE(S)
NORMAL
................................................................
TEMPERATURE (F)
RECORD
HIGH 73 01/02/1997
LOW -26 01/31/1951
01/06/1913
HIGHEST 65 01/31 43 22 67 01/14
LOWEST -10 01/15 14 -24 -2 01/30
AVG. MAXIMUM 42.7 45.0 -2.3 42.0
AVG. MINIMUM 17.1 18.5 -1.4 20.2
MEAN 29.9 31.7 -1.8 31.1
DAYS MAX >= 90 0 0.0 0.0
DAYS MAX <= 32 6 5.4 0.6
DAYS MIN <= 32 31 29.7 1.3
DAYS MIN <= 0 4 1.4 2.6
PRECIPITATION (INCHES)
RECORD
MAXIMUM 1.17 1987
MINIMUM 0.00 1928
TOTALS 0.62 0.29 0.33 0.40
DAILY AVG. 0.02 0.01 0.01
DAYS >= .01 6 3.6 2.4
DAYS >= .10 3 1.1 1.9
DAYS >= .50 0 0.0 0.0
DAYS >= 1.00 0 0.0 0.0
GREATEST
24 HR. TOTAL 0.45 01/25 TO 01/26 0.17
SNOWFALL (INCHES)
RECORDS
TOTAL 28.7 1987
TOTALS 7.1 4.9 2.2 5.3
SINCE 7/1 24.9 16.1 8.8 MM
SNOWDEPTH AVG. 0
DAYS >= 1.0 3 1.8 1.2
GREATEST
SNOW DEPTH 3 01/26 2
24 HR TOTAL 3.5 01/25 TO 01/26 1.6
DEGREE DAYS
HEATING TOTAL 1076 1031 45 1043
SINCE 7/1 3037 3420 -383 MM
COOLING TOTAL 0 0 0 0
SINCE 1/1 0 0 0 MM
................................................................
WIND (MPH)
AVERAGE WIND SPEED 8.1
HIGHEST WIND SPEED/DIRECTION 44/330 DATE 01/08
HIGHEST GUST SPEED/DIRECTION 58/330 DATE 01/08
SKY COVER
POSSIBLE SUNSHINE (PERCENT) MM
AVERAGE SKY COVER 0.51
NUMBER OF DAYS FAIR 7
NUMBER OF DAYS PC 18
NUMBER OF DAYS CLOUDY 5
AVERAGE RH (PERCENT) 55
WEATHER CONDITIONS. NUMBER OF DAYS WITH
THUNDERSTORM 0 MIXED PRECIP 1
HEAVY RAIN 0 RAIN 0
LIGHT RAIN 2 FREEZING RAIN 0
LT FREEZING RAIN 0 HAIL 0
HEAVY SNOW 1 SNOW 3
LIGHT SNOW 12 SLEET 0
FOG 9 FOG W/VIS <= 1/4 MILE 2
HAZE 0
- INDICATES NEGATIVE NUMBERS.
R INDICATES RECORD WAS SET OR TIED.
MM INDICATES DATA IS MISSING.
T INDICATES TRACE AMOUNT.
$$