000
CXUS53 KLSX 021020 CCA
CF6COU
PRELIMINARY LOCAL CLIMATOLOGICAL DATA (WS FORM: F-6)
STATION: COLUMBIA ASOS
MONTH: FEBRUARY
YEAR: 2022
LATITUDE: 38 49 N
LONGITUDE: 92 13 W
TEMPERATURE IN F: :PCPN: SNOW: WIND :SUNSHINE: SKY :PK WND
================================================================================
1 2 3 4 5 6A 6B 7 8 9 10 11 12 13 14 15 16 17 18
12Z AVG MX 2MIN
DY MAX MIN AVG DEP HDD CDD WTR SNW DPTH SPD SPD DIR MIN PSBL S-S WX SPD DR
================================================================================
1 59 29 44 12 21 0 0.81 0.2 0 12.8 25 10 M M 8 16 33 360
2 29 14 22 -10 43 0 M 7.2 3 18.8 29 10 M M 10 128 38 360
3 17 12 15 -17 50 0 0.11 2.7 9 16.2 24 10 M M 8 8 30 10
4 30 6 18 -15 47 0 0.00 0.0 7 8.9 21 240 M M 2 26 260
5 41 7 24 -9 41 0 0.00 0.0 6 10.4 17 180 M M 0 24 170
6 43 24 34 1 31 0 0.00 0.0 6 9.5 18 230 M M 1 23 240
7 42 22 32 -2 33 0 0.00 0.0 3 7.6 15 220 M M 4 1 19 240
8 54 32 43 9 22 0 0.00 0.0 2 10.4 20 210 M M 0 25 210
9 53 37 45 11 20 0 0.00 0.0 1 10.2 24 280 M M 2 33 290
10 48 31 40 6 25 0 0.00 0.0 0 9.4 18 280 M M 0 24 200
11 52 26 39 5 26 0 0.11 0.0 0 13.9 28 320 M M 7 36 330
12 27 14 21 -14 44 0 0.00 0.0 0 10.5 22 330 M M 2 27 330
13 34 18 26 -9 39 0 0.00 0.0 0 8.7 21 340 M M 2 26 330
14 51 20 36 1 29 0 0.00 0.0 0 6.4 12 160 M M 2 15 170
15 67 30 49 13 16 0 0.00 0.0 0 14.6 25 170 M M 0 40 170
16 66 53 60 24 5 0 0.03 0.0 0 16.0 25 180 M M 6 38 170
17 58 12 35 -1 30 0 M 5.0 0 17.1 32 360 M M 8 1268 44 350
18 40 6 23 -14 42 0 0.00 0.0 4 11.5 24 220 M M 0 31 230
19 37 21 29 -8 36 0 0.00 0.0 3 9.4 20 350 M M 0 27 350
20 64 34 49 12 16 0 0.00 0.0 1 15.4 28 200 M M 0 36 200
21 72 41 57 19 8 0 0.00 0.0 0 13.6 24 180 M M 1 32 170
22 61 18 40 2 25 0 0.03 T 0 16.1 24 280 M M 8 1 33 260
23 19 13 16 -22 49 0 T T 0 11.4 20 330 M M 8 8 28 330
24 26 19 23 -16 42 0 0.05 0.4 T 8.5 18 280 M M 10 128 26 280
25 26 15 21 -18 44 0 T T T 7.7 21 280 M M 7 18 31 290
26 40 15 28 -11 37 0 0.00 0.0 0 3.1 8 170 M M 0 11 350
27 51 23 37 -3 28 0 0.00 0.0 0 5.8 17 260 M M 0 21 270
28 66 28 47 7 18 0 0.00 0.0 0 8.4 16 220 M M 0 21 210
================================================================================
SM 1273 620 867 0 M 15.5 312.3 M 96
================================================================================
AV 45.5 22.1 11.2 FASTST M M 3 MAX(MPH)
MISC ----> 32 360 44 350
================================================================================
NOTES:
# LAST OF SEVERAL OCCURRENCES
COLUMN 17 PEAK WIND IN M.P.H.
PRELIMINARY LOCAL CLIMATOLOGICAL DATA (WS FORM: F-6) , PAGE 2
STATION: COLUMBIA ASOS
MONTH: FEBRUARY
YEAR: 2022
LATITUDE: 38 49 N
LONGITUDE: 92 13 W
[TEMPERATURE DATA] [PRECIPITATION DATA] SYMBOLS USED IN COLUMN 16
AVERAGE MONTHLY: 33.8 TOTAL FOR MONTH: M 1 = FOG OR MIST
DPTR FM NORMAL: -1.9 DPTR FM NORMAL: M 2 = FOG REDUCING VISIBILITY
HIGHEST: 72 ON 21 GRTST 24HR M TO 1/4 MILE OR LESS
LOWEST: 6 ON 18, 4 3 = THUNDER
SNOW, ICE PELLETS, HAIL 4 = ICE PELLETS
TOTAL MONTH: 15.5 INCHES 5 = HAIL
GRTST 24HR 7.2 ON 2 6 = FREEZING RAIN OR DRIZZLE
GRTST DEPTH: 9 ON 3 7 = DUSTSTORM OR SANDSTORM:
VSBY 1/2 MILE OR LESS
8 = SMOKE OR HAZE
[NO. OF DAYS WITH] [WEATHER - DAYS WITH] 9 = BLOWING SNOW
X = TORNADO
MAX 32 OR BELOW: 7 0.01 INCH OR MORE: M
MAX 90 OR ABOVE: 0 0.10 INCH OR MORE: M
MIN 32 OR BELOW: 24 0.50 INCH OR MORE: M
MIN 0 OR BELOW: 0 1.00 INCH OR MORE: 0
[HDD (BASE 65) ]
TOTAL THIS MO. 867 CLEAR (SCALE 0-3) 17
DPTR FM NORMAL 48 PTCLDY (SCALE 4-7) 4
TOTAL FM JUL 1 3252 CLOUDY (SCALE 8-10) 7
DPTR FM NORMAL -453
[CDD (BASE 65) ]
TOTAL THIS MO. 0
DPTR FM NORMAL 0 [PRESSURE DATA]
TOTAL FM JAN 1 0 HIGHEST SLP 30.64 ON 25
DPTR FM NORMAL 0 LOWEST SLP 29.62 ON 22
[REMARKS]
#FINAL-02-22#