000
CXUS56 KLOX 021852
CF6CQT
PRELIMINARY LOCAL CLIMATOLOGICAL DATA (WS FORM: F-6)
STATION: DOWNTOWN LOS ANGELES (USC) CA
MONTH: SEPTEMBER
YEAR: 2023
LATITUDE: 34 1 N
LONGITUDE: 118 17 W
TEMPERATURE IN F: :PCPN: SNOW: WIND :SUNSHINE: SKY :PK WND
================================================================================
1 2 3 4 5 6A 6B 7 8 9 10 11 12 13 14 15 16 17 18
12Z AVG MX 2MIN
DY MAX MIN AVG DEP HDD CDD WTR SNW DPTH SPD SPD DIR MIN PSBL S-S WX SPD DR
================================================================================
1 84 70 77 2 0 12 0.00 M M 2.3 8 130 M M 6 8 14 130
2 79 68 74 -1 0 9 0.03 M M 1.4 7 270 M M 10 18 11 280
3 79 67 73 -2 0 8 T M M 2.0 10 270 M M 5 16 260
4 79 66 73 -2 0 8 0.00 M M 1.1 8 260 M M 1 14 260
5 76 65 71 -4 0 6 0.00 M M 1.4 8 260 M M 7 12 270
6 81 67 74 -1 0 9 0.00 M M 1.6 9 270 M M 5 14 270
7 83 64 74 -1 0 9 0.00 M M 0.8 8 260 M M 0 14 270
8 94 66 80 6 0 15 0.00 M M 1.2 9 270 M M 0 13 270
9 90 70 80 6 0 15 0.00 M M 1.6 8 270 M M 0 14 260
10 94 72 83 9 0 18 T M M 1.4 9 270 M M 0 16 270
11 89 70 80 6 0 15 0.00 M M 1.4 7 260 M M 0 M M
12 85 67 76 2 0 11 0.00 M M 1.2 8 260 M M 0 1 12 270
13 79 67 73 -1 0 8 0.00 M M 1.6 8 100 M M 5 12 260
14 78 66 72 -2 0 7 0.00 M M 1.8 8 270 M M 4 8 15 270
15 76 67 72 -2 0 7 0.00 M M 0.9 7 260 M M 8 8 13 260
16 72 67 70 -4 0 5 0.00 M M 1.2 6 260 M M 10 8 M M
17 74 67 71 -3 0 6 0.00 M M 1.2 7 260 M M 10 18 12 270
18 79 64 72 -2 0 7 0.00 M M 1.1 8 260 M M 4 15 260
19 79 63 71 -2 0 6 0.00 M M 1.4 10 270 M M 3 18 18 270
20 75 66 71 -2 0 6 T M M 1.4 9 260 M M 8 14 260
21 74 62 68 -5 0 3 0.00 M M 0.9 9 260 M M 6 8 16 270
22 76 60 68 -5 0 3 0.00 M M 0.7 7 260 M M 0 13 270
23 76 60 68 -5 0 3 0.00 M M 0.8 8 270 M M 1 18 12 260
24 79 61 70 -3 0 5 0.00 M M 1.4 8 270 M M 2 18 13 270
25 77 59 68 -4 0 3 0.00 M M 0.9 8 270 M M 2 18 13 270
26 81 59 70 -2 0 5 0.00 M M 1.4 7 260 M M 0 8 14 260
27 80 62 71 -1 0 6 0.00 M M 0.6 8 270 M M 0 8 13 260
28 78 66 72 0 0 7 0.00 M M 1.2 8 280 M M 5 8 14 270
29 73 66 70 -2 0 5 0.00 M M 1.2 8 260 M M 9 12 260
30 69 63 66 -6 0 1 0.02 M M 1.4 8 270 M M 9 16 260
================================================================================
SM 2388 1957 0 228 0.05 M 38.5 M 120
================================================================================
AV 79.6 65.2 1.3 FASTST M M 4 MAX(MPH)
MISC ----> # 10 270 18 270
================================================================================
NOTES:
# LAST OF SEVERAL OCCURRENCES
COLUMN 17 PEAK WIND IN M.P.H.
PRELIMINARY LOCAL CLIMATOLOGICAL DATA (WS FORM: F-6) , PAGE 2
STATION: DOWNTOWN LOS ANGELES (USC) CA
MONTH: SEPTEMBER
YEAR: 2023
LATITUDE: 34 1 N
LONGITUDE: 118 17 W
[TEMPERATURE DATA] [PRECIPITATION DATA] SYMBOLS USED IN COLUMN 16
AVERAGE MONTHLY: 72.4 TOTAL FOR MONTH: 0.05 1 = FOG OR MIST
DPTR FM NORMAL: -1.2 DPTR FM NORMAL: -0.08 2 = FOG REDUCING VISIBILITY
HIGHEST: 94 ON 10, 8 GRTST 24HR 0.03 ON 2- 2 TO 1/4 MILE OR LESS
LOWEST: 59 ON 26,25 3 = THUNDER
SNOW, ICE PELLETS, HAIL 4 = ICE PELLETS
TOTAL MONTH: M 5 = HAIL
GRTST 24HR M ON M 6 = FREEZING RAIN OR DRIZZLE
GRTST DEPTH: M ON M 7 = DUSTSTORM OR SANDSTORM:
VSBY 1/2 MILE OR LESS
8 = SMOKE OR HAZE
[NO. OF DAYS WITH] [WEATHER - DAYS WITH] 9 = BLOWING SNOW
X = TORNADO
MAX 32 OR BELOW: 0 0.01 INCH OR MORE: 2
MAX 90 OR ABOVE: 3 0.10 INCH OR MORE: 0
MIN 32 OR BELOW: 0 0.50 INCH OR MORE: 0
MIN 0 OR BELOW: 0 1.00 INCH OR MORE: 0
[HDD (BASE 65) ]
TOTAL THIS MO. 0 CLEAR (SCALE 0-3) 14
DPTR FM NORMAL -1 PTCLDY (SCALE 4-7) 10
TOTAL FM JUL 1 0 CLOUDY (SCALE 8-10) 6
DPTR FM NORMAL 0
[CDD (BASE 65) ]
TOTAL THIS MO. 228
DPTR FM NORMAL -31 [PRESSURE DATA]
TOTAL FM JAN 1 983 HIGHEST SLP M ON M
DPTR FM NORMAL -124 LOWEST SLP 29.81 ON 1
[REMARKS]
#FINAL-09-23#