000
CXUS56 KSGX 011145
CF6CRQ
PRELIMINARY LOCAL CLIMATOLOGICAL DATA (WS FORM: F-6)
STATION: CARLSBAD PALOMAR AIRPORT CA
MONTH: JANUARY
YEAR: 2023
LATITUDE: 33 7 N
LONGITUDE: 117 17 W
TEMPERATURE IN F: :PCPN: SNOW: WIND :SUNSHINE: SKY :PK WND
================================================================================
1 2 3 4 5 6A 6B 7 8 9 10 11 12 13 14 15 16 17 18
12Z AVG MX 2MIN
DY MAX MIN AVG DEP HDD CDD WTR SNW DPTH SPD SPD DIR MIN PSBL S-S WX SPD DR
================================================================================
1 58 53 56 0 9 0 1.48 M M 10.6 26 240 M M 10 18 35 240
2 58 49 54 -2 11 0 0.02 M M 5.6 14 240 M M 7 17 230
3 58 52 55 -1 10 0 0.15 M M 8.2 16 140 M M 10 18 22 140
4 66 57 62 6 3 0 0.07 M M 6.4 16 240 M M 9 1 23 240
5 60 52 56 0 9 0 0.26 M M 7.8 24 110 M M 10 18 29 120
6 61 47 54 -2 11 0 0.00 M M 2.2 10 260 M M 2 12 14 260
7 67 45 56 0 9 0 0.00 M M 2.7 9 70 M M 0 12 70
8 66 47 57 1 8 0 0.00 M M 2.8 10 250 M M 0 13 250
9 66 49 58 2 7 0 T M M 6.1 16 140 M M 6 18 21 140
10 60 50 55 -1 10 0 0.68 M M 8.5 20 180 M M 8 1 27 170
11 60 48 54 -2 11 0 0.00 M M 3.2 10 260 M M 0 1 14 250
12 72 47 60 4 5 0 0.00 M M 1.3 9 240 M M 0 10 240
13 68 48 58 2 7 0 0.00 M M 2.1 13 260 M M 0 15 260
14 58 49 54 -2 11 0 1.80 M M 7.7 24 220 M M 6 1 33 210
15 58 51 55 -2 10 0 0.87 M M 6.0 15 270 M M 10 1 24 250
16 58 51 55 -2 10 0 1.04 M M 9.9 23 160 M M 8 1 35 170
17 57 46 52 -5 13 0 0.04 M M 5.7 16 260 M M 4 8 24 260
18 58 43 51 -6 14 0 0.00 M M 3.3 10 260 M M 0 15 290
19 57 41 49 -8 16 0 0.13 M M 4.6 13 240 M M 3 1 17 240
20 59 45 52 -5 13 0 0.00 M M 3.2 9 240 M M 1 12 280
21 63 41 52 -5 13 0 0.00 M M 2.8 10 260 M M 0 14 250
22 59 39 49 -7 16 0 0.00 M M 4.5 13 210 M M 1 17 230
23 65 45 55 -1 10 0 0.00 M M 4.6 13 260 M M 0 21 30
24 63 40 52 -4 13 0 0.00 M M 4.0 10 270 M M 0 13 270
25 68 42 55 -1 10 0 0.00 M M 2.9 12 260 M M 0 14 260
26 72 47 60 4 5 0 0.00 M M 3.8 17 100 M M 0 25 60
27 66 44 55 -1 10 0 0.00 M M 2.8 10 260 M M 0 14 260
28 59 45 52 -4 13 0 0.00 M M 7.2 14 220 M M 5 18 220
29 55 49 52 -4 13 0 0.11 M M 7.0 17 260 M M 10 1 22 250
30 54 47 51 -5 14 0 0.53 M M 4.3 12 70 M M 10 1 16 60
31 62 43 53 -3 12 0 0.00 M M 3.9 12 250 M M 1 15 280
================================================================================
SM 1911 1452 326 0 7.18 M 155.7 M 121
================================================================================
AV 61.6 46.8 5.0 FASTST M M 4 MAX(MPH)
MISC ----> 26 240 # 35 240
================================================================================
NOTES:
# LAST OF SEVERAL OCCURRENCES
COLUMN 17 PEAK WIND IN M.P.H.
PRELIMINARY LOCAL CLIMATOLOGICAL DATA (WS FORM: F-6) , PAGE 2
STATION: CARLSBAD PALOMAR AIRPORT CA
MONTH: JANUARY
YEAR: 2023
LATITUDE: 33 7 N
LONGITUDE: 117 17 W
[TEMPERATURE DATA] [PRECIPITATION DATA] SYMBOLS USED IN COLUMN 16
AVERAGE MONTHLY: 54.2 TOTAL FOR MONTH: 7.18 1 = FOG OR MIST
DPTR FM NORMAL: -2.2 DPTR FM NORMAL: 4.69 2 = FOG REDUCING VISIBILITY
HIGHEST: 72 ON 26,12 GRTST 24HR 1.80 ON 14-14 TO 1/4 MILE OR LESS
LOWEST: 39 ON 22 3 = THUNDER
SNOW, ICE PELLETS, HAIL 4 = ICE PELLETS
TOTAL MONTH: M 5 = HAIL
GRTST 24HR M ON M 6 = FREEZING RAIN OR DRIZZLE
GRTST DEPTH: M ON M 7 = DUSTSTORM OR SANDSTORM:
VSBY 1/2 MILE OR LESS
8 = SMOKE OR HAZE
[NO. OF DAYS WITH] [WEATHER - DAYS WITH] 9 = BLOWING SNOW
X = TORNADO
MAX 32 OR BELOW: 0 0.01 INCH OR MORE: 13
MAX 90 OR ABOVE: 0 0.10 INCH OR MORE: 10
MIN 32 OR BELOW: 0 0.50 INCH OR MORE: 6
MIN 0 OR BELOW: 0 1.00 INCH OR MORE: 3
[HDD (BASE 65) ]
TOTAL THIS MO. 326 CLEAR (SCALE 0-3) 17
DPTR FM NORMAL 55 PTCLDY (SCALE 4-7) 6
TOTAL FM JUL 1 767 CLOUDY (SCALE 8-10) 8
DPTR FM NORMAL 15
[CDD (BASE 65) ]
TOTAL THIS MO. 0
DPTR FM NORMAL -4 [PRESSURE DATA]
TOTAL FM JAN 1 0 HIGHEST SLP 30.35 ON 26
DPTR FM NORMAL -4 LOWEST SLP 29.67 ON 16
[REMARKS]
#FINAL-01-23#