000
CXUS54 KFWD 010730
CF6CRS
PRELIMINARY LOCAL CLIMATOLOGICAL DATA (WS FORM: F-6)
STATION: CORSICANA
MONTH: MAY
YEAR: 2023
LATITUDE: 32 1 N
LONGITUDE: 96 24 W
TEMPERATURE IN F: :PCPN: SNOW: WIND :SUNSHINE: SKY :PK WND
================================================================================
1 2 3 4 5 6A 6B 7 8 9 10 11 12 13 14 15 16 17 18
12Z AVG MX 2MIN
DY MAX MIN AVG DEP HDD CDD WTR SNW DPTH SPD SPD DIR MIN PSBL S-S WX SPD DR
================================================================================
1 78 55 67 -3 0 2 0.00 M M 6.1 13 90 M M 0 21 70
2 82 58 70 0 0 5 0.00 M M 4.9 10 150 M M 2 16 100
3 83 66 75 5 0 10 0.00 M M 6.6 18 120 M M 3 25 120
4 80 64 72 2 0 7 T M M 9.4 31 290 M M 4 13 41 290
5 90 65 78 7 0 13 0.07 M M 12.0 30 190 M M 5 13 45 190
6 87 66 77 6 0 12 0.01 M M 11.4 33 170 M M 3 13 46 170
7 84 65 75 4 0 10 0.01 M M 11.5 32 350 M M 3 13 49 350
8 88 69 79 7 0 14 0.01 M M 12.1 22 150 M M 3 29 160
9 84 68 76 4 0 11 0.00 M M 8.9 15 140 M M 3 19 180
10 73 67 70 -2 0 5 0.05 M M 4.7 9 80 M M 7 13 70
11 88 68 78 5 0 13 0.00 M M 10.4 21 190 M M 7 27 190
12 87 75 81 8 0 16 0.00 M M 11.7 21 170 M M 6 27 160
13 84 67 76 3 0 11 0.01 M M 6.2 31 220 M M 5 3 45 200
14 74 66 70 -4 0 5 T M M 2.9 14 160 M M 7 13 17 160
15 86 65 76 2 0 11 T M M 5.0 20 220 M M 3 29 230
16 80 66 73 -1 0 8 0.00 M M 5.3 13 340 M M 5 19 350
17 83 63 73 -1 0 8 0.00 M M 4.0 12 330 M M 0 17 360
18 87 63 75 0 0 10 0.00 M M 4.3 12 150 M M 0 16 160
19 92 69 81 6 0 16 0.02 M M 8.1 17 210 M M 1 3 24 190
20 81 67 74 -1 0 9 0.01 M M 8.6 22 350 M M 4 8 33 350
21 79 64 72 -4 0 7 0.00 M M 3.7 7 120 M M 4 1 10 100
22 84 65 75 -1 0 10 0.00 M M 3.5 8 140 M M 2 12 110
23 84 67 76 0 0 11 0.05 M M 6.2 15 260 M M 3 8 21 260
24 87 67 77 0 0 12 0.01 M M 5.8 23 270 M M 4 13 31 260
25 86 66 76 -1 0 11 0.00 M M 5.2 12 90 M M 1 20 100
26 90 68 79 2 0 14 0.00 M M 6.4 14 80 M M 0 19 50
27 88 69 79 2 0 14 0.00 M M 6.1 13 100 M M 0 17 100
28 88 68 78 0 0 13 0.00 M M 5.5 15 230 M M 3 20 230
29 90 70 80 2 0 15 0.00 M M 7.4 17 130 M M 3 1 28 130
30 89 67 78 0 0 13 0.25 M M 4.4 15 230 M M 4 3 20 240
31 89 67 78 0 0 13 0.00 M M 5.3 12 140 M M 0 8 15 150
================================================================================
SM 2625 2050 0 329 0.50 M 213.6 M 95
================================================================================
AV 84.7 66.1 6.9 FASTST M M 3 MAX(MPH)
MISC ----> 33 170 49 350
================================================================================
NOTES:
# LAST OF SEVERAL OCCURRENCES
COLUMN 17 PEAK WIND IN M.P.H.
PRELIMINARY LOCAL CLIMATOLOGICAL DATA (WS FORM: F-6) , PAGE 2
STATION: CORSICANA
MONTH: MAY
YEAR: 2023
LATITUDE: 32 1 N
LONGITUDE: 96 24 W
[TEMPERATURE DATA] [PRECIPITATION DATA] SYMBOLS USED IN COLUMN 16
AVERAGE MONTHLY: 75.4 TOTAL FOR MONTH: 0.50 1 = FOG OR MIST
DPTR FM NORMAL: 1.3 DPTR FM NORMAL: -3.92 2 = FOG REDUCING VISIBILITY
HIGHEST: 92 ON 19 GRTST 24HR 0.25 ON 30-30 TO 1/4 MILE OR LESS
LOWEST: 55 ON 1 3 = THUNDER
SNOW, ICE PELLETS, HAIL 4 = ICE PELLETS
TOTAL MONTH: M 5 = HAIL
GRTST 24HR M ON M 6 = FREEZING RAIN OR DRIZZLE
GRTST DEPTH: M ON M 7 = DUSTSTORM OR SANDSTORM:
VSBY 1/2 MILE OR LESS
8 = SMOKE OR HAZE
[NO. OF DAYS WITH] [WEATHER - DAYS WITH] 9 = BLOWING SNOW
X = TORNADO
MAX 32 OR BELOW: 0 0.01 INCH OR MORE: 11
MAX 90 OR ABOVE: 4 0.10 INCH OR MORE: 1
MIN 32 OR BELOW: 0 0.50 INCH OR MORE: 0
MIN 0 OR BELOW: 0 1.00 INCH OR MORE: 0
[HDD (BASE 65) ]
TOTAL THIS MO. 0 CLEAR (SCALE 0-3) 16
DPTR FM NORMAL -7 PTCLDY (SCALE 4-7) 15
TOTAL FM JUL 1 1652 CLOUDY (SCALE 8-10) 0
DPTR FM NORMAL -367
[CDD (BASE 65) ]
TOTAL THIS MO. 329
DPTR FM NORMAL 40 [PRESSURE DATA]
TOTAL FM JAN 1 520 HIGHEST SLP M ON M
DPTR FM NORMAL 71 LOWEST SLP 29.75 ON 11
[REMARKS]
#FINAL-05-23#