000
CXUS52 KFFC 011010
CF6CSG
PRELIMINARY LOCAL CLIMATOLOGICAL DATA (WS FORM: F-6)
STATION: COLUMBUS
MONTH: OCTOBER
YEAR: 2021
LATITUDE: 32 31 N
LONGITUDE: 84 56 W
TEMPERATURE IN F: :PCPN: SNOW: WIND :SUNSHINE: SKY :PK WND
================================================================================
1 2 3 4 5 6A 6B 7 8 9 10 11 12 13 14 15 16 17 18
12Z AVG MX 2MIN
DY MAX MIN AVG DEP HDD CDD WTR SNW DPTH SPD SPD DIR MIN PSBL S-S WX SPD DR
================================================================================
1 88 66 77 4 0 12 0.00 0.0 M 2.9 10 80 M M 1 14 180
2 85 66 76 3 0 11 0.00 0.0 M 5.6 13 180 M M 1 19 220
3 83 68 76 4 0 11 T 0.0 M 4.4 14 200 M M 6 19 190
4 71 67 69 -3 0 4 5.24 0.0 M 3.9 12 150 M M 9 123 18 60
5 74 66 70 -2 0 5 1.63 0.0 M 7.0 14 90 M M 9 13 18 80
6 82 68 75 4 0 10 0.31 0.0 M 7.8 16 150 M M 9 1 22 130
7 83 71 77 6 0 12 0.46 0.0 M 3.5 10 130 M M 9 1 14 140
8 86 68 77 6 0 12 0.00 0.0 M 4.8 12 350 M M 4 1 18 10
9 86 63 75 5 0 10 0.00 0.0 M 3.9 12 20 M M 2 18 17 10
10 84 64 74 4 0 9 0.00 0.0 M 4.2 12 90 M M 1 16 90
11 84 62 73 3 0 8 0.00 0.0 M 4.1 10 130 M M 2 16 170
12 84 65 75 6 0 10 0.00 0.0 M 4.3 9 90 M M 4 1 14 80
13 85 62 74 5 0 9 0.00 0.0 M 3.4 10 90 M M 2 15 80
14 85 61 73 5 0 8 0.00 0.0 M 0.6 8 120 M M 0 11 130
15 88 61 75 7 0 10 0.00 0.0 M 1.5 8 250 M M 0 12 360
16 76 56 66 -2 0 1 0.00 0.0 M 8.1 22 340 M M 3 29 340
17 72 46 59 -8 6 0 0.00 0.0 M 5.7 15 350 M M 0 21 340
18 74 43 59 -8 6 0 0.00 0.0 M 2.1 13 110 M M 0 16 110
19 77 46 62 -4 3 0 0.00 0.0 M 1.0 7 140 M M 0 8 11 150
20 80 50 65 -1 0 0 0.00 0.0 M 0.9 8 140 M M 0 11 130
21 77 61 69 3 0 4 0.04 0.0 M 3.6 13 220 M M 5 1 18 220
22 80 60 70 5 0 5 0.06 0.0 M 4.5 15 280 M M 1 13 19 290
23 78 51 65 0 0 0 0.00 0.0 M 2.2 9 20 M M 0 14 30
24 77 50 64 0 1 0 T 0.0 M 3.5 10 170 M M 1 14 170
25 79 61 70 6 0 5 0.00 0.0 M 4.7 14 320 M M 5 20 310
26 73 52 63 -1 2 0 0.00 0.0 M 7.4 18 340 M M 0 26 360
27 76 48 62 -1 3 0 0.00 0.0 M 4.0 9 90 M M 0 13 10
28 76 55 66 3 0 1 0.81 0.0 M 8.7 22 240 M M 6 1 30 230
29 62 53 58 -5 7 0 T 0.0 M 10.8 20 240 M M 10 1 28 240
30 61 52 57 -5 8 0 0.03 0.0 M 9.0 20 300 M M 10 1 27 260
31 68 50 59 -3 6 0 0.00 0.0 M 5.6 15 350 M M 6 21 20
================================================================================
SM 2434 1812 42 157 8.58 0.0 143.7 M 106
================================================================================
AV 78.5 58.5 4.6 FASTST M M 3 MAX(MPH)
MISC ----> # 22 340 30 230
================================================================================
NOTES:
# LAST OF SEVERAL OCCURRENCES
COLUMN 17 PEAK WIND IN M.P.H.
PRELIMINARY LOCAL CLIMATOLOGICAL DATA (WS FORM: F-6) , PAGE 2
STATION: COLUMBUS
MONTH: OCTOBER
YEAR: 2021
LATITUDE: 32 31 N
LONGITUDE: 84 56 W
[TEMPERATURE DATA] [PRECIPITATION DATA] SYMBOLS USED IN COLUMN 16
AVERAGE MONTHLY: 68.5 TOTAL FOR MONTH: 8.58 1 = FOG OR MIST
DPTR FM NORMAL: 0.9 DPTR FM NORMAL: 5.80 2 = FOG REDUCING VISIBILITY
HIGHEST: 88 ON 15, 1 GRTST 24HR 6.72 ON 4- 5 TO 1/4 MILE OR LESS
LOWEST: 43 ON 18 3 = THUNDER
SNOW, ICE PELLETS, HAIL 4 = ICE PELLETS
TOTAL MONTH: 0.0 INCH 5 = HAIL
GRTST 24HR 0.0 6 = FREEZING RAIN OR DRIZZLE
GRTST DEPTH: M ON M 7 = DUSTSTORM OR SANDSTORM:
VSBY 1/2 MILE OR LESS
8 = SMOKE OR HAZE
[NO. OF DAYS WITH] [WEATHER - DAYS WITH] 9 = BLOWING SNOW
X = TORNADO
MAX 32 OR BELOW: 0 0.01 INCH OR MORE: 8
MAX 90 OR ABOVE: 0 0.10 INCH OR MORE: 5
MIN 32 OR BELOW: 0 0.50 INCH OR MORE: 3
MIN 0 OR BELOW: 0 1.00 INCH OR MORE: 2
[HDD (BASE 65) ]
TOTAL THIS MO. 42 CLEAR (SCALE 0-3) 17
DPTR FM NORMAL -17 PTCLDY (SCALE 4-7) 8
TOTAL FM JUL 1 42 CLOUDY (SCALE 8-10) 6
DPTR FM NORMAL -17
[CDD (BASE 65) ]
TOTAL THIS MO. 157
DPTR FM NORMAL 19 [PRESSURE DATA]
TOTAL FM JAN 1 2245 HIGHEST SLP 30.29 ON 20
DPTR FM NORMAL -260 LOWEST SLP 29.51 ON 28
[REMARKS]
#FINAL-10-21#