872
CXUS52 KFFC 011010
CF6CSG
PRELIMINARY LOCAL CLIMATOLOGICAL DATA (WS FORM: F-6)
STATION: COLUMBUS
MONTH: MAY
YEAR: 2020
LATITUDE: 32 31 N
LONGITUDE: 84 56 W
TEMPERATURE IN F: :PCPN: SNOW: WIND :SUNSHINE: SKY :PK WND
================================================================================
1 2 3 4 5 6A 6B 7 8 9 10 11 12 13 14 15 16 17 18
12Z AVG MX 2MIN
DY MAX MIN AVG DEP HDD CDD WTR SNW DPTH SPD SPD DIR MIN PSBL S-S WX SPD DR
================================================================================
1 79 48 64 -5 1 0 0.00 0.0 0 6.1 20 320 M M 0 25 320
2 84 49 67 -2 0 2 0.00 0.0 0 2.1 10 240 M M 0 13 240
3 86 54 70 1 0 5 0.00 0.0 0 4.2 15 220 M M 0 20 220
4 87 63 75 5 0 10 0.00 0.0 0 5.0 14 220 M M 1 17 220
5 87 64 76 6 0 11 0.00 0.0 0 8.7 18 290 M M 2 26 270
6 81 54 68 -2 0 3 0.00 0.0 0 13.2 33 290 M M 1 45 290
7 73 47 60 -10 5 0 0.00 0.0 0 5.8 16 320 M M 0 23 20
8 74 50 62 -9 3 0 T 0.0 0 7.4 21 210 M M 5 26 300
9 70 50 60 -11 5 0 0.00 0.0 0 6.6 17 40 M M 1 24 10
10 80 44 62 -9 3 0 0.00 0.0 0 4.4 12 320 M M 0 8 16 310
11 76 50 63 -9 2 0 0.00 0.0 0 7.2 20 340 M M 0 24 320
12 79 48 64 -8 1 0 0.00 0.0 0 3.6 14 90 M M 0 16 90
13 86 54 70 -2 0 5 0.00 0.0 0 5.8 15 190 M M 0 19 160
14 86 63 75 3 0 10 0.00 0.0 0 8.8 17 150 M M 1 24 160
15 84 63 74 1 0 9 0.00 0.0 0 6.6 14 120 M M 1 19 170
16 89 64 77 4 0 12 0.00 0.0 0 7.2 15 160 M M 1 21 90
17 89 67 78 5 0 13 0.24 0.0 0 6.3 22 290 M M 5 13 28 300
18 82 67 75 1 0 10 0.29 0.0 0 5.8 24 240 M M 8 1 37 210
19 83 64 74 0 0 9 T 0.0 0 7.1 15 280 M M 6 20 270
20 76 60 68 -6 0 3 0.00 0.0 0 6.6 14 340 M M 7 18 10
21 83 57 70 -4 0 5 T 0.0 0 4.9 14 100 M M 8 17 90
22 85 67 76 1 0 11 0.11 0.0 0 4.9 15 210 M M 3 13 22 210
23 88 63 76 1 0 11 0.00 0.0 0 2.7 15 310 M M 2 18 290
24 90 69 80 5 0 15 T 0.0 0 4.7 22 70 M M 1 3 28 60
25 88 68 78 3 0 13 T M M 9.1 26 110 M M 3 34 100
26 77 70 74 -2 0 9 0.10 0.0 M 10.1 21 90 M M 9 1 26 80
27 82 69 76 0 0 11 0.63 0.0 M 7.0 14 80 M M 10 13 18 40
28 89 71 80 4 0 15 T M M 4.7 15 220 M M 6 8 20 240
29 88 72 80 4 0 15 0.00 0.0 M 5.2 15 190 M M 4 17 200
30 91 69 80 3 0 15 0.00 0.0 M 5.2 15 330 M M 2 12 20 320
31 90 68 79 2 0 14 0.00 0.0 M 6.2 14 30 M M 0 20 300
================================================================================
SM 2582 1866 20 236 1.37 0.0 193.2 M 87
================================================================================
AV 83.3 60.2 6.2 FASTST M M 3 MAX(MPH)
MISC ----> 33 290 45 290
================================================================================
NOTES:
# LAST OF SEVERAL OCCURRENCES
COLUMN 17 PEAK WIND IN M.P.H.
PRELIMINARY LOCAL CLIMATOLOGICAL DATA (WS FORM: F-6) , PAGE 2
STATION: COLUMBUS
MONTH: MAY
YEAR: 2020
LATITUDE: 32 31 N
LONGITUDE: 84 56 W
[TEMPERATURE DATA] [PRECIPITATION DATA] SYMBOLS USED IN COLUMN 16
AVERAGE MONTHLY: 71.7 TOTAL FOR MONTH: 1.37 1 = FOG OR MIST
DPTR FM NORMAL: -1.3 DPTR FM NORMAL: -1.82 2 = FOG REDUCING VISIBILITY
HIGHEST: 91 ON 30 GRTST 24HR 0.63 ON 27-27 TO 1/4 MILE OR LESS
LOWEST: 44 ON 10 3 = THUNDER
SNOW, ICE PELLETS, HAIL 4 = ICE PELLETS
TOTAL MONTH: 0.0 INCH 5 = HAIL
GRTST 24HR 0.0 6 = FREEZING RAIN OR DRIZZLE
GRTST DEPTH: 0 7 = DUSTSTORM OR SANDSTORM:
VSBY 1/2 MILE OR LESS
8 = SMOKE OR HAZE
[NO. OF DAYS WITH] [WEATHER - DAYS WITH] 9 = BLOWING SNOW
X = TORNADO
MAX 32 OR BELOW: 0 0.01 INCH OR MORE: 5
MAX 90 OR ABOVE: 3 0.10 INCH OR MORE: 5
MIN 32 OR BELOW: 0 0.50 INCH OR MORE: 1
MIN 0 OR BELOW: 0 1.00 INCH OR MORE: 0
[HDD (BASE 65) ]
TOTAL THIS MO. 20 CLEAR (SCALE 0-3) 21
DPTR FM NORMAL 12 PTCLDY (SCALE 4-7) 8
TOTAL FM JUL 1 1590 CLOUDY (SCALE 8-10) 2
DPTR FM NORMAL -528
[CDD (BASE 65) ]
TOTAL THIS MO. 236
DPTR FM NORMAL -18 [PRESSURE DATA]
TOTAL FM JAN 1 440 HIGHEST SLP 30.28 ON 12
DPTR FM NORMAL 82 LOWEST SLP 29.72 ON 19
[REMARKS]
#FINAL-05-20#