000
CXUS54 KOUN 010910
CF6CSM
PRELIMINARY LOCAL CLIMATOLOGICAL DATA (WS FORM: F-6)
STATION: CLINTON
MONTH: FEBRUARY
YEAR: 2023
LATITUDE: 35 20 N
LONGITUDE: 99 12 W
TEMPERATURE IN F: :PCPN: SNOW: WIND :SUNSHINE: SKY :PK WND
================================================================================
1 2 3 4 5 6A 6B 7 8 9 10 11 12 13 14 15 16 17 18
12Z AVG MX 2MIN
DY MAX MIN AVG DEP HDD CDD WTR SNW DPTH SPD SPD DIR MIN PSBL S-S WX SPD DR
================================================================================
1 32 16 24 -15 41 0 0.07 M M 6.5 15 210 M M 3 16 17 220
2 51 28 40 1 25 0 0.01 M M 8.6 20 20 M M 4 16 23 10
3 50 19 35 -5 30 0 0.00 M M 13.1 23 190 M M 0 28 190
4 62 34 48 8 17 0 0.00 M M 18.1 32 190 M M 0 38 190
5 61 28 45 5 20 0 0.00 M M 9.4 17 140 M M 0 21 130
6 69 42 56 16 9 0 0.00 M M 17.5 25 10 M M 1 3 31 10
7 48 38 43 3 22 0 T M M 15.4 25 10 M M 9 30 10
8 44 31 38 -2 27 0 0.12 M M 12.0 22 310 M M 8 27 300
9 52 31 42 2 23 0 0.00 M M 22.4 31 360 M M 3 39 360
10 44 23 34 -6 31 0 0.00 M M 15.7 25 350 M M 2 33 10
11 51 19 35 -6 30 0 0.00 M M 8.3 16 190 M M 0 19 190
12 68 26 47 6 18 0 0.00 M M 15.1 32 210 M M 0 37 210
13 60 29 45 4 20 0 T M M 13.2 24 160 M M 0 3 30 160
14 60 39 50 9 15 0 0.15 M M 20.1 48 260 M M 6 178 60 250
15 55 31 43 2 22 0 0.00 M M 17.8 29 340 M M 2 36 340
16 38 19 29 -13 36 0 0.00 M M 20.5 35 330 M M 2 42 330
17 50 14 32 -10 33 0 0.00 M M 11.0 20 210 M M 0 24 210
18 47 28 38 -4 27 0 0.00 M M 20.6 38 190 M M 1 47 190
19 70 37 54 12 11 0 0.00 M M 17.9 24 210 M M 0 30 210
20 68 45 57 14 8 0 0.00 0.0 M 8.6 24 250 M M 0 29 250
21 78 44 61 18 4 0 0.00 0.0 M 14.0 32 200 M M 0 40 190
22 72 29 51 8 14 0 0.05 0.0 M 17.7 30 360 M M 4 37 230
23 37 16 27 -16 38 0 0.00 M M 16.0 26 10 M M 1 31 10
24 27 20 24 -20 41 0 0.00 M M 12.5 25 20 M M 8 30 20
25 46 26 36 -8 29 0 0.00 M M 9.0 21 170 M M 9 24 180
26 63 39 51 7 14 0 0.15 M M 26.0 56 190 M M 10 138 77 190
27 70 42 56 11 9 0 0.00 M M 13.7 32 230 M M 0 39 240
28 76 40 58 13 7 0 0.00 M M 13.0 28 210 M M 0 36 200
================================================================================
SM 1549 833 621 0 0.55 0.0 413.7 M 73
================================================================================
AV 55.3 29.8 14.8 FASTST M M 3 MAX(MPH)
MISC ----> 56 190 77 190
================================================================================
NOTES:
# LAST OF SEVERAL OCCURRENCES
COLUMN 17 PEAK WIND IN M.P.H.
PRELIMINARY LOCAL CLIMATOLOGICAL DATA (WS FORM: F-6) , PAGE 2
STATION: CLINTON
MONTH: FEBRUARY
YEAR: 2023
LATITUDE: 35 20 N
LONGITUDE: 99 12 W
[TEMPERATURE DATA] [PRECIPITATION DATA] SYMBOLS USED IN COLUMN 16
AVERAGE MONTHLY: 42.5 TOTAL FOR MONTH: 0.55 1 = FOG OR MIST
DPTR FM NORMAL: 0.9 DPTR FM NORMAL: -0.23 2 = FOG REDUCING VISIBILITY
HIGHEST: 78 ON 21 GRTST 24HR 0.15 ON 26-26 TO 1/4 MILE OR LESS
LOWEST: 14 ON 17 3 = THUNDER
SNOW, ICE PELLETS, HAIL 4 = ICE PELLETS
TOTAL MONTH: 0.0 INCH 5 = HAIL
GRTST 24HR 0.0 6 = FREEZING RAIN OR DRIZZLE
GRTST DEPTH: M ON M 7 = DUSTSTORM OR SANDSTORM:
VSBY 1/2 MILE OR LESS
8 = SMOKE OR HAZE
[NO. OF DAYS WITH] [WEATHER - DAYS WITH] 9 = BLOWING SNOW
X = TORNADO
MAX 32 OR BELOW: 2 0.01 INCH OR MORE: 6
MAX 90 OR ABOVE: 0 0.10 INCH OR MORE: 3
MIN 32 OR BELOW: 18 0.50 INCH OR MORE: 0
MIN 0 OR BELOW: 0 1.00 INCH OR MORE: 0
[HDD (BASE 65) ]
TOTAL THIS MO. 621 CLEAR (SCALE 0-3) 19
DPTR FM NORMAL -35 PTCLDY (SCALE 4-7) 5
TOTAL FM JUL 1 2911 CLOUDY (SCALE 8-10) 4
DPTR FM NORMAL -76
[CDD (BASE 65) ]
TOTAL THIS MO. 0
DPTR FM NORMAL 0 [PRESSURE DATA]
TOTAL FM JAN 1 0 HIGHEST SLP 30.61 ON 3
DPTR FM NORMAL 0 LOWEST SLP 29.21 ON 14
[REMARKS]
#FINAL-02-23#